{"id":49002,"date":"2024-09-09T06:48:45","date_gmt":"2024-09-09T06:48:45","guid":{"rendered":"https:\/\/www.multifrigo.pl\/sklep\/produkt\/fontanna-do-czekolady-sb-325-1-bartscher-900007\/"},"modified":"2026-02-21T23:51:50","modified_gmt":"2026-02-21T23:51:50","slug":"fontanna-do-czekolady-sb-325-1-bartscher-900007","status":"publish","type":"product","link":"https:\/\/www.multifrigo.pl\/sklep\/produkt\/fontanna-do-czekolady-sb-325-1-bartscher-900007\/","title":{"rendered":"Fontanna do czekolady SB 325-1 | Bartscher 900007"},"content":{"rendered":"<p><b>Fontanna do czekolady SB 325-1<\/b><\/p>\n<p>Absolutny hit ka\u017cdej imprezy &ndash; Delektuj si\u0119 \u015bwie\u017cymi owocami z roztopion\u0105, kremow\u0105 czekolad\u0105. Ten dynamiczny deser rozpu\u015bci ka\u017cdego go\u015bcia.<\/p><\/p>\n","protected":false},"excerpt":{"rendered":"<p>Fontanna do czekolady SB 325-1 Absolutny hit ka\u017cdej imprezy &ndash; Delektuj si\u0119 \u015bwie\u017cymi owocami z roztopion\u0105, kremow\u0105 czekolad\u0105. Ten dynamiczny deser rozpu\u015bci ka\u017cdego go\u015bcia.<\/p>\n","protected":false},"featured_media":52107,"template":"","meta":{"_et_pb_use_builder":"","_et_pb_old_content":"","_et_gb_content_width":""},"pwb-brand":[1577],"product_brand":[],"product_cat":[300],"product_tag":[],"class_list":{"0":"post-49002","1":"product","2":"type-product","3":"status-publish","4":"has-post-thumbnail","6":"pwb-brand-bartscher","7":"product_cat-podgrzewacze-do-czekolady","9":"first","10":"instock","11":"taxable","12":"shipping-taxable","13":"purchasable","14":"product-type-simple"},"brands":[{"id":1577,"name":"Bartscher","slug":"bartscher"}],"_links":{"self":[{"href":"https:\/\/www.multifrigo.pl\/sklep\/wp-json\/wp\/v2\/product\/49002","targetHints":{"allow":["GET"]}}],"collection":[{"href":"https:\/\/www.multifrigo.pl\/sklep\/wp-json\/wp\/v2\/product"}],"about":[{"href":"https:\/\/www.multifrigo.pl\/sklep\/wp-json\/wp\/v2\/types\/product"}],"wp:featuredmedia":[{"embeddable":true,"href":"https:\/\/www.multifrigo.pl\/sklep\/wp-json\/wp\/v2\/media\/52107"}],"wp:attachment":[{"href":"https:\/\/www.multifrigo.pl\/sklep\/wp-json\/wp\/v2\/media?parent=49002"}],"wp:term":[{"taxonomy":"pwb-brand","embeddable":true,"href":"https:\/\/www.multifrigo.pl\/sklep\/wp-json\/wp\/v2\/pwb-brand?post=49002"},{"taxonomy":"product_brand","embeddable":true,"href":"https:\/\/www.multifrigo.pl\/sklep\/wp-json\/wp\/v2\/product_brand?post=49002"},{"taxonomy":"product_cat","embeddable":true,"href":"https:\/\/www.multifrigo.pl\/sklep\/wp-json\/wp\/v2\/product_cat?post=49002"},{"taxonomy":"product_tag","embeddable":true,"href":"https:\/\/www.multifrigo.pl\/sklep\/wp-json\/wp\/v2\/product_tag?post=49002"}],"curies":[{"name":"wp","href":"https:\/\/api.w.org\/{rel}","templated":true}]}}