{"id":49443,"date":"2024-09-09T07:12:44","date_gmt":"2024-09-09T07:12:44","guid":{"rendered":"https:\/\/www.multifrigo.pl\/sklep\/?post_type=product&#038;p=49443"},"modified":"2025-07-17T08:47:34","modified_gmt":"2025-07-17T08:47:34","slug":"krajalnica-pro-300-g-bartscher-174302","status":"publish","type":"product","link":"https:\/\/www.multifrigo.pl\/sklep\/produkt\/krajalnica-pro-300-g-bartscher-174302\/","title":{"rendered":"Krajalnica PRO 300-G | Bartscher 174302"},"content":{"rendered":"<p><b>Krajalnica PRO 300-G<\/b><\/p>\n<p>Wysoka wydajno\u015b\u0107 i bezobs\u0142ugowo\u015b\u0107 w zakresie konserwacji \u2013 krajalnica z przek\u0142adni\u0105 do profesjonalnego u\u017cytku w kuchniach gastronomicznych i zak\u0142adach masarskich. Przystosowana do krojenia w\u0119dlin i ser\u00f3w.<\/p>\n","protected":false},"excerpt":{"rendered":"<p>Krajalnica PRO 300-G Wysoka wydajno\u015b\u0107 i bezobs\u0142ugowo\u015b\u0107 w zakresie konserwacji \u2013 krajalnica z przek\u0142adni\u0105 do profesjonalnego u\u017cytku w kuchniach gastronomicznych i zak\u0142adach masarskich. Przystosowana do krojenia w\u0119dlin i ser\u00f3w.<\/p>\n","protected":false},"featured_media":53071,"template":"","meta":{"_et_pb_use_builder":"","_et_pb_old_content":"","_et_gb_content_width":""},"pwb-brand":[1577],"product_brand":[],"product_cat":[433],"product_tag":[],"class_list":{"0":"post-49443","1":"product","2":"type-product","3":"status-publish","4":"has-post-thumbnail","6":"pwb-brand-bartscher","7":"product_cat-krajalnice-grawitacyjne","9":"first","10":"instock","11":"taxable","12":"shipping-taxable","13":"purchasable","14":"product-type-simple"},"brands":[{"id":1577,"name":"Bartscher","slug":"bartscher"}],"_links":{"self":[{"href":"https:\/\/www.multifrigo.pl\/sklep\/wp-json\/wp\/v2\/product\/49443","targetHints":{"allow":["GET"]}}],"collection":[{"href":"https:\/\/www.multifrigo.pl\/sklep\/wp-json\/wp\/v2\/product"}],"about":[{"href":"https:\/\/www.multifrigo.pl\/sklep\/wp-json\/wp\/v2\/types\/product"}],"wp:featuredmedia":[{"embeddable":true,"href":"https:\/\/www.multifrigo.pl\/sklep\/wp-json\/wp\/v2\/media\/53071"}],"wp:attachment":[{"href":"https:\/\/www.multifrigo.pl\/sklep\/wp-json\/wp\/v2\/media?parent=49443"}],"wp:term":[{"taxonomy":"pwb-brand","embeddable":true,"href":"https:\/\/www.multifrigo.pl\/sklep\/wp-json\/wp\/v2\/pwb-brand?post=49443"},{"taxonomy":"product_brand","embeddable":true,"href":"https:\/\/www.multifrigo.pl\/sklep\/wp-json\/wp\/v2\/product_brand?post=49443"},{"taxonomy":"product_cat","embeddable":true,"href":"https:\/\/www.multifrigo.pl\/sklep\/wp-json\/wp\/v2\/product_cat?post=49443"},{"taxonomy":"product_tag","embeddable":true,"href":"https:\/\/www.multifrigo.pl\/sklep\/wp-json\/wp\/v2\/product_tag?post=49443"}],"curies":[{"name":"wp","href":"https:\/\/api.w.org\/{rel}","templated":true}]}}