{"id":49493,"date":"2024-09-09T07:15:31","date_gmt":"2024-09-09T07:15:31","guid":{"rendered":"https:\/\/www.multifrigo.pl\/sklep\/produkt\/krajalnica-do-frytek-3010-bartscher-500308\/"},"modified":"2025-07-17T09:41:58","modified_gmt":"2025-07-17T09:41:58","slug":"krajalnica-do-frytek-3010-bartscher-500308","status":"publish","type":"product","link":"https:\/\/www.multifrigo.pl\/sklep\/produkt\/krajalnica-do-frytek-3010-bartscher-500308\/","title":{"rendered":"Krajalnica do frytek 3010 | Bartscher 500308"},"content":{"rendered":"<p><b>Krajalnica do frytek 3010<\/b><\/p>\n<p>R\u00f3\u017cnica, kt\u00f3r\u0105 wyczuje ka\u017cde podniebienie: ziemniaczane \u0142\u00f3deczki oraz frytki przygotowane w\u0142asnor\u0119cznie w 3 r\u00f3\u017cnych grubo\u015bciach \u2013 \u0142atwo i bez wysi\u0142ku dzi\u0119ki krajalnicy do frytek 3010.<\/p><\/p>\n","protected":false},"excerpt":{"rendered":"<p>Krajalnica do frytek 3010 R\u00f3\u017cnica, kt\u00f3r\u0105 wyczuje ka\u017cde podniebienie: ziemniaczane \u0142\u00f3deczki oraz frytki przygotowane w\u0142asnor\u0119cznie w 3 r\u00f3\u017cnych grubo\u015bciach \u2013 \u0142atwo i bez wysi\u0142ku dzi\u0119ki krajalnicy do frytek 3010.<\/p>\n","protected":false},"featured_media":53038,"template":"","meta":{"_et_pb_use_builder":"","_et_pb_old_content":"","_et_gb_content_width":""},"pwb-brand":[1577],"product_brand":[],"product_cat":[433],"product_tag":[],"class_list":{"0":"post-49493","1":"product","2":"type-product","3":"status-publish","4":"has-post-thumbnail","6":"pwb-brand-bartscher","7":"product_cat-krajalnice-grawitacyjne","9":"first","10":"instock","11":"taxable","12":"shipping-taxable","13":"purchasable","14":"product-type-simple"},"brands":[{"id":1577,"name":"Bartscher","slug":"bartscher"}],"_links":{"self":[{"href":"https:\/\/www.multifrigo.pl\/sklep\/wp-json\/wp\/v2\/product\/49493","targetHints":{"allow":["GET"]}}],"collection":[{"href":"https:\/\/www.multifrigo.pl\/sklep\/wp-json\/wp\/v2\/product"}],"about":[{"href":"https:\/\/www.multifrigo.pl\/sklep\/wp-json\/wp\/v2\/types\/product"}],"wp:featuredmedia":[{"embeddable":true,"href":"https:\/\/www.multifrigo.pl\/sklep\/wp-json\/wp\/v2\/media\/53038"}],"wp:attachment":[{"href":"https:\/\/www.multifrigo.pl\/sklep\/wp-json\/wp\/v2\/media?parent=49493"}],"wp:term":[{"taxonomy":"pwb-brand","embeddable":true,"href":"https:\/\/www.multifrigo.pl\/sklep\/wp-json\/wp\/v2\/pwb-brand?post=49493"},{"taxonomy":"product_brand","embeddable":true,"href":"https:\/\/www.multifrigo.pl\/sklep\/wp-json\/wp\/v2\/product_brand?post=49493"},{"taxonomy":"product_cat","embeddable":true,"href":"https:\/\/www.multifrigo.pl\/sklep\/wp-json\/wp\/v2\/product_cat?post=49493"},{"taxonomy":"product_tag","embeddable":true,"href":"https:\/\/www.multifrigo.pl\/sklep\/wp-json\/wp\/v2\/product_tag?post=49493"}],"curies":[{"name":"wp","href":"https:\/\/api.w.org\/{rel}","templated":true}]}}