{"id":49527,"date":"2024-09-09T07:17:32","date_gmt":"2024-09-09T07:17:32","guid":{"rendered":"https:\/\/www.multifrigo.pl\/sklep\/produkt\/kuchenka-gazowa-1k1050-bartscher-1054603\/"},"modified":"2025-07-17T07:44:44","modified_gmt":"2025-07-17T07:44:44","slug":"kuchenka-gazowa-1k1050-bartscher-1054603","status":"publish","type":"product","link":"https:\/\/www.multifrigo.pl\/sklep\/produkt\/kuchenka-gazowa-1k1050-bartscher-1054603\/","title":{"rendered":"Kuchenka gazowa 1K1050 | Bartscher 1054603"},"content":{"rendered":"<p><b>Kuchenka gazowa 1K1050<\/b><\/p>\n<p>Lekka i kompaktowa budowa umo\u017cliwia wszechstronne zastosowanie na zewn\u0105trz. Dzi\u0119ki mocy 10,5 kW szybko przygotujemy potrawy w garnku, na patelni lub w woku.<\/p>\n","protected":false},"excerpt":{"rendered":"<p>Kuchenka gazowa 1K1050 Lekka i kompaktowa budowa umo\u017cliwia wszechstronne zastosowanie na zewn\u0105trz. Dzi\u0119ki mocy 10,5 kW szybko przygotujemy potrawy w garnku, na patelni lub w woku.<\/p>\n","protected":false},"featured_media":53118,"template":"","meta":{"_et_pb_use_builder":"","_et_pb_old_content":"","_et_gb_content_width":""},"pwb-brand":[1577],"product_brand":[],"product_cat":[2572],"product_tag":[],"class_list":{"0":"post-49527","1":"product","2":"type-product","3":"status-publish","4":"has-post-thumbnail","6":"pwb-brand-bartscher","7":"product_cat-kuchenki-gazowe","9":"first","10":"instock","11":"taxable","12":"shipping-taxable","13":"purchasable","14":"product-type-simple"},"brands":[{"id":1577,"name":"Bartscher","slug":"bartscher"}],"_links":{"self":[{"href":"https:\/\/www.multifrigo.pl\/sklep\/wp-json\/wp\/v2\/product\/49527","targetHints":{"allow":["GET"]}}],"collection":[{"href":"https:\/\/www.multifrigo.pl\/sklep\/wp-json\/wp\/v2\/product"}],"about":[{"href":"https:\/\/www.multifrigo.pl\/sklep\/wp-json\/wp\/v2\/types\/product"}],"wp:featuredmedia":[{"embeddable":true,"href":"https:\/\/www.multifrigo.pl\/sklep\/wp-json\/wp\/v2\/media\/53118"}],"wp:attachment":[{"href":"https:\/\/www.multifrigo.pl\/sklep\/wp-json\/wp\/v2\/media?parent=49527"}],"wp:term":[{"taxonomy":"pwb-brand","embeddable":true,"href":"https:\/\/www.multifrigo.pl\/sklep\/wp-json\/wp\/v2\/pwb-brand?post=49527"},{"taxonomy":"product_brand","embeddable":true,"href":"https:\/\/www.multifrigo.pl\/sklep\/wp-json\/wp\/v2\/product_brand?post=49527"},{"taxonomy":"product_cat","embeddable":true,"href":"https:\/\/www.multifrigo.pl\/sklep\/wp-json\/wp\/v2\/product_cat?post=49527"},{"taxonomy":"product_tag","embeddable":true,"href":"https:\/\/www.multifrigo.pl\/sklep\/wp-json\/wp\/v2\/product_tag?post=49527"}],"curies":[{"name":"wp","href":"https:\/\/api.w.org\/{rel}","templated":true}]}}