{"id":49714,"date":"2024-09-09T07:26:45","date_gmt":"2024-09-09T07:26:45","guid":{"rendered":"https:\/\/www.multifrigo.pl\/sklep\/?post_type=product&#038;p=49714"},"modified":"2025-07-17T08:45:17","modified_gmt":"2025-07-17T08:45:17","slug":"kuchnia-gazowa-mfg-7360-bartscher-1582201","status":"publish","type":"product","link":"https:\/\/www.multifrigo.pl\/sklep\/produkt\/kuchnia-gazowa-mfg-7360-bartscher-1582201\/","title":{"rendered":"Kuchnia gazowa MFG 7360 | Bartscher 1582201"},"content":{"rendered":"<p><b>Kuchnia gazowa MFG 7360<\/b><\/p>\n<p>Seria kuchni gazowych MFG \u2013 Podstawowe modele dla profesjonalnych u\u017cytkownik\u00f3w, kt\u00f3re wyr\u00f3\u017cnia solidna konstrukcja ze stali szlachetnej. Intuicyjna obs\u0142uga za pomoc\u0105 p\u0142omienia pilotowego sprawia, \u017ce produkt doskonale nadaje si\u0119 do codziennego u\u017cytku w kuchni.<\/p>\n","protected":false},"excerpt":{"rendered":"<p>Kuchnia gazowa MFG 7360 Seria kuchni gazowych MFG \u2013 Podstawowe modele dla profesjonalnych u\u017cytkownik\u00f3w, kt\u00f3re wyr\u00f3\u017cnia solidna konstrukcja ze stali szlachetnej. Intuicyjna obs\u0142uga za pomoc\u0105 p\u0142omienia pilotowego sprawia, \u017ce produkt doskonale nadaje si\u0119 do codziennego u\u017cytku w kuchni.<\/p>\n","protected":false},"featured_media":53475,"template":"","meta":{"_et_pb_use_builder":"","_et_pb_old_content":"","_et_gb_content_width":""},"pwb-brand":[1577],"product_brand":[],"product_cat":[594],"product_tag":[],"class_list":{"0":"post-49714","1":"product","2":"type-product","3":"status-publish","4":"has-post-thumbnail","6":"pwb-brand-bartscher","7":"product_cat-4-palnikowe-z-piekarnikiem-elektrycznym","9":"first","10":"instock","11":"taxable","12":"shipping-taxable","13":"purchasable","14":"product-type-simple"},"brands":[{"id":1577,"name":"Bartscher","slug":"bartscher"}],"_links":{"self":[{"href":"https:\/\/www.multifrigo.pl\/sklep\/wp-json\/wp\/v2\/product\/49714","targetHints":{"allow":["GET"]}}],"collection":[{"href":"https:\/\/www.multifrigo.pl\/sklep\/wp-json\/wp\/v2\/product"}],"about":[{"href":"https:\/\/www.multifrigo.pl\/sklep\/wp-json\/wp\/v2\/types\/product"}],"wp:featuredmedia":[{"embeddable":true,"href":"https:\/\/www.multifrigo.pl\/sklep\/wp-json\/wp\/v2\/media\/53475"}],"wp:attachment":[{"href":"https:\/\/www.multifrigo.pl\/sklep\/wp-json\/wp\/v2\/media?parent=49714"}],"wp:term":[{"taxonomy":"pwb-brand","embeddable":true,"href":"https:\/\/www.multifrigo.pl\/sklep\/wp-json\/wp\/v2\/pwb-brand?post=49714"},{"taxonomy":"product_brand","embeddable":true,"href":"https:\/\/www.multifrigo.pl\/sklep\/wp-json\/wp\/v2\/product_brand?post=49714"},{"taxonomy":"product_cat","embeddable":true,"href":"https:\/\/www.multifrigo.pl\/sklep\/wp-json\/wp\/v2\/product_cat?post=49714"},{"taxonomy":"product_tag","embeddable":true,"href":"https:\/\/www.multifrigo.pl\/sklep\/wp-json\/wp\/v2\/product_tag?post=49714"}],"curies":[{"name":"wp","href":"https:\/\/api.w.org\/{rel}","templated":true}]}}