{"id":49836,"date":"2024-09-09T07:32:45","date_gmt":"2024-09-09T07:32:45","guid":{"rendered":"https:\/\/www.multifrigo.pl\/sklep\/produkt\/kuchnia-indukcyjna-700-4flou-1-bartscher-286421\/"},"modified":"2025-07-17T08:57:04","modified_gmt":"2025-07-17T08:57:04","slug":"kuchnia-indukcyjna-700-4flou-1-bartscher-286421","status":"publish","type":"product","link":"https:\/\/www.multifrigo.pl\/sklep\/produkt\/kuchnia-indukcyjna-700-4flou-1-bartscher-286421\/","title":{"rendered":"Kuchnia indukcyjna 700 4FLOU-1 | Bartscher 286421"},"content":{"rendered":"<p><b>Kuchnia indukcyjna 700 4FLOU-1<\/b><\/p>\n<p>Kuchnia indukcyjna dla kuchennych profesjonalist\u00f3w \u2013 wolnostoj\u0105ce urz\u0105dzenie z 4 b\u0142yskawicznie nagrzewaj\u0105cymi si\u0119 polami grzewczymi jest zawsze gotowe do dzia\u0142ania dzi\u0119ki wysoce wydajnym cewkom indukcyjnym o mocy 5 kW.<\/p><\/p>\n","protected":false},"excerpt":{"rendered":"<p>Kuchnia indukcyjna 700 4FLOU-1 Kuchnia indukcyjna dla kuchennych profesjonalist\u00f3w \u2013 wolnostoj\u0105ce urz\u0105dzenie z 4 b\u0142yskawicznie nagrzewaj\u0105cymi si\u0119 polami grzewczymi jest zawsze gotowe do dzia\u0142ania dzi\u0119ki wysoce wydajnym cewkom indukcyjnym o mocy 5 kW.<\/p>\n","protected":false},"featured_media":53504,"template":"","meta":{"_et_pb_use_builder":"","_et_pb_old_content":"","_et_gb_content_width":""},"pwb-brand":[1577],"product_brand":[],"product_cat":[2591],"product_tag":[],"class_list":{"0":"post-49836","1":"product","2":"type-product","3":"status-publish","4":"has-post-thumbnail","6":"pwb-brand-bartscher","7":"product_cat-kuchenki-indukcyjne-kuchenki-nastawne","9":"first","10":"instock","11":"taxable","12":"shipping-taxable","13":"purchasable","14":"product-type-simple"},"brands":[{"id":1577,"name":"Bartscher","slug":"bartscher"}],"_links":{"self":[{"href":"https:\/\/www.multifrigo.pl\/sklep\/wp-json\/wp\/v2\/product\/49836","targetHints":{"allow":["GET"]}}],"collection":[{"href":"https:\/\/www.multifrigo.pl\/sklep\/wp-json\/wp\/v2\/product"}],"about":[{"href":"https:\/\/www.multifrigo.pl\/sklep\/wp-json\/wp\/v2\/types\/product"}],"wp:featuredmedia":[{"embeddable":true,"href":"https:\/\/www.multifrigo.pl\/sklep\/wp-json\/wp\/v2\/media\/53504"}],"wp:attachment":[{"href":"https:\/\/www.multifrigo.pl\/sklep\/wp-json\/wp\/v2\/media?parent=49836"}],"wp:term":[{"taxonomy":"pwb-brand","embeddable":true,"href":"https:\/\/www.multifrigo.pl\/sklep\/wp-json\/wp\/v2\/pwb-brand?post=49836"},{"taxonomy":"product_brand","embeddable":true,"href":"https:\/\/www.multifrigo.pl\/sklep\/wp-json\/wp\/v2\/product_brand?post=49836"},{"taxonomy":"product_cat","embeddable":true,"href":"https:\/\/www.multifrigo.pl\/sklep\/wp-json\/wp\/v2\/product_cat?post=49836"},{"taxonomy":"product_tag","embeddable":true,"href":"https:\/\/www.multifrigo.pl\/sklep\/wp-json\/wp\/v2\/product_tag?post=49836"}],"curies":[{"name":"wp","href":"https:\/\/api.w.org\/{rel}","templated":true}]}}