{"id":49857,"date":"2024-09-09T07:33:50","date_gmt":"2024-09-09T07:33:50","guid":{"rendered":"https:\/\/www.multifrigo.pl\/sklep\/produkt\/lampa-na-podczerwien-iwl250d-w-bartscher-114277\/"},"modified":"2025-07-17T08:32:24","modified_gmt":"2025-07-17T08:32:24","slug":"lampa-na-podczerwien-iwl250d-w-bartscher-114277","status":"publish","type":"product","link":"https:\/\/www.multifrigo.pl\/sklep\/produkt\/lampa-na-podczerwien-iwl250d-w-bartscher-114277\/","title":{"rendered":"Lampa na podczerwie\u0144 IWL250D-W | Bartscher 114277"},"content":{"rendered":"<p><b>Lampa na podczerwie\u0144 IWL250D-W<\/b><\/p>\n<p>Utrzymanie temperatury z wykorzystaniem bia\u0142ego \u015bwiat\u0142a \u2013 Lampa na podczerwie\u0144 do mostk\u00f3w grzewczych.<\/p>\n","protected":false},"excerpt":{"rendered":"<p>Lampa na podczerwie\u0144 IWL250D-W Utrzymanie temperatury z wykorzystaniem bia\u0142ego \u015bwiat\u0142a \u2013 Lampa na podczerwie\u0144 do mostk\u00f3w grzewczych.<\/p>\n","protected":false},"featured_media":53558,"template":"","meta":{"_et_pb_use_builder":"","_et_pb_old_content":"","_et_gb_content_width":""},"pwb-brand":[1577],"product_brand":[],"product_cat":[423],"product_tag":[],"class_list":{"0":"post-49857","1":"product","2":"type-product","3":"status-publish","4":"has-post-thumbnail","6":"pwb-brand-bartscher","7":"product_cat-lampy-grzewcze","9":"first","10":"instock","11":"taxable","12":"shipping-taxable","13":"purchasable","14":"product-type-simple"},"brands":[{"id":1577,"name":"Bartscher","slug":"bartscher"}],"_links":{"self":[{"href":"https:\/\/www.multifrigo.pl\/sklep\/wp-json\/wp\/v2\/product\/49857","targetHints":{"allow":["GET"]}}],"collection":[{"href":"https:\/\/www.multifrigo.pl\/sklep\/wp-json\/wp\/v2\/product"}],"about":[{"href":"https:\/\/www.multifrigo.pl\/sklep\/wp-json\/wp\/v2\/types\/product"}],"wp:featuredmedia":[{"embeddable":true,"href":"https:\/\/www.multifrigo.pl\/sklep\/wp-json\/wp\/v2\/media\/53558"}],"wp:attachment":[{"href":"https:\/\/www.multifrigo.pl\/sklep\/wp-json\/wp\/v2\/media?parent=49857"}],"wp:term":[{"taxonomy":"pwb-brand","embeddable":true,"href":"https:\/\/www.multifrigo.pl\/sklep\/wp-json\/wp\/v2\/pwb-brand?post=49857"},{"taxonomy":"product_brand","embeddable":true,"href":"https:\/\/www.multifrigo.pl\/sklep\/wp-json\/wp\/v2\/product_brand?post=49857"},{"taxonomy":"product_cat","embeddable":true,"href":"https:\/\/www.multifrigo.pl\/sklep\/wp-json\/wp\/v2\/product_cat?post=49857"},{"taxonomy":"product_tag","embeddable":true,"href":"https:\/\/www.multifrigo.pl\/sklep\/wp-json\/wp\/v2\/product_tag?post=49857"}],"curies":[{"name":"wp","href":"https:\/\/api.w.org\/{rel}","templated":true}]}}