{"id":49955,"date":"2024-09-09T07:40:20","date_gmt":"2024-09-09T07:40:20","guid":{"rendered":"https:\/\/www.multifrigo.pl\/sklep\/produkt\/mieszadlo-plaskie-5ksmblwf-bartscher-a150199\/"},"modified":"2025-07-17T10:00:57","modified_gmt":"2025-07-17T10:00:57","slug":"mieszadlo-plaskie-5ksmblwf-bartscher-a150199","status":"publish","type":"product","link":"https:\/\/www.multifrigo.pl\/sklep\/produkt\/mieszadlo-plaskie-5ksmblwf-bartscher-a150199\/","title":{"rendered":"Mieszad\u0142o p\u0142askie 5KSMBLWF | Bartscher A150199"},"content":{"rendered":"<p><b>Mieszad\u0142o p\u0142askie 5KSMBLWF<\/b><\/p>\n<p>Gdy trzeba prosto i dok\u0142adnie wymiesza\u0107 sk\u0142adniki, nale\u017cy skorzysta\u0107 z pomocy mieszad\u0142a p\u0142askiego w po\u0142\u0105czeniu z robotem kuchennym KitchenAid 5KSM55SXX. Tak oto w mgnieniu oka powstaj\u0105 dobrze wymieszane i udane ciasta na wypieki, ziemniaczane pur\u00e9e czy te\u017c masa z mi\u0119sa mielonego.<\/p><\/p>\n","protected":false},"excerpt":{"rendered":"<p>Mieszad\u0142o p\u0142askie 5KSMBLWF Gdy trzeba prosto i dok\u0142adnie wymiesza\u0107 sk\u0142adniki, nale\u017cy skorzysta\u0107 z pomocy mieszad\u0142a p\u0142askiego w po\u0142\u0105czeniu z robotem kuchennym KitchenAid 5KSM55SXX. Tak oto w mgnieniu oka powstaj\u0105 dobrze wymieszane i udane ciasta na wypieki, ziemniaczane pur\u00e9e czy te\u017c masa z mi\u0119sa mielonego.<\/p>\n","protected":false},"featured_media":53914,"template":"","meta":{"_et_pb_use_builder":"","_et_pb_old_content":"","_et_gb_content_width":""},"pwb-brand":[1577],"product_brand":[],"product_cat":[481],"product_tag":[],"class_list":{"0":"post-49955","1":"product","2":"type-product","3":"status-publish","4":"has-post-thumbnail","6":"pwb-brand-bartscher","7":"product_cat-akcesoria-do-mikserow-planetarnych","9":"first","10":"instock","11":"taxable","12":"shipping-taxable","13":"purchasable","14":"product-type-simple"},"brands":[{"id":1577,"name":"Bartscher","slug":"bartscher"}],"_links":{"self":[{"href":"https:\/\/www.multifrigo.pl\/sklep\/wp-json\/wp\/v2\/product\/49955","targetHints":{"allow":["GET"]}}],"collection":[{"href":"https:\/\/www.multifrigo.pl\/sklep\/wp-json\/wp\/v2\/product"}],"about":[{"href":"https:\/\/www.multifrigo.pl\/sklep\/wp-json\/wp\/v2\/types\/product"}],"wp:featuredmedia":[{"embeddable":true,"href":"https:\/\/www.multifrigo.pl\/sklep\/wp-json\/wp\/v2\/media\/53914"}],"wp:attachment":[{"href":"https:\/\/www.multifrigo.pl\/sklep\/wp-json\/wp\/v2\/media?parent=49955"}],"wp:term":[{"taxonomy":"pwb-brand","embeddable":true,"href":"https:\/\/www.multifrigo.pl\/sklep\/wp-json\/wp\/v2\/pwb-brand?post=49955"},{"taxonomy":"product_brand","embeddable":true,"href":"https:\/\/www.multifrigo.pl\/sklep\/wp-json\/wp\/v2\/product_brand?post=49955"},{"taxonomy":"product_cat","embeddable":true,"href":"https:\/\/www.multifrigo.pl\/sklep\/wp-json\/wp\/v2\/product_cat?post=49955"},{"taxonomy":"product_tag","embeddable":true,"href":"https:\/\/www.multifrigo.pl\/sklep\/wp-json\/wp\/v2\/product_tag?post=49955"}],"curies":[{"name":"wp","href":"https:\/\/api.w.org\/{rel}","templated":true}]}}