{"id":50030,"date":"2024-09-09T07:44:57","date_gmt":"2024-09-09T07:44:57","guid":{"rendered":"https:\/\/www.multifrigo.pl\/sklep\/produkt\/obieraczka-do-ziemniakow-5kg-bartscher-120178\/"},"modified":"2025-07-17T08:35:32","modified_gmt":"2025-07-17T08:35:32","slug":"obieraczka-do-ziemniakow-5kg-bartscher-120178","status":"publish","type":"product","link":"https:\/\/www.multifrigo.pl\/sklep\/produkt\/obieraczka-do-ziemniakow-5kg-bartscher-120178\/","title":{"rendered":"Obieraczka do ziemniak\u00f3w 5KG | Bartscher 120178"},"content":{"rendered":"<p><b>Obieraczka do ziemniak\u00f3w 5KG<\/b><\/p>\n<p>\u015awie\u017co\u015b\u0107 ziemniaka mo\u017cna rozpozna\u0107 po smaku i konsystencji. Maszyna do obierania ziemniak\u00f3w obiera do 100 kg na godzin\u0119. Nawet przy du\u017cych ilo\u015bciach ziemniak\u00f3w zapewnia wysok\u0105 jako\u015b\u0107 i doskona\u0142y smak ziemniak\u00f3w.<\/p><\/p>\n","protected":false},"excerpt":{"rendered":"<p>Obieraczka do ziemniak\u00f3w 5KG \u015awie\u017co\u015b\u0107 ziemniaka mo\u017cna rozpozna\u0107 po smaku i konsystencji. Maszyna do obierania ziemniak\u00f3w obiera do 100 kg na godzin\u0119. Nawet przy du\u017cych ilo\u015bciach ziemniak\u00f3w zapewnia wysok\u0105 jako\u015b\u0107 i doskona\u0142y smak ziemniak\u00f3w.<\/p>\n","protected":false},"featured_media":54070,"template":"","meta":{"_et_pb_use_builder":"","_et_pb_old_content":"","_et_gb_content_width":""},"pwb-brand":[1577],"product_brand":[],"product_cat":[488],"product_tag":[],"class_list":{"0":"post-50030","1":"product","2":"type-product","3":"status-publish","4":"has-post-thumbnail","6":"pwb-brand-bartscher","7":"product_cat-obieraczki-do-ziemniakow","9":"first","10":"instock","11":"taxable","12":"shipping-taxable","13":"purchasable","14":"product-type-simple"},"brands":[{"id":1577,"name":"Bartscher","slug":"bartscher"}],"_links":{"self":[{"href":"https:\/\/www.multifrigo.pl\/sklep\/wp-json\/wp\/v2\/product\/50030","targetHints":{"allow":["GET"]}}],"collection":[{"href":"https:\/\/www.multifrigo.pl\/sklep\/wp-json\/wp\/v2\/product"}],"about":[{"href":"https:\/\/www.multifrigo.pl\/sklep\/wp-json\/wp\/v2\/types\/product"}],"wp:featuredmedia":[{"embeddable":true,"href":"https:\/\/www.multifrigo.pl\/sklep\/wp-json\/wp\/v2\/media\/54070"}],"wp:attachment":[{"href":"https:\/\/www.multifrigo.pl\/sklep\/wp-json\/wp\/v2\/media?parent=50030"}],"wp:term":[{"taxonomy":"pwb-brand","embeddable":true,"href":"https:\/\/www.multifrigo.pl\/sklep\/wp-json\/wp\/v2\/pwb-brand?post=50030"},{"taxonomy":"product_brand","embeddable":true,"href":"https:\/\/www.multifrigo.pl\/sklep\/wp-json\/wp\/v2\/product_brand?post=50030"},{"taxonomy":"product_cat","embeddable":true,"href":"https:\/\/www.multifrigo.pl\/sklep\/wp-json\/wp\/v2\/product_cat?post=50030"},{"taxonomy":"product_tag","embeddable":true,"href":"https:\/\/www.multifrigo.pl\/sklep\/wp-json\/wp\/v2\/product_tag?post=50030"}],"curies":[{"name":"wp","href":"https:\/\/api.w.org\/{rel}","templated":true}]}}