{"id":50048,"date":"2024-09-09T07:46:17","date_gmt":"2024-09-09T07:46:17","guid":{"rendered":"https:\/\/www.multifrigo.pl\/sklep\/produkt\/palnik-do-flambir-1300fg-bartscher-a555302\/"},"modified":"2025-07-17T10:06:13","modified_gmt":"2025-07-17T10:06:13","slug":"palnik-do-flambir-1300fg-bartscher-a555302","status":"publish","type":"product","link":"https:\/\/www.multifrigo.pl\/sklep\/produkt\/palnik-do-flambir-1300fg-bartscher-a555302\/","title":{"rendered":"Palnik do flambir 1300FG | Bartscher A555302"},"content":{"rendered":"<p><b>Palnik do flambir 1300FG<\/b><\/p>\n<p>Do przygotowania lub przyrz\u0105dzania potraw \u2013 Ten kuchenny pomocnik znajdzie zastosowanie w najr\u00f3\u017cniejszych czynno\u015bciach typowych dla gastronomii, takich jak karmelizowanie, topienie sera, usuwanie sk\u00f3rki z pomidor\u00f3w, dodatkowe zrumienianie itd.<\/p>\n","protected":false},"excerpt":{"rendered":"<p>Palnik do flambir 1300FG Do przygotowania lub przyrz\u0105dzania potraw \u2013 Ten kuchenny pomocnik znajdzie zastosowanie w najr\u00f3\u017cniejszych czynno\u015bciach typowych dla gastronomii, takich jak karmelizowanie, topienie sera, usuwanie sk\u00f3rki z pomidor\u00f3w, dodatkowe zrumienianie itd.<\/p>\n","protected":false},"featured_media":54151,"template":"","meta":{"_et_pb_use_builder":"","_et_pb_old_content":"","_et_gb_content_width":""},"pwb-brand":[1577],"product_brand":[],"product_cat":[337],"product_tag":[],"class_list":{"0":"post-50048","1":"product","2":"type-product","3":"status-publish","4":"has-post-thumbnail","6":"pwb-brand-bartscher","7":"product_cat-palniki-do-creme-brulee","9":"first","10":"instock","11":"taxable","12":"shipping-taxable","13":"purchasable","14":"product-type-simple"},"brands":[{"id":1577,"name":"Bartscher","slug":"bartscher"}],"_links":{"self":[{"href":"https:\/\/www.multifrigo.pl\/sklep\/wp-json\/wp\/v2\/product\/50048","targetHints":{"allow":["GET"]}}],"collection":[{"href":"https:\/\/www.multifrigo.pl\/sklep\/wp-json\/wp\/v2\/product"}],"about":[{"href":"https:\/\/www.multifrigo.pl\/sklep\/wp-json\/wp\/v2\/types\/product"}],"wp:featuredmedia":[{"embeddable":true,"href":"https:\/\/www.multifrigo.pl\/sklep\/wp-json\/wp\/v2\/media\/54151"}],"wp:attachment":[{"href":"https:\/\/www.multifrigo.pl\/sklep\/wp-json\/wp\/v2\/media?parent=50048"}],"wp:term":[{"taxonomy":"pwb-brand","embeddable":true,"href":"https:\/\/www.multifrigo.pl\/sklep\/wp-json\/wp\/v2\/pwb-brand?post=50048"},{"taxonomy":"product_brand","embeddable":true,"href":"https:\/\/www.multifrigo.pl\/sklep\/wp-json\/wp\/v2\/product_brand?post=50048"},{"taxonomy":"product_cat","embeddable":true,"href":"https:\/\/www.multifrigo.pl\/sklep\/wp-json\/wp\/v2\/product_cat?post=50048"},{"taxonomy":"product_tag","embeddable":true,"href":"https:\/\/www.multifrigo.pl\/sklep\/wp-json\/wp\/v2\/product_tag?post=50048"}],"curies":[{"name":"wp","href":"https:\/\/api.w.org\/{rel}","templated":true}]}}