{"id":50508,"date":"2024-09-09T08:12:04","date_gmt":"2024-09-09T08:12:04","guid":{"rendered":"https:\/\/www.multifrigo.pl\/sklep\/produkt\/pojemnik-termoizolacyjne-do-transportu-gn110-12-bartscher-300133\/"},"modified":"2025-07-17T09:34:56","modified_gmt":"2025-07-17T09:34:56","slug":"pojemnik-termoizolacyjne-do-transportu-gn110-12-bartscher-300133","status":"publish","type":"product","link":"https:\/\/www.multifrigo.pl\/sklep\/produkt\/pojemnik-termoizolacyjne-do-transportu-gn110-12-bartscher-300133\/","title":{"rendered":"Pojemnik termoizolacyjne do transportu GN110-12 | Bartscher 300133"},"content":{"rendered":"<p><b>Pojemnik termoizolacyjne do transportu GN110-12<\/b><\/p>\n<p>Niepodgrzewany pojemnik otwierany z przodu, przeznaczony do transportu zimnych i ciep\u0142ych potraw. W cateringu, na imprezach czy w us\u0142ugach na wynos: bezpieczny i odporny na temperatur\u0119 transport potraw umo\u017cliwiaj\u0105 pojemniki w formacie 1\/1 GN.<\/p><\/p>\n","protected":false},"excerpt":{"rendered":"<p>Pojemnik termoizolacyjne do transportu GN110-12 Niepodgrzewany pojemnik otwierany z przodu, przeznaczony do transportu zimnych i ciep\u0142ych potraw. W cateringu, na imprezach czy w us\u0142ugach na wynos: bezpieczny i odporny na temperatur\u0119 transport potraw umo\u017cliwiaj\u0105 pojemniki w formacie 1\/1 GN.<\/p>\n","protected":false},"featured_media":55109,"template":"","meta":{"_et_pb_use_builder":"","_et_pb_old_content":"","_et_gb_content_width":""},"pwb-brand":[1577],"product_brand":[],"product_cat":[84],"product_tag":[],"class_list":{"0":"post-50508","1":"product","2":"type-product","3":"status-publish","4":"has-post-thumbnail","6":"pwb-brand-bartscher","7":"product_cat-pojemniki-termoizolacyjne-gn","9":"first","10":"instock","11":"taxable","12":"shipping-taxable","13":"purchasable","14":"product-type-simple"},"brands":[{"id":1577,"name":"Bartscher","slug":"bartscher"}],"_links":{"self":[{"href":"https:\/\/www.multifrigo.pl\/sklep\/wp-json\/wp\/v2\/product\/50508","targetHints":{"allow":["GET"]}}],"collection":[{"href":"https:\/\/www.multifrigo.pl\/sklep\/wp-json\/wp\/v2\/product"}],"about":[{"href":"https:\/\/www.multifrigo.pl\/sklep\/wp-json\/wp\/v2\/types\/product"}],"wp:featuredmedia":[{"embeddable":true,"href":"https:\/\/www.multifrigo.pl\/sklep\/wp-json\/wp\/v2\/media\/55109"}],"wp:attachment":[{"href":"https:\/\/www.multifrigo.pl\/sklep\/wp-json\/wp\/v2\/media?parent=50508"}],"wp:term":[{"taxonomy":"pwb-brand","embeddable":true,"href":"https:\/\/www.multifrigo.pl\/sklep\/wp-json\/wp\/v2\/pwb-brand?post=50508"},{"taxonomy":"product_brand","embeddable":true,"href":"https:\/\/www.multifrigo.pl\/sklep\/wp-json\/wp\/v2\/product_brand?post=50508"},{"taxonomy":"product_cat","embeddable":true,"href":"https:\/\/www.multifrigo.pl\/sklep\/wp-json\/wp\/v2\/product_cat?post=50508"},{"taxonomy":"product_tag","embeddable":true,"href":"https:\/\/www.multifrigo.pl\/sklep\/wp-json\/wp\/v2\/product_tag?post=50508"}],"curies":[{"name":"wp","href":"https:\/\/api.w.org\/{rel}","templated":true}]}}