{"id":50740,"date":"2024-09-09T08:26:53","date_gmt":"2024-09-09T08:26:53","guid":{"rendered":"https:\/\/www.multifrigo.pl\/sklep\/produkt\/toster-tbrb20-bartscher-100373\/"},"modified":"2025-07-17T07:42:04","modified_gmt":"2025-07-17T07:42:04","slug":"toster-tbrb20-bartscher-100373","status":"publish","type":"product","link":"https:\/\/www.multifrigo.pl\/sklep\/produkt\/toster-tbrb20-bartscher-100373\/","title":{"rendered":"Toster TBRB20 | Bartscher 100373"},"content":{"rendered":"<p><b>Toster TBRB20<\/b><\/p>\n<p>R&oacute;\u017cne funkcje u\u0142atwiaj\u0105ce przygotowanie \u015bniadaniowego bufetu: rozmra\u017canie, podgrzewanie i opiekanie tost&oacute;w i bu\u0142eczek &ndash; r&oacute;wnie\u017c mo\u017cliwo\u015b\u0107 jednostronnego opiekania bajgli.<\/p><\/p>\n","protected":false},"excerpt":{"rendered":"<p>Toster TBRB20 R&oacute;\u017cne funkcje u\u0142atwiaj\u0105ce przygotowanie \u015bniadaniowego bufetu: rozmra\u017canie, podgrzewanie i opiekanie tost&oacute;w i bu\u0142eczek &ndash; r&oacute;wnie\u017c mo\u017cliwo\u015b\u0107 jednostronnego opiekania bajgli.<\/p>\n","protected":false},"featured_media":55704,"template":"","meta":{"_et_pb_use_builder":"","_et_pb_old_content":"","_et_gb_content_width":""},"pwb-brand":[1577],"product_brand":[],"product_cat":[3840],"product_tag":[],"class_list":{"0":"post-50740","1":"product","2":"type-product","3":"status-publish","4":"has-post-thumbnail","6":"pwb-brand-bartscher","7":"product_cat-tostery-gastronomiczne","9":"first","10":"instock","11":"taxable","12":"shipping-taxable","13":"purchasable","14":"product-type-simple"},"brands":[{"id":1577,"name":"Bartscher","slug":"bartscher"}],"_links":{"self":[{"href":"https:\/\/www.multifrigo.pl\/sklep\/wp-json\/wp\/v2\/product\/50740","targetHints":{"allow":["GET"]}}],"collection":[{"href":"https:\/\/www.multifrigo.pl\/sklep\/wp-json\/wp\/v2\/product"}],"about":[{"href":"https:\/\/www.multifrigo.pl\/sklep\/wp-json\/wp\/v2\/types\/product"}],"wp:featuredmedia":[{"embeddable":true,"href":"https:\/\/www.multifrigo.pl\/sklep\/wp-json\/wp\/v2\/media\/55704"}],"wp:attachment":[{"href":"https:\/\/www.multifrigo.pl\/sklep\/wp-json\/wp\/v2\/media?parent=50740"}],"wp:term":[{"taxonomy":"pwb-brand","embeddable":true,"href":"https:\/\/www.multifrigo.pl\/sklep\/wp-json\/wp\/v2\/pwb-brand?post=50740"},{"taxonomy":"product_brand","embeddable":true,"href":"https:\/\/www.multifrigo.pl\/sklep\/wp-json\/wp\/v2\/product_brand?post=50740"},{"taxonomy":"product_cat","embeddable":true,"href":"https:\/\/www.multifrigo.pl\/sklep\/wp-json\/wp\/v2\/product_cat?post=50740"},{"taxonomy":"product_tag","embeddable":true,"href":"https:\/\/www.multifrigo.pl\/sklep\/wp-json\/wp\/v2\/product_tag?post=50740"}],"curies":[{"name":"wp","href":"https:\/\/api.w.org\/{rel}","templated":true}]}}