{"id":50914,"date":"2024-09-09T08:37:06","date_gmt":"2024-09-09T08:37:06","guid":{"rendered":"https:\/\/www.multifrigo.pl\/sklep\/produkt\/witryna-chlodnicza-7450-2e-bartscher-700421\/"},"modified":"2025-07-17T09:47:58","modified_gmt":"2025-07-17T09:47:58","slug":"witryna-chlodnicza-7450-2e-bartscher-700421","status":"publish","type":"product","link":"https:\/\/www.multifrigo.pl\/sklep\/produkt\/witryna-chlodnicza-7450-2e-bartscher-700421\/","title":{"rendered":"Witryna ch\u0142odnicza 7450 2E | Bartscher 700421"},"content":{"rendered":"<p><b>Witryna ch\u0142odnicza 7450 2E<\/b><\/p>\n<p>Witryna nablatowa o wysokiej jako\u015bci designie ze szk\u0142a i stali szlachetnej do ekspozycji potraw i przek\u0105sek w sto\u0142\u00f3wkach, lokalach sklepowych, barach i kawiarniach. Szklane drzwi przesuwne zapewniaj\u0105 wygodn\u0105 obs\u0142ug\u0119 na niewielkiej przestrzeni \u2013 perfekcyjn\u0105 prezentacj\u0119 zapewni o\u015bwietlenie LED.<\/p><\/p>\n","protected":false},"excerpt":{"rendered":"<p>Witryna ch\u0142odnicza 7450 2E Witryna nablatowa o wysokiej jako\u015bci designie ze szk\u0142a i stali szlachetnej do ekspozycji potraw i przek\u0105sek w sto\u0142\u00f3wkach, lokalach sklepowych, barach i kawiarniach. Szklane drzwi przesuwne zapewniaj\u0105 wygodn\u0105 obs\u0142ug\u0119 na niewielkiej przestrzeni \u2013 perfekcyjn\u0105 prezentacj\u0119 zapewni o\u015bwietlenie LED.<\/p>\n","protected":false},"featured_media":56065,"template":"","meta":{"_et_pb_use_builder":"","_et_pb_old_content":"","_et_gb_content_width":""},"pwb-brand":[1577],"product_brand":[],"product_cat":[460],"product_tag":[],"class_list":{"0":"post-50914","1":"product","2":"type-product","3":"status-publish","4":"has-post-thumbnail","6":"pwb-brand-bartscher","7":"product_cat-witryny-chlodnicze","9":"first","10":"instock","11":"taxable","12":"shipping-taxable","13":"purchasable","14":"product-type-simple"},"brands":[{"id":1577,"name":"Bartscher","slug":"bartscher"}],"_links":{"self":[{"href":"https:\/\/www.multifrigo.pl\/sklep\/wp-json\/wp\/v2\/product\/50914","targetHints":{"allow":["GET"]}}],"collection":[{"href":"https:\/\/www.multifrigo.pl\/sklep\/wp-json\/wp\/v2\/product"}],"about":[{"href":"https:\/\/www.multifrigo.pl\/sklep\/wp-json\/wp\/v2\/types\/product"}],"wp:featuredmedia":[{"embeddable":true,"href":"https:\/\/www.multifrigo.pl\/sklep\/wp-json\/wp\/v2\/media\/56065"}],"wp:attachment":[{"href":"https:\/\/www.multifrigo.pl\/sklep\/wp-json\/wp\/v2\/media?parent=50914"}],"wp:term":[{"taxonomy":"pwb-brand","embeddable":true,"href":"https:\/\/www.multifrigo.pl\/sklep\/wp-json\/wp\/v2\/pwb-brand?post=50914"},{"taxonomy":"product_brand","embeddable":true,"href":"https:\/\/www.multifrigo.pl\/sklep\/wp-json\/wp\/v2\/product_brand?post=50914"},{"taxonomy":"product_cat","embeddable":true,"href":"https:\/\/www.multifrigo.pl\/sklep\/wp-json\/wp\/v2\/product_cat?post=50914"},{"taxonomy":"product_tag","embeddable":true,"href":"https:\/\/www.multifrigo.pl\/sklep\/wp-json\/wp\/v2\/product_tag?post=50914"}],"curies":[{"name":"wp","href":"https:\/\/api.w.org\/{rel}","templated":true}]}}