{"id":51206,"date":"2024-09-09T08:52:53","date_gmt":"2024-09-09T08:52:53","guid":{"rendered":"https:\/\/www.multifrigo.pl\/sklep\/produkt\/zamrazarka-tks38-bartscher-700078\/"},"modified":"2025-07-17T09:44:22","modified_gmt":"2025-07-17T09:44:22","slug":"zamrazarka-tks38-bartscher-700078","status":"publish","type":"product","link":"https:\/\/www.multifrigo.pl\/sklep\/produkt\/zamrazarka-tks38-bartscher-700078\/","title":{"rendered":"Zamra\u017carka TKS38 | Bartscher 700078"},"content":{"rendered":"<p><b>Zamra\u017carka TKS38<\/b><\/p>\n<p>Kompaktowa, por\u0119czna, praktyczna \u2013 ta ma\u0142a zamra\u017carka wsz\u0119dzie znajdzie miejsce dla siebie. Doskonale nadaje si\u0119 do wst\u0119pnego sch\u0142adzania szklanek lub g\u0142\u0119bokiego mro\u017cenia napoj\u00f3w spirytusowych, a tak\u017ce mniejszych ilo\u015bci mro\u017conek.<\/p>\n","protected":false},"excerpt":{"rendered":"<p>Zamra\u017carka TKS38 Kompaktowa, por\u0119czna, praktyczna \u2013 ta ma\u0142a zamra\u017carka wsz\u0119dzie znajdzie miejsce dla siebie. Doskonale nadaje si\u0119 do wst\u0119pnego sch\u0142adzania szklanek lub g\u0142\u0119bokiego mro\u017cenia napoj\u00f3w spirytusowych, a tak\u017ce mniejszych ilo\u015bci mro\u017conek.<\/p>\n","protected":false},"featured_media":56711,"template":"","meta":{"_et_pb_use_builder":"","_et_pb_old_content":"","_et_gb_content_width":""},"pwb-brand":[1577],"product_brand":[],"product_cat":[520],"product_tag":[],"class_list":{"0":"post-51206","1":"product","2":"type-product","3":"status-publish","4":"has-post-thumbnail","6":"pwb-brand-bartscher","7":"product_cat-szafy-mroznicze","9":"first","10":"instock","11":"taxable","12":"shipping-taxable","13":"purchasable","14":"product-type-simple"},"brands":[{"id":1577,"name":"Bartscher","slug":"bartscher"}],"_links":{"self":[{"href":"https:\/\/www.multifrigo.pl\/sklep\/wp-json\/wp\/v2\/product\/51206","targetHints":{"allow":["GET"]}}],"collection":[{"href":"https:\/\/www.multifrigo.pl\/sklep\/wp-json\/wp\/v2\/product"}],"about":[{"href":"https:\/\/www.multifrigo.pl\/sklep\/wp-json\/wp\/v2\/types\/product"}],"wp:featuredmedia":[{"embeddable":true,"href":"https:\/\/www.multifrigo.pl\/sklep\/wp-json\/wp\/v2\/media\/56711"}],"wp:attachment":[{"href":"https:\/\/www.multifrigo.pl\/sklep\/wp-json\/wp\/v2\/media?parent=51206"}],"wp:term":[{"taxonomy":"pwb-brand","embeddable":true,"href":"https:\/\/www.multifrigo.pl\/sklep\/wp-json\/wp\/v2\/pwb-brand?post=51206"},{"taxonomy":"product_brand","embeddable":true,"href":"https:\/\/www.multifrigo.pl\/sklep\/wp-json\/wp\/v2\/product_brand?post=51206"},{"taxonomy":"product_cat","embeddable":true,"href":"https:\/\/www.multifrigo.pl\/sklep\/wp-json\/wp\/v2\/product_cat?post=51206"},{"taxonomy":"product_tag","embeddable":true,"href":"https:\/\/www.multifrigo.pl\/sklep\/wp-json\/wp\/v2\/product_tag?post=51206"}],"curies":[{"name":"wp","href":"https:\/\/api.w.org\/{rel}","templated":true}]}}