{"id":51289,"date":"2024-09-09T08:56:45","date_gmt":"2024-09-09T08:56:45","guid":{"rendered":"https:\/\/www.multifrigo.pl\/sklep\/produkt\/zmywarka-gs-m400-lp-k-bartscher-110461\/"},"modified":"2025-07-17T08:29:17","modified_gmt":"2025-07-17T08:29:17","slug":"zmywarka-gs-m400-lp-k-bartscher-110461","status":"publish","type":"product","link":"https:\/\/www.multifrigo.pl\/sklep\/produkt\/zmywarka-gs-m400-lp-k-bartscher-110461\/","title":{"rendered":"Zmywarka GS M400 LP K | Bartscher 110461"},"content":{"rendered":"<p><b>Zmywarka GS M400 LP K<\/b><\/p>\n<p>Zmywarka do naczy\u0144 o\u00a0elastycznym zastosowaniu z\u00a0funkcj\u0105 dodatkowego p\u0142ukania na zimno umo\u017cliwia szybk\u0105 dost\u0119pno\u015b\u0107, zw\u0142aszcza szklanek, jak r\u00f3wnie\u017c pozosta\u0142ych umytych naczy\u0144 w\u00a0kafeteriach, barach i\u00a0kawiarniach. Ma\u0142y wy\u015bwietlacz umo\u017cliwia przegl\u0105danie ustawie\u0144 oraz obserwacj\u0119 przebiegu programu w\u00a0dowolnym momencie.<\/p><\/p>\n","protected":false},"excerpt":{"rendered":"<p>Zmywarka GS M400 LP K Zmywarka do naczy\u0144 o\u00a0elastycznym zastosowaniu z\u00a0funkcj\u0105 dodatkowego p\u0142ukania na zimno umo\u017cliwia szybk\u0105 dost\u0119pno\u015b\u0107, zw\u0142aszcza szklanek, jak r\u00f3wnie\u017c pozosta\u0142ych umytych naczy\u0144 w\u00a0kafeteriach, barach i\u00a0kawiarniach. Ma\u0142y wy\u015bwietlacz umo\u017cliwia przegl\u0105danie ustawie\u0144 oraz obserwacj\u0119 przebiegu programu w\u00a0dowolnym momencie.<\/p>\n","protected":false},"featured_media":56806,"template":"","meta":{"_et_pb_use_builder":"","_et_pb_old_content":"","_et_gb_content_width":""},"pwb-brand":[1577],"product_brand":[],"product_cat":[492],"product_tag":[],"class_list":{"0":"post-51289","1":"product","2":"type-product","3":"status-publish","4":"has-post-thumbnail","6":"pwb-brand-bartscher","7":"product_cat-zmywarki-do-szkla-barowe","9":"first","10":"instock","11":"taxable","12":"shipping-taxable","13":"purchasable","14":"product-type-simple"},"brands":[{"id":1577,"name":"Bartscher","slug":"bartscher"}],"_links":{"self":[{"href":"https:\/\/www.multifrigo.pl\/sklep\/wp-json\/wp\/v2\/product\/51289","targetHints":{"allow":["GET"]}}],"collection":[{"href":"https:\/\/www.multifrigo.pl\/sklep\/wp-json\/wp\/v2\/product"}],"about":[{"href":"https:\/\/www.multifrigo.pl\/sklep\/wp-json\/wp\/v2\/types\/product"}],"wp:featuredmedia":[{"embeddable":true,"href":"https:\/\/www.multifrigo.pl\/sklep\/wp-json\/wp\/v2\/media\/56806"}],"wp:attachment":[{"href":"https:\/\/www.multifrigo.pl\/sklep\/wp-json\/wp\/v2\/media?parent=51289"}],"wp:term":[{"taxonomy":"pwb-brand","embeddable":true,"href":"https:\/\/www.multifrigo.pl\/sklep\/wp-json\/wp\/v2\/pwb-brand?post=51289"},{"taxonomy":"product_brand","embeddable":true,"href":"https:\/\/www.multifrigo.pl\/sklep\/wp-json\/wp\/v2\/product_brand?post=51289"},{"taxonomy":"product_cat","embeddable":true,"href":"https:\/\/www.multifrigo.pl\/sklep\/wp-json\/wp\/v2\/product_cat?post=51289"},{"taxonomy":"product_tag","embeddable":true,"href":"https:\/\/www.multifrigo.pl\/sklep\/wp-json\/wp\/v2\/product_tag?post=51289"}],"curies":[{"name":"wp","href":"https:\/\/api.w.org\/{rel}","templated":true}]}}