{"id":51329,"date":"2024-09-09T08:58:49","date_gmt":"2024-09-09T08:58:49","guid":{"rendered":"https:\/\/www.multifrigo.pl\/sklep\/produkt\/zmywarka-us-k500-lpwr-k-bartscher-110645\/"},"modified":"2025-07-17T08:30:29","modified_gmt":"2025-07-17T08:30:29","slug":"zmywarka-us-k500-lpwr-k-bartscher-110645","status":"publish","type":"product","link":"https:\/\/www.multifrigo.pl\/sklep\/produkt\/zmywarka-us-k500-lpwr-k-bartscher-110645\/","title":{"rendered":"Zmywarka US K500 LPWR K | Bartscher 110645"},"content":{"rendered":"<p><b>Zmywarka US K500 LPWR K<\/b><\/p>\n<p>Idealna zmywarka do ma\u0142ych kuchni i zmywalni dzi\u0119ki zastosowaniu rozwi\u0105za\u0144 umo\u017cliwiaj\u0105cych wykorzystanie na ma\u0142ej przestrzeni \u2013 do\u0142\u0105czony zestaw do czyszczenia z wbudowanymi kanistrami na \u015brodki czyszcz\u0105ce i nab\u0142yszczacze sprawia, \u017ce w kuchni nie jest ju\u017c potrzebne dodatkowe miejsce na akcesoria do zmywarki, takie jak kanistry czy w\u0119\u017ce.<\/p><\/p>\n","protected":false},"excerpt":{"rendered":"<p>Zmywarka US K500 LPWR K Idealna zmywarka do ma\u0142ych kuchni i zmywalni dzi\u0119ki zastosowaniu rozwi\u0105za\u0144 umo\u017cliwiaj\u0105cych wykorzystanie na ma\u0142ej przestrzeni \u2013 do\u0142\u0105czony zestaw do czyszczenia z wbudowanymi kanistrami na \u015brodki czyszcz\u0105ce i nab\u0142yszczacze sprawia, \u017ce w kuchni nie jest ju\u017c potrzebne dodatkowe miejsce na akcesoria do zmywarki, takie jak kanistry czy w\u0119\u017ce.<\/p>\n","protected":false},"featured_media":56906,"template":"","meta":{"_et_pb_use_builder":"","_et_pb_old_content":"","_et_gb_content_width":""},"pwb-brand":[1577],"product_brand":[],"product_cat":[497],"product_tag":[],"class_list":{"0":"post-51329","1":"product","2":"type-product","3":"status-publish","4":"has-post-thumbnail","6":"pwb-brand-bartscher","7":"product_cat-zmywarki-do-garnkow-i-naczyn","9":"first","10":"instock","11":"taxable","12":"shipping-taxable","13":"purchasable","14":"product-type-simple"},"brands":[{"id":1577,"name":"Bartscher","slug":"bartscher"}],"_links":{"self":[{"href":"https:\/\/www.multifrigo.pl\/sklep\/wp-json\/wp\/v2\/product\/51329","targetHints":{"allow":["GET"]}}],"collection":[{"href":"https:\/\/www.multifrigo.pl\/sklep\/wp-json\/wp\/v2\/product"}],"about":[{"href":"https:\/\/www.multifrigo.pl\/sklep\/wp-json\/wp\/v2\/types\/product"}],"wp:featuredmedia":[{"embeddable":true,"href":"https:\/\/www.multifrigo.pl\/sklep\/wp-json\/wp\/v2\/media\/56906"}],"wp:attachment":[{"href":"https:\/\/www.multifrigo.pl\/sklep\/wp-json\/wp\/v2\/media?parent=51329"}],"wp:term":[{"taxonomy":"pwb-brand","embeddable":true,"href":"https:\/\/www.multifrigo.pl\/sklep\/wp-json\/wp\/v2\/pwb-brand?post=51329"},{"taxonomy":"product_brand","embeddable":true,"href":"https:\/\/www.multifrigo.pl\/sklep\/wp-json\/wp\/v2\/product_brand?post=51329"},{"taxonomy":"product_cat","embeddable":true,"href":"https:\/\/www.multifrigo.pl\/sklep\/wp-json\/wp\/v2\/product_cat?post=51329"},{"taxonomy":"product_tag","embeddable":true,"href":"https:\/\/www.multifrigo.pl\/sklep\/wp-json\/wp\/v2\/product_tag?post=51329"}],"curies":[{"name":"wp","href":"https:\/\/api.w.org\/{rel}","templated":true}]}}