{"id":57101,"date":"2024-09-11T09:50:39","date_gmt":"2024-09-11T09:50:39","guid":{"rendered":"https:\/\/www.multifrigo.pl\/sklep\/produkt\/piec-konwekcyjny-4-blachy-elektromechaniczny-zawias-uchylny-smeg-alfa410-2\/"},"modified":"2024-09-12T14:00:22","modified_gmt":"2024-09-12T14:00:22","slug":"piec-konwekcyjny-4-blachy-elektromechaniczny-zawias-uchylny-smeg-alfa410-2","status":"publish","type":"product","link":"https:\/\/www.multifrigo.pl\/sklep\/produkt\/piec-konwekcyjny-4-blachy-elektromechaniczny-zawias-uchylny-smeg-alfa410-2\/","title":{"rendered":"Piec konwekcyjny, 4 blachy, elektromechaniczny, zawias uchylny | Smeg ALFA410-2"},"content":{"rendered":"<p><LI>Piec konwekcyjny <LI>Kontrola pieca R\u0119czna <LI>Pojemno\u015b\u0107 blach 4 blachy 600&#215;400 mm lub GN1\/1 <LI>Moc przy\u0142\u0105czeniowa 400 V 3N~ \/ 13 A \/ 5,3 kW \/ 50 Hz <LI>Inne mo\u017cliwo\u015bci pod\u0142\u0105czenia elektrycznego 230 V~ \/ 23 A \/ 5,3 kW \/ 50 Hz <LI>szeroko\u015b\u0107:  798 mm <LI>d\u0142ugo\u015b\u0107: 747 mm <LI>wysoko\u015b\u0107: 563 mm <LI>Maksymalna g\u0142\u0119boko\u015b\u0107 z otwartymi drzwiami 1145 mm <LI>Regulowane n\u00f3\u017cki \u2013 Tak <LI>Waga netto 53.000 kg<\/p>\n","protected":false},"excerpt":{"rendered":"<p>Piec konwekcyjny Kontrola pieca R\u0119czna Pojemno\u015b\u0107 blach 4 blachy 600&#215;400 mm lub GN1\/1 Moc przy\u0142\u0105czeniowa 400 V 3N~ \/ 13 A \/ 5,3 kW \/ 50 Hz Inne mo\u017cliwo\u015bci pod\u0142\u0105czenia elektrycznego 230 V~ \/ 23 A \/ 5,3 kW \/ 50 Hz szeroko\u015b\u0107: 798 mm d\u0142ugo\u015b\u0107: 747 mm wysoko\u015b\u0107: 563 mm Maksymalna g\u0142\u0119boko\u015b\u0107 z otwartymi [&hellip;]<\/p>\n","protected":false},"featured_media":57299,"template":"","meta":{"_et_pb_use_builder":"","_et_pb_old_content":"","_et_gb_content_width":""},"pwb-brand":[680],"product_brand":[],"product_cat":[463],"product_tag":[],"class_list":{"0":"post-57101","1":"product","2":"type-product","3":"status-publish","4":"has-post-thumbnail","6":"pwb-brand-smeg","7":"product_cat-piece-konwekcyjne","9":"first","10":"instock","11":"taxable","12":"shipping-taxable","13":"purchasable","14":"product-type-simple"},"brands":[{"id":680,"name":"Smeg","slug":"smeg"}],"_links":{"self":[{"href":"https:\/\/www.multifrigo.pl\/sklep\/wp-json\/wp\/v2\/product\/57101","targetHints":{"allow":["GET"]}}],"collection":[{"href":"https:\/\/www.multifrigo.pl\/sklep\/wp-json\/wp\/v2\/product"}],"about":[{"href":"https:\/\/www.multifrigo.pl\/sklep\/wp-json\/wp\/v2\/types\/product"}],"wp:featuredmedia":[{"embeddable":true,"href":"https:\/\/www.multifrigo.pl\/sklep\/wp-json\/wp\/v2\/media\/57299"}],"wp:attachment":[{"href":"https:\/\/www.multifrigo.pl\/sklep\/wp-json\/wp\/v2\/media?parent=57101"}],"wp:term":[{"taxonomy":"pwb-brand","embeddable":true,"href":"https:\/\/www.multifrigo.pl\/sklep\/wp-json\/wp\/v2\/pwb-brand?post=57101"},{"taxonomy":"product_brand","embeddable":true,"href":"https:\/\/www.multifrigo.pl\/sklep\/wp-json\/wp\/v2\/product_brand?post=57101"},{"taxonomy":"product_cat","embeddable":true,"href":"https:\/\/www.multifrigo.pl\/sklep\/wp-json\/wp\/v2\/product_cat?post=57101"},{"taxonomy":"product_tag","embeddable":true,"href":"https:\/\/www.multifrigo.pl\/sklep\/wp-json\/wp\/v2\/product_tag?post=57101"}],"curies":[{"name":"wp","href":"https:\/\/api.w.org\/{rel}","templated":true}]}}