{"id":57151,"date":"2024-09-11T09:53:41","date_gmt":"2024-09-11T09:53:41","guid":{"rendered":"https:\/\/www.multifrigo.pl\/sklep\/produkt\/zmywarka-do-naczyn-kosz-500x500-system-plukania-htr-wbudowany-zmiekczacz-smeg-ud515ds-1\/"},"modified":"2024-09-12T14:00:45","modified_gmt":"2024-09-12T14:00:45","slug":"zmywarka-do-naczyn-kosz-500x500-system-plukania-htr-wbudowany-zmiekczacz-smeg-ud515ds-1","status":"publish","type":"product","link":"https:\/\/www.multifrigo.pl\/sklep\/produkt\/zmywarka-do-naczyn-kosz-500x500-system-plukania-htr-wbudowany-zmiekczacz-smeg-ud515ds-1\/","title":{"rendered":"Zmywarka do naczy\u0144, kosz 500&#215;500, system p\u0142ukania HTR, wbudowany zmi\u0119kczacz | Smeg UD515DS-1"},"content":{"rendered":"<p>Zmywarka do naczy\u0144, kosz 500&#215;500 mm, system p\u0142ukania HTR, wbudowany zmi\u0119kczacz. Wymiary (SxGxW): 600x600x820 mm<\/p>\n","protected":false},"excerpt":{"rendered":"<p>Zmywarka do naczy\u0144, kosz 500&#215;500 mm, system p\u0142ukania HTR, wbudowany zmi\u0119kczacz. Wymiary (SxGxW): 600x600x820 mm<\/p>\n","protected":false},"featured_media":57416,"template":"","meta":{"_et_pb_use_builder":"","_et_pb_old_content":"","_et_gb_content_width":""},"pwb-brand":[680],"product_brand":[],"product_cat":[497],"product_tag":[],"class_list":{"0":"post-57151","1":"product","2":"type-product","3":"status-publish","4":"has-post-thumbnail","6":"pwb-brand-smeg","7":"product_cat-zmywarki-do-garnkow-i-naczyn","9":"first","10":"instock","11":"taxable","12":"shipping-taxable","13":"purchasable","14":"product-type-simple"},"brands":[{"id":680,"name":"Smeg","slug":"smeg"}],"_links":{"self":[{"href":"https:\/\/www.multifrigo.pl\/sklep\/wp-json\/wp\/v2\/product\/57151","targetHints":{"allow":["GET"]}}],"collection":[{"href":"https:\/\/www.multifrigo.pl\/sklep\/wp-json\/wp\/v2\/product"}],"about":[{"href":"https:\/\/www.multifrigo.pl\/sklep\/wp-json\/wp\/v2\/types\/product"}],"wp:featuredmedia":[{"embeddable":true,"href":"https:\/\/www.multifrigo.pl\/sklep\/wp-json\/wp\/v2\/media\/57416"}],"wp:attachment":[{"href":"https:\/\/www.multifrigo.pl\/sklep\/wp-json\/wp\/v2\/media?parent=57151"}],"wp:term":[{"taxonomy":"pwb-brand","embeddable":true,"href":"https:\/\/www.multifrigo.pl\/sklep\/wp-json\/wp\/v2\/pwb-brand?post=57151"},{"taxonomy":"product_brand","embeddable":true,"href":"https:\/\/www.multifrigo.pl\/sklep\/wp-json\/wp\/v2\/product_brand?post=57151"},{"taxonomy":"product_cat","embeddable":true,"href":"https:\/\/www.multifrigo.pl\/sklep\/wp-json\/wp\/v2\/product_cat?post=57151"},{"taxonomy":"product_tag","embeddable":true,"href":"https:\/\/www.multifrigo.pl\/sklep\/wp-json\/wp\/v2\/product_tag?post=57151"}],"curies":[{"name":"wp","href":"https:\/\/api.w.org\/{rel}","templated":true}]}}