{"id":57155,"date":"2024-09-11T09:53:50","date_gmt":"2024-09-11T09:53:50","guid":{"rendered":"https:\/\/www.multifrigo.pl\/sklep\/produkt\/zmywarka-do-naczyn-do-blach-kosz-500x500-system-plukania-htr-wbudowany-zmiekczacz-smeg-ud516ds\/"},"modified":"2024-09-12T14:00:46","modified_gmt":"2024-09-12T14:00:46","slug":"zmywarka-do-naczyn-do-blach-kosz-500x500-system-plukania-htr-wbudowany-zmiekczacz-smeg-ud516ds","status":"publish","type":"product","link":"https:\/\/www.multifrigo.pl\/sklep\/produkt\/zmywarka-do-naczyn-do-blach-kosz-500x500-system-plukania-htr-wbudowany-zmiekczacz-smeg-ud516ds\/","title":{"rendered":"Zmywarka do naczy\u0144, do blach, kosz 500&#215;500, system p\u0142ukania HTR, wbudowany zmi\u0119kczacz | Smeg UD516DS"},"content":{"rendered":"<p><LI>Zmywarka do naczy\u0144 i do blach <LI>Sterowanie: elektroniczne <LI>Charakterystyka: zmywarka myj\u0105ca blachy i pojemniki EURONORM 600&#215;400 mm (wysoko\u015b\u0107 350 mm max) <LI>Wbudowany zmi\u0119kczacz <LI>Wymiary kosza: 500&#215;500 mm <LI>Wydajno\u015b\u0107 kosze\/h: max 51 <LI>Dozownik nab\u0142yszczacza: perystaltyczna pompa z regulacj\u0105 elektroniczn\u0105 <LI>Dozownik detergentu: perystaltyczna pompa z regulacj\u0105 elektroniczn\u0105 <LI>Wysoko\u015b\u0107 wej\u015bcia do komory: 415 mm <LI>Pod\u0142\u0105czenie elektryczne \/ Ca\u0142kowita moc przy\u0142\u0105czeniowa: 400V 3N 50 Hz \/ 6,7 kW; 230V 3N 50Hz \/ 6,7 kW; 230V 1N 50Hz \/ 2,7 kW <LI>System p\u0142ukania: bojler atmosferyczny i pompa p\u0142ukania (system HTR) <LI>Konstrukcja: stal nierdzewna AISI 304 o podw\u00f3jnych, izolowanych \u015bciankach <LI>System spustowy: pompa spustowa z dynamicznym filtrem (3-stopniowy) <LI>2 ramiona myj\u0105ce i 2 ramiona p\u0142ucz\u0105ce ze stali nierdzewnej AISI 304 <LI>Zaokr\u0105glona konstrukcja komory myj\u0105cej <LI>Podw\u00f3jna \u015bcianka komory z zaokr\u0105glonymi kraw\u0119dziami <LI>Drzwi wypoziomowane o podw\u00f3jnych, izolowanych \u015bciankach wraz z uszczelk\u0105 <LI>Wyposa\u017cenie standardowe: kosz PB50D01, druciany kosz na 8 blach Euronorm 600&#215;400 mm, ruszt do pojemnik\u00f3w Euronorm <LI>Wyposa\u017cenie opcjonalne (za dodatkow\u0105 op\u0142at\u0105): PB50D01, PB50G01, PHOOS01, PHOOS02, WB50D01, WB50G01, WB50G02, WB50G03, WB50G04, WB50T02, WH00S01, WH00C01, WP02 <\/p>\n","protected":false},"excerpt":{"rendered":"<p>Zmywarka do naczy\u0144 i do blach Sterowanie: elektroniczne Charakterystyka: zmywarka myj\u0105ca blachy i pojemniki EURONORM 600&#215;400 mm (wysoko\u015b\u0107 350 mm max) Wbudowany zmi\u0119kczacz Wymiary kosza: 500&#215;500 mm Wydajno\u015b\u0107 kosze\/h: max 51 Dozownik nab\u0142yszczacza: perystaltyczna pompa z regulacj\u0105 elektroniczn\u0105 Dozownik detergentu: perystaltyczna pompa z regulacj\u0105 elektroniczn\u0105 Wysoko\u015b\u0107 wej\u015bcia do komory: 415 mm Pod\u0142\u0105czenie elektryczne \/ Ca\u0142kowita [&hellip;]<\/p>\n","protected":false},"featured_media":57425,"template":"","meta":{"_et_pb_use_builder":"","_et_pb_old_content":"","_et_gb_content_width":""},"pwb-brand":[680],"product_brand":[],"product_cat":[497],"product_tag":[],"class_list":{"0":"post-57155","1":"product","2":"type-product","3":"status-publish","4":"has-post-thumbnail","6":"pwb-brand-smeg","7":"product_cat-zmywarki-do-garnkow-i-naczyn","9":"first","10":"instock","11":"taxable","12":"shipping-taxable","13":"purchasable","14":"product-type-simple"},"brands":[{"id":680,"name":"Smeg","slug":"smeg"}],"_links":{"self":[{"href":"https:\/\/www.multifrigo.pl\/sklep\/wp-json\/wp\/v2\/product\/57155","targetHints":{"allow":["GET"]}}],"collection":[{"href":"https:\/\/www.multifrigo.pl\/sklep\/wp-json\/wp\/v2\/product"}],"about":[{"href":"https:\/\/www.multifrigo.pl\/sklep\/wp-json\/wp\/v2\/types\/product"}],"wp:featuredmedia":[{"embeddable":true,"href":"https:\/\/www.multifrigo.pl\/sklep\/wp-json\/wp\/v2\/media\/57425"}],"wp:attachment":[{"href":"https:\/\/www.multifrigo.pl\/sklep\/wp-json\/wp\/v2\/media?parent=57155"}],"wp:term":[{"taxonomy":"pwb-brand","embeddable":true,"href":"https:\/\/www.multifrigo.pl\/sklep\/wp-json\/wp\/v2\/pwb-brand?post=57155"},{"taxonomy":"product_brand","embeddable":true,"href":"https:\/\/www.multifrigo.pl\/sklep\/wp-json\/wp\/v2\/product_brand?post=57155"},{"taxonomy":"product_cat","embeddable":true,"href":"https:\/\/www.multifrigo.pl\/sklep\/wp-json\/wp\/v2\/product_cat?post=57155"},{"taxonomy":"product_tag","embeddable":true,"href":"https:\/\/www.multifrigo.pl\/sklep\/wp-json\/wp\/v2\/product_tag?post=57155"}],"curies":[{"name":"wp","href":"https:\/\/api.w.org\/{rel}","templated":true}]}}