{"id":57235,"date":"2024-09-11T09:58:07","date_gmt":"2024-09-11T09:58:07","guid":{"rendered":"https:\/\/www.multifrigo.pl\/sklep\/produkt\/minibar-wolnostojacy-385x385x480-pojemnosc-30-l-smeg-mte30\/"},"modified":"2024-09-12T14:01:10","modified_gmt":"2024-09-12T14:01:10","slug":"minibar-wolnostojacy-385x385x480-pojemnosc-30-l-smeg-mte30","status":"publish","type":"product","link":"https:\/\/www.multifrigo.pl\/sklep\/produkt\/minibar-wolnostojacy-385x385x480-pojemnosc-30-l-smeg-mte30\/","title":{"rendered":"Minibar wolnostoj\u0105cy, 385x385x480, pojemno\u015b\u0107: 30 l | Smeg MTE30"},"content":{"rendered":"<p>Minibar wolnostoj\u0105cy, wymiary (SxGxW): 385x385x480 mm, pojemno\u015b\u0107 ca\u0142kowita brutto: 30 l<\/p>\n","protected":false},"excerpt":{"rendered":"<p>Minibar wolnostoj\u0105cy, wymiary (SxGxW): 385x385x480 mm, pojemno\u015b\u0107 ca\u0142kowita brutto: 30 l<\/p>\n","protected":false},"featured_media":57582,"template":"","meta":{"_et_pb_use_builder":"","_et_pb_old_content":"","_et_gb_content_width":""},"pwb-brand":[680],"product_brand":[],"product_cat":[1346],"product_tag":[],"class_list":{"0":"post-57235","1":"product","2":"type-product","3":"status-publish","4":"has-post-thumbnail","6":"pwb-brand-smeg","7":"product_cat-chlodziarki","9":"first","10":"instock","11":"taxable","12":"shipping-taxable","13":"purchasable","14":"product-type-simple"},"brands":[{"id":680,"name":"Smeg","slug":"smeg"}],"_links":{"self":[{"href":"https:\/\/www.multifrigo.pl\/sklep\/wp-json\/wp\/v2\/product\/57235","targetHints":{"allow":["GET"]}}],"collection":[{"href":"https:\/\/www.multifrigo.pl\/sklep\/wp-json\/wp\/v2\/product"}],"about":[{"href":"https:\/\/www.multifrigo.pl\/sklep\/wp-json\/wp\/v2\/types\/product"}],"wp:featuredmedia":[{"embeddable":true,"href":"https:\/\/www.multifrigo.pl\/sklep\/wp-json\/wp\/v2\/media\/57582"}],"wp:attachment":[{"href":"https:\/\/www.multifrigo.pl\/sklep\/wp-json\/wp\/v2\/media?parent=57235"}],"wp:term":[{"taxonomy":"pwb-brand","embeddable":true,"href":"https:\/\/www.multifrigo.pl\/sklep\/wp-json\/wp\/v2\/pwb-brand?post=57235"},{"taxonomy":"product_brand","embeddable":true,"href":"https:\/\/www.multifrigo.pl\/sklep\/wp-json\/wp\/v2\/product_brand?post=57235"},{"taxonomy":"product_cat","embeddable":true,"href":"https:\/\/www.multifrigo.pl\/sklep\/wp-json\/wp\/v2\/product_cat?post=57235"},{"taxonomy":"product_tag","embeddable":true,"href":"https:\/\/www.multifrigo.pl\/sklep\/wp-json\/wp\/v2\/product_tag?post=57235"}],"curies":[{"name":"wp","href":"https:\/\/api.w.org\/{rel}","templated":true}]}}