{"id":57257,"date":"2024-09-11T09:59:06","date_gmt":"2024-09-11T09:59:06","guid":{"rendered":"https:\/\/www.multifrigo.pl\/sklep\/produkt\/polautomatyczny-ekspres-do-kawy-la-pavoni-3-grupowy-kolor-grafitowy-smeg-geniale3mneu\/"},"modified":"2024-09-12T14:01:16","modified_gmt":"2024-09-12T14:01:16","slug":"polautomatyczny-ekspres-do-kawy-la-pavoni-3-grupowy-kolor-grafitowy-smeg-geniale3mneu","status":"publish","type":"product","link":"https:\/\/www.multifrigo.pl\/sklep\/produkt\/polautomatyczny-ekspres-do-kawy-la-pavoni-3-grupowy-kolor-grafitowy-smeg-geniale3mneu\/","title":{"rendered":"P\u00f3\u0142automatyczny ekspres do kawy La Pavoni, 3-grupowy, kolor grafitowy | Smeg GENIALE3MNEU"},"content":{"rendered":"<p>P\u00f3\u0142automatyczny ekspres do kawy La Pavoni, 3-grupowy, moc: 5465 W, wymiary (SxGxW): 914x515x550 mm<\/p>\n","protected":false},"excerpt":{"rendered":"<p>P\u00f3\u0142automatyczny ekspres do kawy La Pavoni, 3-grupowy, moc: 5465 W, wymiary (SxGxW): 914x515x550 mm<\/p>\n","protected":false},"featured_media":57654,"template":"","meta":{"_et_pb_use_builder":"","_et_pb_old_content":"","_et_gb_content_width":""},"pwb-brand":[680],"product_brand":[],"product_cat":[322],"product_tag":[],"class_list":{"0":"post-57257","1":"product","2":"type-product","3":"status-publish","4":"has-post-thumbnail","6":"pwb-brand-smeg","7":"product_cat-ekspresy-automatyczne","9":"first","10":"instock","11":"taxable","12":"shipping-taxable","13":"purchasable","14":"product-type-simple"},"brands":[{"id":680,"name":"Smeg","slug":"smeg"}],"_links":{"self":[{"href":"https:\/\/www.multifrigo.pl\/sklep\/wp-json\/wp\/v2\/product\/57257","targetHints":{"allow":["GET"]}}],"collection":[{"href":"https:\/\/www.multifrigo.pl\/sklep\/wp-json\/wp\/v2\/product"}],"about":[{"href":"https:\/\/www.multifrigo.pl\/sklep\/wp-json\/wp\/v2\/types\/product"}],"wp:featuredmedia":[{"embeddable":true,"href":"https:\/\/www.multifrigo.pl\/sklep\/wp-json\/wp\/v2\/media\/57654"}],"wp:attachment":[{"href":"https:\/\/www.multifrigo.pl\/sklep\/wp-json\/wp\/v2\/media?parent=57257"}],"wp:term":[{"taxonomy":"pwb-brand","embeddable":true,"href":"https:\/\/www.multifrigo.pl\/sklep\/wp-json\/wp\/v2\/pwb-brand?post=57257"},{"taxonomy":"product_brand","embeddable":true,"href":"https:\/\/www.multifrigo.pl\/sklep\/wp-json\/wp\/v2\/product_brand?post=57257"},{"taxonomy":"product_cat","embeddable":true,"href":"https:\/\/www.multifrigo.pl\/sklep\/wp-json\/wp\/v2\/product_cat?post=57257"},{"taxonomy":"product_tag","embeddable":true,"href":"https:\/\/www.multifrigo.pl\/sklep\/wp-json\/wp\/v2\/product_tag?post=57257"}],"curies":[{"name":"wp","href":"https:\/\/api.w.org\/{rel}","templated":true}]}}