{"id":57678,"date":"2024-09-12T13:54:19","date_gmt":"2024-09-12T13:54:19","guid":{"rendered":"https:\/\/www.multifrigo.pl\/sklep\/produkt\/piec-konwekcyjny-4-blachy-elektromechaniczny-smeg-alfa43x-2\/"},"modified":"2024-09-12T20:05:04","modified_gmt":"2024-09-12T20:05:04","slug":"piec-konwekcyjny-4-blachy-elektromechaniczny-smeg-alfa43x-2","status":"publish","type":"product","link":"https:\/\/www.multifrigo.pl\/sklep\/produkt\/piec-konwekcyjny-4-blachy-elektromechaniczny-smeg-alfa43x-2\/","title":{"rendered":"Piec konwekcyjny, 4 blachy, elektromechaniczny | Smeg ALFA43X"},"content":{"rendered":"<p><strong>Piec konwekcyjny Smeg ALFA43X<\/strong><\/p>\n<ul>\n<li>Sterowanie: elektromechaniczne<\/li>\n<li>Pojemno\u015b\u0107: 4 blachy 435&#215;420 mm<\/li>\n<li>Pod\u0142\u0105czenie elektryczne \/ Ca\u0142kowita moc przy\u0142\u0105czeniowa: 230V 1N 50Hz \/ 3,0 kW<\/li>\n<li>Regulacja termostatu: 50 &#8211; 250\u00b0C<\/li>\n<li>Regulacja timera: 0 &#8211; 60&#8242; \/ manualna<\/li>\n<li>Ilo\u015b\u0107 wentylator\u00f3w: 1<\/li>\n<li>Komora pieczenia: emaliowana<\/li>\n<li>Otwieranie drzwi: uchylne<\/li>\n<li>Funkcje pieczenia: konwekcja<\/li>\n<li>Konstrukcja: stal nierdzewna<\/li>\n<li>Regulowane n\u00f3\u017cki<\/li>\n<li>Funkcje pieczenia: konwekcja<\/li>\n<li>Podw\u00f3jnie przeszklone drzwi, otwierane do ko\u0144ca<\/li>\n<li>Wyposa\u017cenie standardowe: 4 p\u0142askie blachy aluminiowe<\/li>\n<li>Akcesoria dodatkowe (dodatkowo p\u0142atne): SMEG-3729, SMEG-3735, SMEG-3820, SMEG-3755, SMEG-3780, SMEG-TVL40, SMEG-3926<\/li>\n<\/ul>\n","protected":false},"excerpt":{"rendered":"<p>Piec konwekcyjny Smeg ALFA43X Sterowanie: elektromechaniczne Pojemno\u015b\u0107: 4 blachy 435&#215;420 mm Pod\u0142\u0105czenie elektryczne \/ Ca\u0142kowita moc przy\u0142\u0105czeniowa: 230V 1N 50Hz \/ 3,0 kW Regulacja termostatu: 50 &#8211; 250\u00b0C Regulacja timera: 0 &#8211; 60&#8242; \/ manualna Ilo\u015b\u0107 wentylator\u00f3w: 1 Komora pieczenia: emaliowana Otwieranie drzwi: uchylne Funkcje pieczenia: konwekcja Konstrukcja: stal nierdzewna Regulowane n\u00f3\u017cki Funkcje pieczenia: konwekcja [&hellip;]<\/p>\n","protected":false},"featured_media":57721,"template":"","meta":{"_et_pb_use_builder":"","_et_pb_old_content":"","_et_gb_content_width":""},"pwb-brand":[680],"product_brand":[],"product_cat":[463],"product_tag":[],"class_list":{"0":"post-57678","1":"product","2":"type-product","3":"status-publish","4":"has-post-thumbnail","6":"pwb-brand-smeg","7":"product_cat-piece-konwekcyjne","9":"first","10":"instock","11":"taxable","12":"shipping-taxable","13":"purchasable","14":"product-type-simple"},"brands":[{"id":680,"name":"Smeg","slug":"smeg"}],"_links":{"self":[{"href":"https:\/\/www.multifrigo.pl\/sklep\/wp-json\/wp\/v2\/product\/57678","targetHints":{"allow":["GET"]}}],"collection":[{"href":"https:\/\/www.multifrigo.pl\/sklep\/wp-json\/wp\/v2\/product"}],"about":[{"href":"https:\/\/www.multifrigo.pl\/sklep\/wp-json\/wp\/v2\/types\/product"}],"wp:featuredmedia":[{"embeddable":true,"href":"https:\/\/www.multifrigo.pl\/sklep\/wp-json\/wp\/v2\/media\/57721"}],"wp:attachment":[{"href":"https:\/\/www.multifrigo.pl\/sklep\/wp-json\/wp\/v2\/media?parent=57678"}],"wp:term":[{"taxonomy":"pwb-brand","embeddable":true,"href":"https:\/\/www.multifrigo.pl\/sklep\/wp-json\/wp\/v2\/pwb-brand?post=57678"},{"taxonomy":"product_brand","embeddable":true,"href":"https:\/\/www.multifrigo.pl\/sklep\/wp-json\/wp\/v2\/product_brand?post=57678"},{"taxonomy":"product_cat","embeddable":true,"href":"https:\/\/www.multifrigo.pl\/sklep\/wp-json\/wp\/v2\/product_cat?post=57678"},{"taxonomy":"product_tag","embeddable":true,"href":"https:\/\/www.multifrigo.pl\/sklep\/wp-json\/wp\/v2\/product_tag?post=57678"}],"curies":[{"name":"wp","href":"https:\/\/api.w.org\/{rel}","templated":true}]}}