{"id":57750,"date":"2024-09-23T11:33:30","date_gmt":"2024-09-23T11:33:30","guid":{"rendered":"https:\/\/www.multifrigo.pl\/sklep\/produkt\/system-filtracyjny-bsrs-200-bravilor-bonamat-7-094-901-101\/"},"modified":"2025-07-25T12:45:12","modified_gmt":"2025-07-25T12:45:12","slug":"system-filtracyjny-bsrs-200-bravilor-bonamat-7-094-901-101","status":"publish","type":"product","link":"https:\/\/www.multifrigo.pl\/sklep\/produkt\/system-filtracyjny-bsrs-200-bravilor-bonamat-7-094-901-101\/","title":{"rendered":"System filtracyjny BSRS 200 | Bravilor Bonamat 7.094.901.101"},"content":{"rendered":"<ul>\n<li>BSRS 200 to system filtracyjny zapobiegaj\u0105cy osadzaniu si\u0119 kamienia i usuwaj\u0105cy zanieczyszczenia z wody, poprawiaj\u0105c smak i zapach napoju.\n<li>Nadaje si\u0119 do wszystkich urz\u0105dze\u0144 pod\u0142\u0105czonych do sieci wodoci\u0105gowej (woda od \u015bredniej do bardzo du\u017cej twardo\u015bci). Wydajno\u015b\u0107 zale\u017cy od twardo\u015bci wody (oko\u0142o 1.600 litr\u00f3w przy twardo\u015bci 10 dH). <\/ul>\n<p><\/p>\n<ul>\n<li>Sta\u0142a jako\u015b\u0107 wody<\/li>\n<li>Ochrona urz\u0105dzenia przez osadzaniem si\u0119 kamienia<\/li>\n<li>Zajmuje niewiele miejsca<\/li>\n<li>\u0141atwa i szybka wymiana wk\u0142adu-wbudowany zaw\u00f3r odci\u0119cia wody<\/li>\n<li>Kompletny zestaw gotowy do pod\u0142\u0105czenia<\/li>\n<\/ul>\n","protected":false},"excerpt":{"rendered":"<p>BSRS 200 to system filtracyjny zapobiegaj\u0105cy osadzaniu si\u0119 kamienia i usuwaj\u0105cy zanieczyszczenia z wody, poprawiaj\u0105c smak i zapach napoju. Nadaje si\u0119 do wszystkich urz\u0105dze\u0144 pod\u0142\u0105czonych do sieci wodoci\u0105gowej (woda od \u015bredniej do bardzo du\u017cej twardo\u015bci). Wydajno\u015b\u0107 zale\u017cy od twardo\u015bci wody (oko\u0142o 1.600 litr\u00f3w przy twardo\u015bci 10 dH). Sta\u0142a jako\u015b\u0107 wody Ochrona urz\u0105dzenia przez osadzaniem si\u0119 [&hellip;]<\/p>\n","protected":false},"featured_media":57825,"template":"","meta":{"_et_pb_use_builder":"","_et_pb_old_content":"","_et_gb_content_width":""},"pwb-brand":[4701],"product_brand":[],"product_cat":[321],"product_tag":[],"class_list":{"0":"post-57750","1":"product","2":"type-product","3":"status-publish","4":"has-post-thumbnail","6":"pwb-brand-bravilor-bonamat","7":"product_cat-ekspresy-do-kawy","9":"first","10":"instock","11":"taxable","12":"shipping-taxable","13":"purchasable","14":"product-type-simple"},"brands":[{"id":4701,"name":"Bravilor Bonamat","slug":"bravilor-bonamat"}],"_links":{"self":[{"href":"https:\/\/www.multifrigo.pl\/sklep\/wp-json\/wp\/v2\/product\/57750","targetHints":{"allow":["GET"]}}],"collection":[{"href":"https:\/\/www.multifrigo.pl\/sklep\/wp-json\/wp\/v2\/product"}],"about":[{"href":"https:\/\/www.multifrigo.pl\/sklep\/wp-json\/wp\/v2\/types\/product"}],"wp:featuredmedia":[{"embeddable":true,"href":"https:\/\/www.multifrigo.pl\/sklep\/wp-json\/wp\/v2\/media\/57825"}],"wp:attachment":[{"href":"https:\/\/www.multifrigo.pl\/sklep\/wp-json\/wp\/v2\/media?parent=57750"}],"wp:term":[{"taxonomy":"pwb-brand","embeddable":true,"href":"https:\/\/www.multifrigo.pl\/sklep\/wp-json\/wp\/v2\/pwb-brand?post=57750"},{"taxonomy":"product_brand","embeddable":true,"href":"https:\/\/www.multifrigo.pl\/sklep\/wp-json\/wp\/v2\/product_brand?post=57750"},{"taxonomy":"product_cat","embeddable":true,"href":"https:\/\/www.multifrigo.pl\/sklep\/wp-json\/wp\/v2\/product_cat?post=57750"},{"taxonomy":"product_tag","embeddable":true,"href":"https:\/\/www.multifrigo.pl\/sklep\/wp-json\/wp\/v2\/product_tag?post=57750"}],"curies":[{"name":"wp","href":"https:\/\/api.w.org\/{rel}","templated":true}]}}