{"id":57752,"date":"2024-09-23T11:33:39","date_gmt":"2024-09-23T11:33:39","guid":{"rendered":"https:\/\/www.multifrigo.pl\/sklep\/produkt\/cleaner-do-czyszczenia-z-osadow-4-x-15-saszetek-bravilor-bonamat-7-191-101-212\/"},"modified":"2025-07-25T12:45:13","modified_gmt":"2025-07-25T12:45:13","slug":"cleaner-do-czyszczenia-z-osadow-4-x-15-saszetek-bravilor-bonamat-7-191-101-212","status":"publish","type":"product","link":"https:\/\/www.multifrigo.pl\/sklep\/produkt\/cleaner-do-czyszczenia-z-osadow-4-x-15-saszetek-bravilor-bonamat-7-191-101-212\/","title":{"rendered":"Cleaner do czyszczenia z osad\u00f3w (4 x 15 saszetek) | Bravilor Bonamat 7.191.101.212"},"content":{"rendered":"<p>Produkt do czyszczenia Cleaner usuwa z urz\u0105dze\u0144 pozosta\u0142o\u015bci po kawie i herbacie, przywracaj\u0105c prawdziwy smak napoju i zapobiegaj\u0105c zapychaniu si\u0119 element\u00f3w.<br \/>1 karton (4&#215;15 saszetek po 15 gram)<\/p>\n","protected":false},"excerpt":{"rendered":"<p>Produkt do czyszczenia Cleaner usuwa z urz\u0105dze\u0144 pozosta\u0142o\u015bci po kawie i herbacie, przywracaj\u0105c prawdziwy smak napoju i zapobiegaj\u0105c zapychaniu si\u0119 element\u00f3w.1 karton (4&#215;15 saszetek po 15 gram)<\/p>\n","protected":false},"featured_media":57827,"template":"","meta":{"_et_pb_use_builder":"","_et_pb_old_content":"","_et_gb_content_width":""},"pwb-brand":[4701],"product_brand":[],"product_cat":[391],"product_tag":[],"class_list":{"0":"post-57752","1":"product","2":"type-product","3":"status-publish","4":"has-post-thumbnail","6":"pwb-brand-bravilor-bonamat","7":"product_cat-do-ekspresow-do-kawy","9":"first","10":"instock","11":"taxable","12":"shipping-taxable","13":"purchasable","14":"product-type-simple"},"brands":[{"id":4701,"name":"Bravilor Bonamat","slug":"bravilor-bonamat"}],"_links":{"self":[{"href":"https:\/\/www.multifrigo.pl\/sklep\/wp-json\/wp\/v2\/product\/57752","targetHints":{"allow":["GET"]}}],"collection":[{"href":"https:\/\/www.multifrigo.pl\/sklep\/wp-json\/wp\/v2\/product"}],"about":[{"href":"https:\/\/www.multifrigo.pl\/sklep\/wp-json\/wp\/v2\/types\/product"}],"wp:featuredmedia":[{"embeddable":true,"href":"https:\/\/www.multifrigo.pl\/sklep\/wp-json\/wp\/v2\/media\/57827"}],"wp:attachment":[{"href":"https:\/\/www.multifrigo.pl\/sklep\/wp-json\/wp\/v2\/media?parent=57752"}],"wp:term":[{"taxonomy":"pwb-brand","embeddable":true,"href":"https:\/\/www.multifrigo.pl\/sklep\/wp-json\/wp\/v2\/pwb-brand?post=57752"},{"taxonomy":"product_brand","embeddable":true,"href":"https:\/\/www.multifrigo.pl\/sklep\/wp-json\/wp\/v2\/product_brand?post=57752"},{"taxonomy":"product_cat","embeddable":true,"href":"https:\/\/www.multifrigo.pl\/sklep\/wp-json\/wp\/v2\/product_cat?post=57752"},{"taxonomy":"product_tag","embeddable":true,"href":"https:\/\/www.multifrigo.pl\/sklep\/wp-json\/wp\/v2\/product_tag?post=57752"}],"curies":[{"name":"wp","href":"https:\/\/api.w.org\/{rel}","templated":true}]}}