{"id":57758,"date":"2024-09-23T11:34:14","date_gmt":"2024-09-23T11:34:14","guid":{"rendered":"https:\/\/www.multifrigo.pl\/sklep\/produkt\/warnik-do-mleka-hm-510-bravilor-bonamat-8-523-001-310\/"},"modified":"2025-07-25T12:45:25","modified_gmt":"2025-07-25T12:45:25","slug":"warnik-do-mleka-hm-510-bravilor-bonamat-8-523-001-310","status":"publish","type":"product","link":"https:\/\/www.multifrigo.pl\/sklep\/produkt\/warnik-do-mleka-hm-510-bravilor-bonamat-8-523-001-310\/","title":{"rendered":"Warnik do mleka HM 510 | Bravilor Bonamat 8.523.001.310"},"content":{"rendered":"<p>Urz\u0105dzenie do podgrzewana mleka w systemie Bain-Marie (zapobiegaj\u0105cym przypalaniu si\u0119 mleka). Elektryczne podgrzewanie z r\u0119czn\u0105 regulacj\u0105 temperatury, zabezpieczeniem przed brakiem cieczy, wska\u017anikiem poziomu cieczy, niekapi\u0105cym kranikiem i mieszad\u0142em. Nie wymaga pod\u0142\u0105czenia do sieci wodoci\u0105gowej.<\/p>\n<ul>\n<li>Du\u017ca ilo\u015b\u0107 gor\u0105cego mleka (10 l.) szybko i w odpowiedniej temperaturze<\/li>\n<li>Sterowany termostat do ustawiania \u017c\u0105danej temperatury<\/li>\n<li>Zabezpieczenie przed przypaleniem mleka (Bain-Marie)<\/li>\n<li>Poziom wody w systemie Bain-Marie jest widoczny przez wska\u017anik<\/li>\n<\/ul>\n","protected":false},"excerpt":{"rendered":"<p>Urz\u0105dzenie do podgrzewana mleka w systemie Bain-Marie (zapobiegaj\u0105cym przypalaniu si\u0119 mleka). Elektryczne podgrzewanie z r\u0119czn\u0105 regulacj\u0105 temperatury, zabezpieczeniem przed brakiem cieczy, wska\u017anikiem poziomu cieczy, niekapi\u0105cym kranikiem i mieszad\u0142em. Nie wymaga pod\u0142\u0105czenia do sieci wodoci\u0105gowej. Du\u017ca ilo\u015b\u0107 gor\u0105cego mleka (10 l.) szybko i w odpowiedniej temperaturze Sterowany termostat do ustawiania \u017c\u0105danej temperatury Zabezpieczenie przed przypaleniem mleka [&hellip;]<\/p>\n","protected":false},"featured_media":57833,"template":"","meta":{"_et_pb_use_builder":"","_et_pb_old_content":"","_et_gb_content_width":""},"pwb-brand":[4701],"product_brand":[],"product_cat":[234],"product_tag":[],"class_list":{"0":"post-57758","1":"product","2":"type-product","3":"status-publish","4":"has-post-thumbnail","6":"pwb-brand-bravilor-bonamat","7":"product_cat-warniki","9":"first","10":"instock","11":"taxable","12":"shipping-taxable","13":"purchasable","14":"product-type-simple"},"brands":[{"id":4701,"name":"Bravilor Bonamat","slug":"bravilor-bonamat"}],"_links":{"self":[{"href":"https:\/\/www.multifrigo.pl\/sklep\/wp-json\/wp\/v2\/product\/57758","targetHints":{"allow":["GET"]}}],"collection":[{"href":"https:\/\/www.multifrigo.pl\/sklep\/wp-json\/wp\/v2\/product"}],"about":[{"href":"https:\/\/www.multifrigo.pl\/sklep\/wp-json\/wp\/v2\/types\/product"}],"wp:featuredmedia":[{"embeddable":true,"href":"https:\/\/www.multifrigo.pl\/sklep\/wp-json\/wp\/v2\/media\/57833"}],"wp:attachment":[{"href":"https:\/\/www.multifrigo.pl\/sklep\/wp-json\/wp\/v2\/media?parent=57758"}],"wp:term":[{"taxonomy":"pwb-brand","embeddable":true,"href":"https:\/\/www.multifrigo.pl\/sklep\/wp-json\/wp\/v2\/pwb-brand?post=57758"},{"taxonomy":"product_brand","embeddable":true,"href":"https:\/\/www.multifrigo.pl\/sklep\/wp-json\/wp\/v2\/product_brand?post=57758"},{"taxonomy":"product_cat","embeddable":true,"href":"https:\/\/www.multifrigo.pl\/sklep\/wp-json\/wp\/v2\/product_cat?post=57758"},{"taxonomy":"product_tag","embeddable":true,"href":"https:\/\/www.multifrigo.pl\/sklep\/wp-json\/wp\/v2\/product_tag?post=57758"}],"curies":[{"name":"wp","href":"https:\/\/api.w.org\/{rel}","templated":true}]}}