{"id":57761,"date":"2024-09-23T11:34:26","date_gmt":"2024-09-23T11:34:26","guid":{"rendered":"https:\/\/www.multifrigo.pl\/sklep\/produkt\/warnik-do-goracej-wody-hwa-12-bravilor-bonamat-8-060-320-31002\/"},"modified":"2025-07-25T12:45:29","modified_gmt":"2025-07-25T12:45:29","slug":"warnik-do-goracej-wody-hwa-12-bravilor-bonamat-8-060-320-31002","status":"publish","type":"product","link":"https:\/\/www.multifrigo.pl\/sklep\/produkt\/warnik-do-goracej-wody-hwa-12-bravilor-bonamat-8-060-320-31002\/","title":{"rendered":"Warnik do gor\u0105cej wody HWA 12 | Bravilor Bonamat 8.060.320.31002"},"content":{"rendered":"<p>Bravilor Bonamat to niezmienny symbol jako\u015bci, kt\u00f3r\u0105 odnajdziemy r\u00f3wnie\u017c w warnikach HWA 8 i HWA 12. Dwu\u015bcienne cylindryczne pojemniki wykonane z wysokojako\u015bciowej stali nierdzewnej oraz izolowana pokrywa zapewniaj\u0105 wysok\u0105 energooszcz\u0119dno\u015b\u0107 urz\u0105dzenia. Dzi\u0119ki pomara\u0144czowemu przyciskowi \u201c100\u00b0C\u201d woda szybko zostaje doprowadzona do wrzenia, a optymalna izolacja sprawia, \u017ce d\u0142ugo pozostaje gor\u0105ca. Warniki s\u0105 wyposa\u017cone w funkcj\u0119 EKO, umo\u017cliwiaj\u0105c\u0105 nape\u0142nienie pojemnika zaledwie 4 litrami wody. Jest to idealne rozwi\u0105zanie w okresach mniejszego zapotrzebowania na gor\u0105c\u0105 wod\u0119, kt\u00f3re pozwala na oszcz\u0119dno\u015b\u0107 zar\u00f3wno energii jak i samej wody.<\/p>\n<ul>\n<li>Wyra\u017any i \u0142atwy w obs\u0142udze wy\u015bwietlacz; informuje m.in. o poziomie i temperaturze wody.<\/li>\n<li>Ustawienia temperatury od 45\u00baC do 95\u00baC<\/li>\n<li>Przycisk 100\u00baC szybko doprowadza wod\u0119 do wrzenia<\/li>\n<li>Zabezpieczenie przed gotowaniem bez wody oraz przelaniem<\/li>\n<li>Kranik spustowy ze stali nierdzewnej<\/li>\n<li>\u0141atwe w konserwacji wn\u0119trze pojemnika (brak spirali)<\/li>\n<li>Odpowiedni tak\u017ce do lokalizacji bez sta\u0142ego pod\u0142\u0105czenia wody.<\/li>\n<\/ul>\n","protected":false},"excerpt":{"rendered":"<p>Bravilor Bonamat to niezmienny symbol jako\u015bci, kt\u00f3r\u0105 odnajdziemy r\u00f3wnie\u017c w warnikach HWA 8 i HWA 12. Dwu\u015bcienne cylindryczne pojemniki wykonane z wysokojako\u015bciowej stali nierdzewnej oraz izolowana pokrywa zapewniaj\u0105 wysok\u0105 energooszcz\u0119dno\u015b\u0107 urz\u0105dzenia. Dzi\u0119ki pomara\u0144czowemu przyciskowi \u201c100\u00b0C\u201d woda szybko zostaje doprowadzona do wrzenia, a optymalna izolacja sprawia, \u017ce d\u0142ugo pozostaje gor\u0105ca. Warniki s\u0105 wyposa\u017cone w funkcj\u0119 EKO, [&hellip;]<\/p>\n","protected":false},"featured_media":57836,"template":"","meta":{"_et_pb_use_builder":"","_et_pb_old_content":"","_et_gb_content_width":""},"pwb-brand":[4701],"product_brand":[],"product_cat":[234],"product_tag":[],"class_list":{"0":"post-57761","1":"product","2":"type-product","3":"status-publish","4":"has-post-thumbnail","6":"pwb-brand-bravilor-bonamat","7":"product_cat-warniki","9":"first","10":"instock","11":"taxable","12":"shipping-taxable","13":"purchasable","14":"product-type-simple"},"brands":[{"id":4701,"name":"Bravilor Bonamat","slug":"bravilor-bonamat"}],"_links":{"self":[{"href":"https:\/\/www.multifrigo.pl\/sklep\/wp-json\/wp\/v2\/product\/57761","targetHints":{"allow":["GET"]}}],"collection":[{"href":"https:\/\/www.multifrigo.pl\/sklep\/wp-json\/wp\/v2\/product"}],"about":[{"href":"https:\/\/www.multifrigo.pl\/sklep\/wp-json\/wp\/v2\/types\/product"}],"wp:featuredmedia":[{"embeddable":true,"href":"https:\/\/www.multifrigo.pl\/sklep\/wp-json\/wp\/v2\/media\/57836"}],"wp:attachment":[{"href":"https:\/\/www.multifrigo.pl\/sklep\/wp-json\/wp\/v2\/media?parent=57761"}],"wp:term":[{"taxonomy":"pwb-brand","embeddable":true,"href":"https:\/\/www.multifrigo.pl\/sklep\/wp-json\/wp\/v2\/pwb-brand?post=57761"},{"taxonomy":"product_brand","embeddable":true,"href":"https:\/\/www.multifrigo.pl\/sklep\/wp-json\/wp\/v2\/product_brand?post=57761"},{"taxonomy":"product_cat","embeddable":true,"href":"https:\/\/www.multifrigo.pl\/sklep\/wp-json\/wp\/v2\/product_cat?post=57761"},{"taxonomy":"product_tag","embeddable":true,"href":"https:\/\/www.multifrigo.pl\/sklep\/wp-json\/wp\/v2\/product_tag?post=57761"}],"curies":[{"name":"wp","href":"https:\/\/api.w.org\/{rel}","templated":true}]}}