{"id":58073,"date":"2024-10-02T13:00:02","date_gmt":"2024-10-02T13:00:02","guid":{"rendered":"https:\/\/www.multifrigo.pl\/sklep\/produkt\/lyzeczki-do-kawy-6-sztuk-paros-36685-kulig\/"},"modified":"2025-06-02T13:57:31","modified_gmt":"2025-06-02T13:57:31","slug":"lyzeczki-do-kawy-6-sztuk-paros-36685-kulig","status":"publish","type":"product","link":"https:\/\/www.multifrigo.pl\/sklep\/produkt\/lyzeczki-do-kawy-6-sztuk-paros-36685-kulig\/","title":{"rendered":"\u0141y\u017ceczki do kawy 6 sztuk Paros 36685 | Kulig"},"content":{"rendered":"<p>Sztu\u0107ce Paros poler wykonane s\u0105 ze stali 18\/0.<br \/>\nPosiadaj\u0105 certyfikat dopuszczaj\u0105cy do kontaktu z \u017cywno\u015bci\u0105.<br \/>\nS\u0105 przeznaczone do mycia w zmywarkach.<br \/>\n\u0141y\u017ceczki zapakowane s\u0105 w eleganckie opakowanie prezentowe. <\/p>\n<p>W sk\u0142ad zestawu wchodzi:<br \/>\n&#8211; 6 \u0142y\u017ceczek do kawy<\/p>\n","protected":false},"excerpt":{"rendered":"<p>Sztu\u0107ce Paros poler wykonane s\u0105 ze stali 18\/0. Posiadaj\u0105 certyfikat dopuszczaj\u0105cy do kontaktu z \u017cywno\u015bci\u0105. S\u0105 przeznaczone do mycia w zmywarkach. \u0141y\u017ceczki zapakowane s\u0105 w eleganckie opakowanie prezentowe. W sk\u0142ad zestawu wchodzi: &#8211; 6 \u0142y\u017ceczek do kawy<\/p>\n","protected":false},"featured_media":58997,"template":"","meta":{"_et_pb_use_builder":"","_et_pb_old_content":"","_et_gb_content_width":""},"pwb-brand":[4799],"product_brand":[],"product_cat":[4753],"product_tag":[],"class_list":{"0":"post-58073","1":"product","2":"type-product","3":"status-publish","4":"has-post-thumbnail","6":"pwb-brand-kulig","7":"product_cat-sztucce-kulig","9":"first","10":"instock","11":"taxable","12":"shipping-taxable","13":"purchasable","14":"product-type-simple"},"brands":[{"id":4799,"name":"Kulig","slug":"kulig"}],"_links":{"self":[{"href":"https:\/\/www.multifrigo.pl\/sklep\/wp-json\/wp\/v2\/product\/58073","targetHints":{"allow":["GET"]}}],"collection":[{"href":"https:\/\/www.multifrigo.pl\/sklep\/wp-json\/wp\/v2\/product"}],"about":[{"href":"https:\/\/www.multifrigo.pl\/sklep\/wp-json\/wp\/v2\/types\/product"}],"wp:featuredmedia":[{"embeddable":true,"href":"https:\/\/www.multifrigo.pl\/sklep\/wp-json\/wp\/v2\/media\/58997"}],"wp:attachment":[{"href":"https:\/\/www.multifrigo.pl\/sklep\/wp-json\/wp\/v2\/media?parent=58073"}],"wp:term":[{"taxonomy":"pwb-brand","embeddable":true,"href":"https:\/\/www.multifrigo.pl\/sklep\/wp-json\/wp\/v2\/pwb-brand?post=58073"},{"taxonomy":"product_brand","embeddable":true,"href":"https:\/\/www.multifrigo.pl\/sklep\/wp-json\/wp\/v2\/product_brand?post=58073"},{"taxonomy":"product_cat","embeddable":true,"href":"https:\/\/www.multifrigo.pl\/sklep\/wp-json\/wp\/v2\/product_cat?post=58073"},{"taxonomy":"product_tag","embeddable":true,"href":"https:\/\/www.multifrigo.pl\/sklep\/wp-json\/wp\/v2\/product_tag?post=58073"}],"curies":[{"name":"wp","href":"https:\/\/api.w.org\/{rel}","templated":true}]}}