{"id":60409,"date":"2024-10-16T08:49:52","date_gmt":"2024-10-16T08:49:52","guid":{"rendered":"https:\/\/www.multifrigo.pl\/sklep\/produkt\/stol-ekspozycyjny-z-4-palnikowa-plyta-gazowa-egaz\/"},"modified":"2025-06-30T07:08:03","modified_gmt":"2025-06-30T07:08:03","slug":"stol-ekspozycyjny-z-4-palnikowa-plyta-gazowa-egaz","status":"publish","type":"product","link":"https:\/\/www.multifrigo.pl\/sklep\/produkt\/stol-ekspozycyjny-z-4-palnikowa-plyta-gazowa-egaz\/","title":{"rendered":"St\u00f3\u0142 ekspozycyjny z 4-palnikow\u0105 p\u0142yt\u0105 gazow\u0105 | Egaz"},"content":{"rendered":"<p><strong> ST\u00d3\u0141 EKSPOZYCYJNY<\/strong><br \/>\n<b>Cechy:<\/b><\/p>\n<ul>\n<li>4-palnikowa p\u0142yta gazowa<\/li>\n<li>Lustro<\/li>\n<li>Wykonanie ze stali nierdzewnej<\/li>\n<\/ul>\n","protected":false},"excerpt":{"rendered":"<p><b>St\u00f3\u0142 ekspozycyjny z 4-palnikow\u0105 p\u0142yt\u0105 gazow\u0105<\/b><br \/>\nProdukt z ekspozycji.<\/p>\n","protected":false},"featured_media":60413,"template":"","meta":{"_et_pb_use_builder":"on","_et_pb_old_content":"<strong> ST\u00d3\u0141 EKSPOZYCYJNY<\/strong>\r\n<b>Cechy:<\/b>\r\n<ul>\r\n \t<li>4-palnikowa p\u0142yta gazowa<\/li>\r\n \t<li>Lustro<\/li>\r\n \t<li>Wykonanie ze stali nierdzewnej<\/li>\r\n<\/ul>","_et_gb_content_width":""},"pwb-brand":[1478],"product_brand":[],"product_cat":[1100],"product_tag":[],"class_list":{"0":"post-60409","1":"product","2":"type-product","3":"status-publish","4":"has-post-thumbnail","6":"pwb-brand-egaz","7":"product_cat-promocje","9":"first","10":"instock","11":"sale","12":"taxable","13":"shipping-taxable","14":"purchasable","15":"product-type-simple"},"brands":[{"id":1478,"name":"Egaz","slug":"egaz"}],"_links":{"self":[{"href":"https:\/\/www.multifrigo.pl\/sklep\/wp-json\/wp\/v2\/product\/60409","targetHints":{"allow":["GET"]}}],"collection":[{"href":"https:\/\/www.multifrigo.pl\/sklep\/wp-json\/wp\/v2\/product"}],"about":[{"href":"https:\/\/www.multifrigo.pl\/sklep\/wp-json\/wp\/v2\/types\/product"}],"wp:featuredmedia":[{"embeddable":true,"href":"https:\/\/www.multifrigo.pl\/sklep\/wp-json\/wp\/v2\/media\/60413"}],"wp:attachment":[{"href":"https:\/\/www.multifrigo.pl\/sklep\/wp-json\/wp\/v2\/media?parent=60409"}],"wp:term":[{"taxonomy":"pwb-brand","embeddable":true,"href":"https:\/\/www.multifrigo.pl\/sklep\/wp-json\/wp\/v2\/pwb-brand?post=60409"},{"taxonomy":"product_brand","embeddable":true,"href":"https:\/\/www.multifrigo.pl\/sklep\/wp-json\/wp\/v2\/product_brand?post=60409"},{"taxonomy":"product_cat","embeddable":true,"href":"https:\/\/www.multifrigo.pl\/sklep\/wp-json\/wp\/v2\/product_cat?post=60409"},{"taxonomy":"product_tag","embeddable":true,"href":"https:\/\/www.multifrigo.pl\/sklep\/wp-json\/wp\/v2\/product_tag?post=60409"}],"curies":[{"name":"wp","href":"https:\/\/api.w.org\/{rel}","templated":true}]}}