{"id":60614,"date":"2024-11-05T07:58:37","date_gmt":"2024-11-05T07:58:37","guid":{"rendered":"https:\/\/www.multifrigo.pl\/sklep\/produkt\/kuchnia-gazowa-do-paelli-nastawna-z-piekarnikiem-linia-700-fagor-c-gp711\/"},"modified":"2025-08-04T11:14:47","modified_gmt":"2025-08-04T11:14:47","slug":"kuchnia-gazowa-do-paelli-nastawna-z-piekarnikiem-linia-700-fagor-c-gp711","status":"publish","type":"product","link":"https:\/\/www.multifrigo.pl\/sklep\/produkt\/kuchnia-gazowa-do-paelli-nastawna-z-piekarnikiem-linia-700-fagor-c-gp711\/","title":{"rendered":"Kuchnia gazowa do paelli nastawna z piekarnikiem linia 700 | Fagor C-GP711"},"content":{"rendered":"<p>G\u00f3rny blat pod palnikami t\u0142oczony z jednego kawa\u0142ka blachy o grubo\u015bci 1,5mm. Stal nierdzewna AISI-304. Laserowo ci\u0119te kraw\u0119dzie, automatycznie spawane. Niewidoczne \u015bruby l\u0105cz\u0105ce. Dwukoronowy palnik z czterema rz\u0119dami p\u0142omieni na koron\u0119 gwarantuje r\u00f3wnomierne rozprowadzenie ciep\u0142a do samego spodu paelli. Pilot p\u0142omienia kontrolnego o niskim poborze energii i termopara. Przewody gazowe w elastycznych os\u0142onach ze stali nierdzewnej pozwalaj\u0105ce na \u0142atwiejsz\u0105 manipulacj\u0119 wewn\u0105trz i u\u0142atwiaj\u0105ce prace naprawcze. Sterowanie na panelu frontowym z systemem zabezpieczaj\u0105cym przed przedostawaniem si\u0119 wody. \u017beliwne, emaliowane, odporne na wysokie temperatury os\u0142ony komink\u00f3w spalin, licowane z rusztami palnika, co poprawia manewrowanie wi\u0119kszymi garnkami i zwi\u0119ksza powierzchni\u0119 u\u017cytkow\u0105. Serwisowy dost\u0119p do komponent\u00f3w od frontu. Statyczny piekarnik do paelli o wymiarach 665x665x325 mm ze sterowaniem umiejscowionym na g\u00f3rnym panelu. Komora piekarnika wykonana w ca\u0142o\u015bci ze stali nierdzewnej, kt\u00f3ra u\u0142atwia czyszczenie i zapewnia wi\u0119ksz\u0105 higien\u0119. Temperatura regulowana za pomoc\u0105 termostatu (125 &#8211; 310 st.C). Rurowy palnik ze stali nierdzewnej z pilotem p\u0142omienia kontrolnego i termopar\u0105 oraz zap\u0142onem piezoelektrycznym. Podw\u00f3jne drzwi otwierane na boki. <\/p>\n","protected":false},"excerpt":{"rendered":"<p>G\u00f3rny blat pod palnikami t\u0142oczony z jednego kawa\u0142ka blachy o grubo\u015bci 1,5mm. Stal nierdzewna AISI-304. Laserowo ci\u0119te kraw\u0119dzie, automatycznie spawane. Niewidoczne \u015bruby l\u0105cz\u0105ce. Dwukoronowy palnik z czterema rz\u0119dami p\u0142omieni na koron\u0119 gwarantuje r\u00f3wnomierne rozprowadzenie ciep\u0142a do samego spodu paelli. Pilot p\u0142omienia kontrolnego o niskim poborze energii i termopara. Przewody gazowe w elastycznych os\u0142onach ze stali [&hellip;]<\/p>\n","protected":false},"featured_media":60712,"template":"","meta":{"_et_pb_use_builder":"","_et_pb_old_content":"","_et_gb_content_width":""},"pwb-brand":[1343],"product_brand":[],"product_cat":[5014],"product_tag":[],"class_list":{"0":"post-60614","1":"product","2":"type-product","3":"status-publish","4":"has-post-thumbnail","6":"pwb-brand-fagor","7":"product_cat-kuchnie-do-paelli","9":"first","10":"instock","11":"taxable","12":"shipping-taxable","13":"purchasable","14":"product-type-simple"},"brands":[{"id":1343,"name":"Fagor","slug":"fagor"}],"_links":{"self":[{"href":"https:\/\/www.multifrigo.pl\/sklep\/wp-json\/wp\/v2\/product\/60614","targetHints":{"allow":["GET"]}}],"collection":[{"href":"https:\/\/www.multifrigo.pl\/sklep\/wp-json\/wp\/v2\/product"}],"about":[{"href":"https:\/\/www.multifrigo.pl\/sklep\/wp-json\/wp\/v2\/types\/product"}],"wp:featuredmedia":[{"embeddable":true,"href":"https:\/\/www.multifrigo.pl\/sklep\/wp-json\/wp\/v2\/media\/60712"}],"wp:attachment":[{"href":"https:\/\/www.multifrigo.pl\/sklep\/wp-json\/wp\/v2\/media?parent=60614"}],"wp:term":[{"taxonomy":"pwb-brand","embeddable":true,"href":"https:\/\/www.multifrigo.pl\/sklep\/wp-json\/wp\/v2\/pwb-brand?post=60614"},{"taxonomy":"product_brand","embeddable":true,"href":"https:\/\/www.multifrigo.pl\/sklep\/wp-json\/wp\/v2\/product_brand?post=60614"},{"taxonomy":"product_cat","embeddable":true,"href":"https:\/\/www.multifrigo.pl\/sklep\/wp-json\/wp\/v2\/product_cat?post=60614"},{"taxonomy":"product_tag","embeddable":true,"href":"https:\/\/www.multifrigo.pl\/sklep\/wp-json\/wp\/v2\/product_tag?post=60614"}],"curies":[{"name":"wp","href":"https:\/\/api.w.org\/{rel}","templated":true}]}}