{"id":60622,"date":"2024-11-05T08:01:27","date_gmt":"2024-11-05T08:01:27","guid":{"rendered":"https:\/\/www.multifrigo.pl\/sklep\/produkt\/kuchnia-elektryczna-4-palnikowa-z-piekarnikiem-fagor-c-e741-q\/"},"modified":"2025-08-04T11:15:11","modified_gmt":"2025-08-04T11:15:11","slug":"kuchnia-elektryczna-4-plytowa-z-piekarnikiem-fagor-c-e741-q","status":"publish","type":"product","link":"https:\/\/www.multifrigo.pl\/sklep\/produkt\/kuchnia-elektryczna-4-plytowa-z-piekarnikiem-fagor-c-e741-q\/","title":{"rendered":"Kuchnia elektryczna 4-p\u0142ytowa z piekarnikiem | Fagor C-E741-Q"},"content":{"rendered":"<p>T\u0142oczone blaty wykonane ze stali nierdzewnej AISI-304 o grubo\u015bci 1,5 mm, z zaokr\u0105glonymi kraw\u0119dziami, zaprojektowane tak, aby zapobiec przedostawaniu si\u0119 rozlanej cieczy z patelni do wn\u0119trza.  G\u0142\u0119boko t\u0142oczona powierzchnia z zaokr\u0105glonymi naro\u017cnikami dla \u0142atwego<br \/>\nczyszczenia. Regulacja mocy za pomoc\u0105 selektora z 7 pozycjami. Ochrona przed przegrzaniem dla ka\u017cdej p\u0142yty. Dost\u0119p do komponent\u00f3w od przodu.  Urz\u0105dzenia z ochron\u0105 przed wod\u0105 klasy IPX5. Cztery kwadratowe \u017celiwne p\u0142yty grzejne o wymiarach 230 x 230 mm i mocy 2,6 kW, hermetycznie przymocowane do g\u0142\u0119boko t\u0142oczonej powierzchni g\u00f3rnej. Statyczny piekarnik elektryczny o wymiarach GN 2\/1.  Komora wykonana w ca\u0142o\u015bci ze stali nierdzewnej, co u\u0142atwia czyszczenie i zapewnia wi\u0119ksz\u0105 higien\u0119. Ogrzewanie za pomoc\u0105 element\u00f3w grzejnych ze stali nierdzewnej z prze\u0142\u0105cznikiem wyboru do obs\u0142ugi g\u00f3rnej i \/ lub wewn\u0119trznej cz\u0119\u015bci.  Moc grzewcza 6 kW. Zaw\u00f3r termostatyczny do kontroli temperatury (125 &#8211; 310 \u00b0 C).<\/p>\n","protected":false},"excerpt":{"rendered":"<p>T\u0142oczone blaty wykonane ze stali nierdzewnej AISI-304 o grubo\u015bci 1,5 mm, z zaokr\u0105glonymi kraw\u0119dziami, zaprojektowane tak, aby zapobiec przedostawaniu si\u0119 rozlanej cieczy z patelni do wn\u0119trza. G\u0142\u0119boko t\u0142oczona powierzchnia z zaokr\u0105glonymi naro\u017cnikami dla \u0142atwego czyszczenia. Regulacja mocy za pomoc\u0105 selektora z 7 pozycjami. Ochrona przed przegrzaniem dla ka\u017cdej p\u0142yty. Dost\u0119p do komponent\u00f3w od przodu. Urz\u0105dzenia [&hellip;]<\/p>\n","protected":false},"featured_media":60720,"template":"","meta":{"_et_pb_use_builder":"","_et_pb_old_content":"","_et_gb_content_width":""},"pwb-brand":[1343],"product_brand":[],"product_cat":[5022],"product_tag":[],"class_list":{"0":"post-60622","1":"product","2":"type-product","3":"status-publish","4":"has-post-thumbnail","6":"pwb-brand-fagor","7":"product_cat-4-plytowe-z-piekarnikiem","9":"first","10":"instock","11":"taxable","12":"shipping-taxable","13":"purchasable","14":"product-type-simple"},"brands":[{"id":1343,"name":"Fagor","slug":"fagor"}],"_links":{"self":[{"href":"https:\/\/www.multifrigo.pl\/sklep\/wp-json\/wp\/v2\/product\/60622","targetHints":{"allow":["GET"]}}],"collection":[{"href":"https:\/\/www.multifrigo.pl\/sklep\/wp-json\/wp\/v2\/product"}],"about":[{"href":"https:\/\/www.multifrigo.pl\/sklep\/wp-json\/wp\/v2\/types\/product"}],"wp:featuredmedia":[{"embeddable":true,"href":"https:\/\/www.multifrigo.pl\/sklep\/wp-json\/wp\/v2\/media\/60720"}],"wp:attachment":[{"href":"https:\/\/www.multifrigo.pl\/sklep\/wp-json\/wp\/v2\/media?parent=60622"}],"wp:term":[{"taxonomy":"pwb-brand","embeddable":true,"href":"https:\/\/www.multifrigo.pl\/sklep\/wp-json\/wp\/v2\/pwb-brand?post=60622"},{"taxonomy":"product_brand","embeddable":true,"href":"https:\/\/www.multifrigo.pl\/sklep\/wp-json\/wp\/v2\/product_brand?post=60622"},{"taxonomy":"product_cat","embeddable":true,"href":"https:\/\/www.multifrigo.pl\/sklep\/wp-json\/wp\/v2\/product_cat?post=60622"},{"taxonomy":"product_tag","embeddable":true,"href":"https:\/\/www.multifrigo.pl\/sklep\/wp-json\/wp\/v2\/product_tag?post=60622"}],"curies":[{"name":"wp","href":"https:\/\/api.w.org\/{rel}","templated":true}]}}