{"id":60675,"date":"2024-11-05T08:14:58","date_gmt":"2024-11-05T08:14:58","guid":{"rendered":"https:\/\/www.multifrigo.pl\/sklep\/produkt\/frytownica-elektryczna-jednokomorowa-15-l-wolnostojaca-fagor-f-e7115\/"},"modified":"2025-08-04T11:17:54","modified_gmt":"2025-08-04T11:17:54","slug":"frytownica-elektryczna-jednokomorowa-15-l-wolnostojaca-fagor-f-e7115","status":"publish","type":"product","link":"https:\/\/www.multifrigo.pl\/sklep\/produkt\/frytownica-elektryczna-jednokomorowa-15-l-wolnostojaca-fagor-f-e7115\/","title":{"rendered":"Frytownica elektryczna jednokomorowa 15 l wolnostoj\u0105ca | Fagor F-E7115"},"content":{"rendered":"<p>Powierzchnia wykonana ze stali nierdzewnej AISI-304 o grubo\u015bci 1,5 mm. Powierzchnia  wyci\u0119ta za pomoc\u0105 robota spawalniczego ,kt\u00f3ry dodatkowo poleruje powierzchni\u0119. Zimna strefa w dolnej cz\u0119\u015bci frytownicy, kt\u00f3ra wyd\u0142u\u017ca \u017cywotno\u015b\u0107 oleju oraz zapobiega przypalaniu element\u00f3w, kt\u00f3re spadaj\u0105 na dno komory. Termostatyczna kontrola temperatury, od 60 do 200 \u00b0 C. Wyposa\u017cony w indywidualne pokrywy dla ka\u017cdej komory sma\u017cenia.Spuszczanie oleju z komory przez mechaniczny zaw\u00f3r kulowy, kt\u00f3ry jest solidny, niezawodny i odporny na wysokie temperatury.  Urz\u0105dzenie o du\u017cej mocy, kt\u00f3re szybko si\u0119 nagrzewa i ma wysoki stosunek mocy do litra (do 1,00 kW \/ litr). Model elektryczny z elementami grzewczymi ze stali nierdzewnej AISI304 umieszczonymi wewn\u0105trz komory, kt\u00f3re mo\u017cna przechyla\u0107 o ponad 90 \u00b0,aby zapewni\u0107 idealne czyszczenie  Liczba kom\u00f3r: jedna z 15 litrami pojemno\u015bci, 1 du\u017cy kosz (250 x 280 x 100 mm).<\/p>\n","protected":false},"excerpt":{"rendered":"<p>Powierzchnia wykonana ze stali nierdzewnej AISI-304 o grubo\u015bci 1,5 mm. Powierzchnia wyci\u0119ta za pomoc\u0105 robota spawalniczego ,kt\u00f3ry dodatkowo poleruje powierzchni\u0119. Zimna strefa w dolnej cz\u0119\u015bci frytownicy, kt\u00f3ra wyd\u0142u\u017ca \u017cywotno\u015b\u0107 oleju oraz zapobiega przypalaniu element\u00f3w, kt\u00f3re spadaj\u0105 na dno komory. Termostatyczna kontrola temperatury, od 60 do 200 \u00b0 C. Wyposa\u017cony w indywidualne pokrywy dla ka\u017cdej komory [&hellip;]<\/p>\n","protected":false},"featured_media":60761,"template":"","meta":{"_et_pb_use_builder":"","_et_pb_old_content":"","_et_gb_content_width":""},"pwb-brand":[1343],"product_brand":[],"product_cat":[447],"product_tag":[],"class_list":{"0":"post-60675","1":"product","2":"type-product","3":"status-publish","4":"has-post-thumbnail","6":"pwb-brand-fagor","7":"product_cat-frytownice-gastronomiczne","9":"first","10":"instock","11":"taxable","12":"shipping-taxable","13":"purchasable","14":"product-type-simple"},"brands":[{"id":1343,"name":"Fagor","slug":"fagor"}],"_links":{"self":[{"href":"https:\/\/www.multifrigo.pl\/sklep\/wp-json\/wp\/v2\/product\/60675","targetHints":{"allow":["GET"]}}],"collection":[{"href":"https:\/\/www.multifrigo.pl\/sklep\/wp-json\/wp\/v2\/product"}],"about":[{"href":"https:\/\/www.multifrigo.pl\/sklep\/wp-json\/wp\/v2\/types\/product"}],"wp:featuredmedia":[{"embeddable":true,"href":"https:\/\/www.multifrigo.pl\/sklep\/wp-json\/wp\/v2\/media\/60761"}],"wp:attachment":[{"href":"https:\/\/www.multifrigo.pl\/sklep\/wp-json\/wp\/v2\/media?parent=60675"}],"wp:term":[{"taxonomy":"pwb-brand","embeddable":true,"href":"https:\/\/www.multifrigo.pl\/sklep\/wp-json\/wp\/v2\/pwb-brand?post=60675"},{"taxonomy":"product_brand","embeddable":true,"href":"https:\/\/www.multifrigo.pl\/sklep\/wp-json\/wp\/v2\/product_brand?post=60675"},{"taxonomy":"product_cat","embeddable":true,"href":"https:\/\/www.multifrigo.pl\/sklep\/wp-json\/wp\/v2\/product_cat?post=60675"},{"taxonomy":"product_tag","embeddable":true,"href":"https:\/\/www.multifrigo.pl\/sklep\/wp-json\/wp\/v2\/product_tag?post=60675"}],"curies":[{"name":"wp","href":"https:\/\/api.w.org\/{rel}","templated":true}]}}