{"id":60904,"date":"2024-11-13T13:53:44","date_gmt":"2024-11-13T13:53:44","guid":{"rendered":"https:\/\/www.multifrigo.pl\/sklep\/produkt\/szafa-chlodnicza-jednodrzwiowa-szklane-drzwi-572l-monoblock-concept-fagor-mup-11g-gd\/"},"modified":"2025-08-04T10:24:33","modified_gmt":"2025-08-04T10:24:33","slug":"szafa-chlodnicza-jednodrzwiowa-szklane-drzwi-572l-monoblock-concept-fagor-mup-11g-gd","status":"publish","type":"product","link":"https:\/\/www.multifrigo.pl\/sklep\/produkt\/szafa-chlodnicza-jednodrzwiowa-szklane-drzwi-572l-monoblock-concept-fagor-mup-11g-gd\/","title":{"rendered":"Szafa ch\u0142odnicza jednodrzwiowa szklane drzwi 572l Monoblock Concept | Fagor MUP-11G GD"},"content":{"rendered":"<p>Pojemno\u015b\u0107 572 litr\u00f3w, pe\u0142ne drzwi szklane , agregat w formie MONOBLOKU   T\u0142oczone \u015bcianki komory, wn\u0119trze z austenitycznej stali nierdzewnej.\u00b7 Izolacja- 60 mm wtryskiwanego poliuretanu o g\u0119sto\u015bci 40 kg\/m3 .Alarm ostrzegaj\u0105cy przed wyd\u0142u\u017conym otwarciem drzwi.\u00b7 Drzwi z mo\u017cliwo\u015bci\u0105 monta\u017cu zawias\u00f3w po lewej i prawej stronie,  z automatycznym zamkni\u0119ciem i blokad\u0105 otwarcia przy 90\u00b0. \u00b7 Elektroniczna i cyfrowa regulacja temperatury i rozmra\u017cania.\u00b7  O\u015bwietlenie LED \u00b7 Regulowane nogi ze stali nierdzewnej.  Tryb ECO  Czynnik ch\u0142odniczy: R-600a, Temperatura robocza: -18\u00b0C do -22\u00b0C, Klasa klimatyczna 4, Klasa energetyczna B<\/p>\n","protected":false},"excerpt":{"rendered":"<p>Pojemno\u015b\u0107 572 litr\u00f3w, pe\u0142ne drzwi szklane , agregat w formie MONOBLOKU T\u0142oczone \u015bcianki komory, wn\u0119trze z austenitycznej stali nierdzewnej.\u00b7 Izolacja- 60 mm wtryskiwanego poliuretanu o g\u0119sto\u015bci 40 kg\/m3 .Alarm ostrzegaj\u0105cy przed wyd\u0142u\u017conym otwarciem drzwi.\u00b7 Drzwi z mo\u017cliwo\u015bci\u0105 monta\u017cu zawias\u00f3w po lewej i prawej stronie, z automatycznym zamkni\u0119ciem i blokad\u0105 otwarcia przy 90\u00b0. \u00b7 Elektroniczna i [&hellip;]<\/p>\n","protected":false},"featured_media":61090,"template":"","meta":{"_et_pb_use_builder":"","_et_pb_old_content":"","_et_gb_content_width":""},"pwb-brand":[1343],"product_brand":[],"product_cat":[518],"product_tag":[],"class_list":{"0":"post-60904","1":"product","2":"type-product","3":"status-publish","4":"has-post-thumbnail","6":"pwb-brand-fagor","7":"product_cat-szafy-chlodnicze","9":"first","10":"instock","11":"taxable","12":"shipping-taxable","13":"purchasable","14":"product-type-simple"},"brands":[{"id":1343,"name":"Fagor","slug":"fagor"}],"_links":{"self":[{"href":"https:\/\/www.multifrigo.pl\/sklep\/wp-json\/wp\/v2\/product\/60904","targetHints":{"allow":["GET"]}}],"collection":[{"href":"https:\/\/www.multifrigo.pl\/sklep\/wp-json\/wp\/v2\/product"}],"about":[{"href":"https:\/\/www.multifrigo.pl\/sklep\/wp-json\/wp\/v2\/types\/product"}],"wp:featuredmedia":[{"embeddable":true,"href":"https:\/\/www.multifrigo.pl\/sklep\/wp-json\/wp\/v2\/media\/61090"}],"wp:attachment":[{"href":"https:\/\/www.multifrigo.pl\/sklep\/wp-json\/wp\/v2\/media?parent=60904"}],"wp:term":[{"taxonomy":"pwb-brand","embeddable":true,"href":"https:\/\/www.multifrigo.pl\/sklep\/wp-json\/wp\/v2\/pwb-brand?post=60904"},{"taxonomy":"product_brand","embeddable":true,"href":"https:\/\/www.multifrigo.pl\/sklep\/wp-json\/wp\/v2\/product_brand?post=60904"},{"taxonomy":"product_cat","embeddable":true,"href":"https:\/\/www.multifrigo.pl\/sklep\/wp-json\/wp\/v2\/product_cat?post=60904"},{"taxonomy":"product_tag","embeddable":true,"href":"https:\/\/www.multifrigo.pl\/sklep\/wp-json\/wp\/v2\/product_tag?post=60904"}],"curies":[{"name":"wp","href":"https:\/\/api.w.org\/{rel}","templated":true}]}}