{"id":60926,"date":"2024-11-13T14:12:59","date_gmt":"2024-11-13T14:12:59","guid":{"rendered":"https:\/\/www.multifrigo.pl\/sklep\/produkt\/szafa-chlodnicza-dwutemperaturowa-trzydrzwiowa-concept-fagor-cud-23g-2\/"},"modified":"2025-08-04T10:25:40","modified_gmt":"2025-08-04T10:25:40","slug":"szafa-chlodnicza-dwutemperaturowa-trzydrzwiowa-concept-fagor-cud-23g-2","status":"publish","type":"product","link":"https:\/\/www.multifrigo.pl\/sklep\/produkt\/szafa-chlodnicza-dwutemperaturowa-trzydrzwiowa-concept-fagor-cud-23g-2\/","title":{"rendered":"Szafa ch\u0142odnicza dwutemperaturowa trzydrzwiowa CONCEPT | Fagor CUD-23G\/2"},"content":{"rendered":"<p>Ca\u0142kowita pojemno\u015b\u0107: 1301 litr\u00f3w. 1x drzwi du\u017ce, 2x drzwi ma\u0142e. Dwie oddzielne komory z niezale\u017cnymi strefami temperaturowymi do ch\u0142odzenia. Izolacja &#8211; 50mm. Czynnik ch\u0142odniczy R600a. Klasa energetyczna D. Temperatura pracy: 0\u00b0C do +8\u00b0C, w temperaturze w pomieszczeniu 38\u00b0C.<\/p>\n","protected":false},"excerpt":{"rendered":"<p>Ca\u0142kowita pojemno\u015b\u0107: 1301 litr\u00f3w. 1x drzwi du\u017ce, 2x drzwi ma\u0142e. Dwie oddzielne komory z niezale\u017cnymi strefami temperaturowymi do ch\u0142odzenia. Izolacja &#8211; 50mm. Czynnik ch\u0142odniczy R600a. Klasa energetyczna D. Temperatura pracy: 0\u00b0C do +8\u00b0C, w temperaturze w pomieszczeniu 38\u00b0C.<\/p>\n","protected":false},"featured_media":61109,"template":"","meta":{"_et_pb_use_builder":"","_et_pb_old_content":"","_et_gb_content_width":""},"pwb-brand":[1343],"product_brand":[],"product_cat":[518],"product_tag":[],"class_list":{"0":"post-60926","1":"product","2":"type-product","3":"status-publish","4":"has-post-thumbnail","6":"pwb-brand-fagor","7":"product_cat-szafy-chlodnicze","9":"first","10":"instock","11":"taxable","12":"shipping-taxable","13":"purchasable","14":"product-type-simple"},"brands":[{"id":1343,"name":"Fagor","slug":"fagor"}],"_links":{"self":[{"href":"https:\/\/www.multifrigo.pl\/sklep\/wp-json\/wp\/v2\/product\/60926","targetHints":{"allow":["GET"]}}],"collection":[{"href":"https:\/\/www.multifrigo.pl\/sklep\/wp-json\/wp\/v2\/product"}],"about":[{"href":"https:\/\/www.multifrigo.pl\/sklep\/wp-json\/wp\/v2\/types\/product"}],"wp:featuredmedia":[{"embeddable":true,"href":"https:\/\/www.multifrigo.pl\/sklep\/wp-json\/wp\/v2\/media\/61109"}],"wp:attachment":[{"href":"https:\/\/www.multifrigo.pl\/sklep\/wp-json\/wp\/v2\/media?parent=60926"}],"wp:term":[{"taxonomy":"pwb-brand","embeddable":true,"href":"https:\/\/www.multifrigo.pl\/sklep\/wp-json\/wp\/v2\/pwb-brand?post=60926"},{"taxonomy":"product_brand","embeddable":true,"href":"https:\/\/www.multifrigo.pl\/sklep\/wp-json\/wp\/v2\/product_brand?post=60926"},{"taxonomy":"product_cat","embeddable":true,"href":"https:\/\/www.multifrigo.pl\/sklep\/wp-json\/wp\/v2\/product_cat?post=60926"},{"taxonomy":"product_tag","embeddable":true,"href":"https:\/\/www.multifrigo.pl\/sklep\/wp-json\/wp\/v2\/product_tag?post=60926"}],"curies":[{"name":"wp","href":"https:\/\/api.w.org\/{rel}","templated":true}]}}