{"id":60950,"date":"2024-11-13T14:34:52","date_gmt":"2024-11-13T14:34:52","guid":{"rendered":"https:\/\/www.multifrigo.pl\/sklep\/produkt\/szafa-chlodnicza-na-ryby-574l-concept-fagor-cu-11f\/"},"modified":"2025-08-04T10:26:54","modified_gmt":"2025-08-04T10:26:54","slug":"szafa-chlodnicza-na-ryby-574l-concept-fagor-cu-11f","status":"publish","type":"product","link":"https:\/\/www.multifrigo.pl\/sklep\/produkt\/szafa-chlodnicza-na-ryby-574l-concept-fagor-cu-11f\/","title":{"rendered":"Szafa ch\u0142odnicza na ryby 574l CONCEPT | Fagor CU-11F"},"content":{"rendered":"<p>Konstrukcja ze stali nierdzewnej AISI-304. Natryskowa poliuretanowa izolacja o\u00a0g\u0119sto\u015bci 40 kg\/m3 i\u00a0o\u00a0grubo\u015bci 50 mm. Wyposa\u017cona w\u00a07 pojemnik\u00f3w na ryby o\u00a0du\u017cej pojemno\u015bci, wykonane z\u00a0PVC, perforowane dno ze stali nierdzewnej. Parownik z\u00a0rurami miedzianymi i\u00a0aluminiowymi klapami z\u00a0nierdzewn\u0105 pow\u0142ok\u0105 ochronn\u0105. Numeryczny wy\u015bwietlacz dla elektronicznej i\u00a0cyfrowej kontroli temperatury i\u00a0odmra\u017cania. Alarm dla d\u0142ugiego otwarcia drzwi. Samozamykaj\u0105cy system otwartych drzwi. Kiedy pozostaj\u0105 otwarte pod k\u0105tem mniejszym ni\u017c 90\u00ba, zamykaj\u0105 si\u0119 samoczynnie. Kiedy s\u0105 otwarte pod k\u0105tem wi\u0119kszym ni\u017c 135\u00ba nie zamykaj\u0105 si\u0119. Wbudowane odprowadzenie odpad\u00f3w p\u0142ynnych wewn\u0105trz komory. Nogi ze stali nierdzewnej z\u00a0regulacj\u0105 wysoko\u015bci. Uk\u0142ad ch\u0142odzenia z\u00a0wymuszonym ci\u0105giem utrzymuj\u0105cy temperatur\u0119 robocz\u0105 od -4 \u00baC do + 4 \u00baC. Testowane w\u00a0klasie klimatycznej IV.<\/p>\n","protected":false},"excerpt":{"rendered":"<p>Konstrukcja ze stali nierdzewnej AISI-304. Natryskowa poliuretanowa izolacja o\u00a0g\u0119sto\u015bci 40 kg\/m3 i\u00a0o\u00a0grubo\u015bci 50 mm. Wyposa\u017cona w\u00a07 pojemnik\u00f3w na ryby o\u00a0du\u017cej pojemno\u015bci, wykonane z\u00a0PVC, perforowane dno ze stali nierdzewnej. Parownik z\u00a0rurami miedzianymi i\u00a0aluminiowymi klapami z\u00a0nierdzewn\u0105 pow\u0142ok\u0105 ochronn\u0105. Numeryczny wy\u015bwietlacz dla elektronicznej i\u00a0cyfrowej kontroli temperatury i\u00a0odmra\u017cania. Alarm dla d\u0142ugiego otwarcia drzwi. Samozamykaj\u0105cy system otwartych drzwi. Kiedy pozostaj\u0105 [&hellip;]<\/p>\n","protected":false},"featured_media":61133,"template":"","meta":{"_et_pb_use_builder":"","_et_pb_old_content":"","_et_gb_content_width":""},"pwb-brand":[1343],"product_brand":[],"product_cat":[518],"product_tag":[],"class_list":{"0":"post-60950","1":"product","2":"type-product","3":"status-publish","4":"has-post-thumbnail","6":"pwb-brand-fagor","7":"product_cat-szafy-chlodnicze","9":"first","10":"instock","11":"taxable","12":"shipping-taxable","13":"purchasable","14":"product-type-simple"},"brands":[{"id":1343,"name":"Fagor","slug":"fagor"}],"_links":{"self":[{"href":"https:\/\/www.multifrigo.pl\/sklep\/wp-json\/wp\/v2\/product\/60950","targetHints":{"allow":["GET"]}}],"collection":[{"href":"https:\/\/www.multifrigo.pl\/sklep\/wp-json\/wp\/v2\/product"}],"about":[{"href":"https:\/\/www.multifrigo.pl\/sklep\/wp-json\/wp\/v2\/types\/product"}],"wp:featuredmedia":[{"embeddable":true,"href":"https:\/\/www.multifrigo.pl\/sklep\/wp-json\/wp\/v2\/media\/61133"}],"wp:attachment":[{"href":"https:\/\/www.multifrigo.pl\/sklep\/wp-json\/wp\/v2\/media?parent=60950"}],"wp:term":[{"taxonomy":"pwb-brand","embeddable":true,"href":"https:\/\/www.multifrigo.pl\/sklep\/wp-json\/wp\/v2\/pwb-brand?post=60950"},{"taxonomy":"product_brand","embeddable":true,"href":"https:\/\/www.multifrigo.pl\/sklep\/wp-json\/wp\/v2\/product_brand?post=60950"},{"taxonomy":"product_cat","embeddable":true,"href":"https:\/\/www.multifrigo.pl\/sklep\/wp-json\/wp\/v2\/product_cat?post=60950"},{"taxonomy":"product_tag","embeddable":true,"href":"https:\/\/www.multifrigo.pl\/sklep\/wp-json\/wp\/v2\/product_tag?post=60950"}],"curies":[{"name":"wp","href":"https:\/\/api.w.org\/{rel}","templated":true}]}}