{"id":61047,"date":"2024-11-13T16:04:32","date_gmt":"2024-11-13T16:04:32","guid":{"rendered":"https:\/\/www.multifrigo.pl\/sklep\/produkt\/stol-chlodniczy-salatkowy-3-drzwiowy-z-uchylna-pokrywa-fagor-cps-3g-t\/"},"modified":"2025-08-04T10:31:50","modified_gmt":"2025-08-04T10:31:50","slug":"stol-chlodniczy-salatkowy-3-drzwiowy-z-uchylna-pokrywa-fagor-cps-3g-t","status":"publish","type":"product","link":"https:\/\/www.multifrigo.pl\/sklep\/produkt\/stol-chlodniczy-salatkowy-3-drzwiowy-z-uchylna-pokrywa-fagor-cps-3g-t\/","title":{"rendered":"St\u00f3\u0142 ch\u0142odniczy sa\u0142atkowy 3-drzwiowy z uchyln\u0105 pokryw\u0105 | Fagor CPS-3G T"},"content":{"rendered":"<p>St\u00f3\u0142 ch\u0142odniczy z 3x drzwiami i otworem na pojemniki GN, poj. sto\u0142u ch\u0142odniczego 428 l. otw\u00f3r w blacie na pojemniki: 2x GN1\/2, 3xGN 1\/3, 9x GN 1\/6  (pojemniki nie wchodz\u0105 w sk\u0142ad zestawu). Czynnik ch\u0142odniczy R-290. Wymuszony obieg powietrza. Demontowana, wentylowana, wydajna spr\u0119\u017carka. Miedziany parownik z aluminiowym radiatorem. Automatyczne odparowanie wody podczas rozmra\u017cania. Temperatura pracy: od 0\u00b0C do +8\u00b0C, przy temperaturze w pomieszczeniu +38\u00b0C.<\/p>\n","protected":false},"excerpt":{"rendered":"<p>St\u00f3\u0142 ch\u0142odniczy z 3x drzwiami i otworem na pojemniki GN, poj. sto\u0142u ch\u0142odniczego 428 l. otw\u00f3r w blacie na pojemniki: 2x GN1\/2, 3xGN 1\/3, 9x GN 1\/6 (pojemniki nie wchodz\u0105 w sk\u0142ad zestawu). Czynnik ch\u0142odniczy R-290. Wymuszony obieg powietrza. Demontowana, wentylowana, wydajna spr\u0119\u017carka. Miedziany parownik z aluminiowym radiatorem. Automatyczne odparowanie wody podczas rozmra\u017cania. Temperatura pracy: [&hellip;]<\/p>\n","protected":false},"featured_media":61226,"template":"","meta":{"_et_pb_use_builder":"","_et_pb_old_content":"","_et_gb_content_width":""},"pwb-brand":[1343],"product_brand":[],"product_cat":[523],"product_tag":[],"class_list":{"0":"post-61047","1":"product","2":"type-product","3":"status-publish","4":"has-post-thumbnail","6":"pwb-brand-fagor","7":"product_cat-stoly-chlodnicze","9":"first","10":"instock","11":"taxable","12":"shipping-taxable","13":"product-type-simple"},"brands":[{"id":1343,"name":"Fagor","slug":"fagor"}],"_links":{"self":[{"href":"https:\/\/www.multifrigo.pl\/sklep\/wp-json\/wp\/v2\/product\/61047","targetHints":{"allow":["GET"]}}],"collection":[{"href":"https:\/\/www.multifrigo.pl\/sklep\/wp-json\/wp\/v2\/product"}],"about":[{"href":"https:\/\/www.multifrigo.pl\/sklep\/wp-json\/wp\/v2\/types\/product"}],"wp:featuredmedia":[{"embeddable":true,"href":"https:\/\/www.multifrigo.pl\/sklep\/wp-json\/wp\/v2\/media\/61226"}],"wp:attachment":[{"href":"https:\/\/www.multifrigo.pl\/sklep\/wp-json\/wp\/v2\/media?parent=61047"}],"wp:term":[{"taxonomy":"pwb-brand","embeddable":true,"href":"https:\/\/www.multifrigo.pl\/sklep\/wp-json\/wp\/v2\/pwb-brand?post=61047"},{"taxonomy":"product_brand","embeddable":true,"href":"https:\/\/www.multifrigo.pl\/sklep\/wp-json\/wp\/v2\/product_brand?post=61047"},{"taxonomy":"product_cat","embeddable":true,"href":"https:\/\/www.multifrigo.pl\/sklep\/wp-json\/wp\/v2\/product_cat?post=61047"},{"taxonomy":"product_tag","embeddable":true,"href":"https:\/\/www.multifrigo.pl\/sklep\/wp-json\/wp\/v2\/product_tag?post=61047"}],"curies":[{"name":"wp","href":"https:\/\/api.w.org\/{rel}","templated":true}]}}