{"id":61051,"date":"2024-11-13T16:07:29","date_gmt":"2024-11-13T16:07:29","guid":{"rendered":"https:\/\/www.multifrigo.pl\/sklep\/produkt\/szafa-do-sezonowania-miesa-czarna-fagor-fma-900-b\/"},"modified":"2025-08-04T10:32:04","modified_gmt":"2025-08-04T10:32:04","slug":"szafa-do-sezonowania-miesa-czarna-fagor-fma-900-b","status":"publish","type":"product","link":"https:\/\/www.multifrigo.pl\/sklep\/produkt\/szafa-do-sezonowania-miesa-czarna-fagor-fma-900-b\/","title":{"rendered":"Szafa do sezonowania mi\u0119sa czarna | Fagor FMA-900 B"},"content":{"rendered":"<p>Wewn\u0119trzne pionowe \u015bwiat\u0142o LED maksymalizuj\u0105ce widoczno\u015b\u0107 produktu, bez promieniowania UV. Stalowe wn\u0119trze i obudowa, zapewniaj\u0105ce solidn\u0105 jako\u015b\u0107 wykonania.  Sterylizacja powietrza za pomoc\u0105 UV. Filtr z w\u0119glem aktywnym. Izolacja o g\u0119sto\u015bci 40 kg\/m3. Drzwi z zawiasami i podw\u00f3jnymi szybami z automatycznym zamykaniem i sta\u0142ym otwieraniem. R\u00f3wnomierne rozprowadzanie temperatury. Kontrola temperatury za pomoc\u0105 cyfrowego termostatu z automatycznym systemem odszraniania. Elektroniczny humidistat utrzymuj\u0105cy sta\u0142\u0105 wilgotno\u015b\u0107. Szafa z 4 p\u00f3\u0142kami ka\u017cda o no\u015bno\u015bci do 40 kg. P\u00f3\u0142ki pokryte antybakteryjnym tworzywem sztucznym. Zamek. Pojemno\u015b\u0107 140 litr\u00f3w. Wymiary wewn\u0119trzne 490x427x686. Obudowa w kolorze czarnym<\/p>\n","protected":false},"excerpt":{"rendered":"<p>Wewn\u0119trzne pionowe \u015bwiat\u0142o LED maksymalizuj\u0105ce widoczno\u015b\u0107 produktu, bez promieniowania UV. Stalowe wn\u0119trze i obudowa, zapewniaj\u0105ce solidn\u0105 jako\u015b\u0107 wykonania. Sterylizacja powietrza za pomoc\u0105 UV. Filtr z w\u0119glem aktywnym. Izolacja o g\u0119sto\u015bci 40 kg\/m3. Drzwi z zawiasami i podw\u00f3jnymi szybami z automatycznym zamykaniem i sta\u0142ym otwieraniem. R\u00f3wnomierne rozprowadzanie temperatury. Kontrola temperatury za pomoc\u0105 cyfrowego termostatu z automatycznym [&hellip;]<\/p>\n","protected":false},"featured_media":61230,"template":"","meta":{"_et_pb_use_builder":"","_et_pb_old_content":"","_et_gb_content_width":""},"pwb-brand":[1343],"product_brand":[],"product_cat":[1569],"product_tag":[],"class_list":{"0":"post-61051","1":"product","2":"type-product","3":"status-publish","4":"has-post-thumbnail","6":"pwb-brand-fagor","7":"product_cat-szafy-do-sezonowania-miesa","9":"first","10":"instock","11":"taxable","12":"shipping-taxable","13":"purchasable","14":"product-type-simple"},"brands":[{"id":1343,"name":"Fagor","slug":"fagor"}],"_links":{"self":[{"href":"https:\/\/www.multifrigo.pl\/sklep\/wp-json\/wp\/v2\/product\/61051","targetHints":{"allow":["GET"]}}],"collection":[{"href":"https:\/\/www.multifrigo.pl\/sklep\/wp-json\/wp\/v2\/product"}],"about":[{"href":"https:\/\/www.multifrigo.pl\/sklep\/wp-json\/wp\/v2\/types\/product"}],"wp:featuredmedia":[{"embeddable":true,"href":"https:\/\/www.multifrigo.pl\/sklep\/wp-json\/wp\/v2\/media\/61230"}],"wp:attachment":[{"href":"https:\/\/www.multifrigo.pl\/sklep\/wp-json\/wp\/v2\/media?parent=61051"}],"wp:term":[{"taxonomy":"pwb-brand","embeddable":true,"href":"https:\/\/www.multifrigo.pl\/sklep\/wp-json\/wp\/v2\/pwb-brand?post=61051"},{"taxonomy":"product_brand","embeddable":true,"href":"https:\/\/www.multifrigo.pl\/sklep\/wp-json\/wp\/v2\/product_brand?post=61051"},{"taxonomy":"product_cat","embeddable":true,"href":"https:\/\/www.multifrigo.pl\/sklep\/wp-json\/wp\/v2\/product_cat?post=61051"},{"taxonomy":"product_tag","embeddable":true,"href":"https:\/\/www.multifrigo.pl\/sklep\/wp-json\/wp\/v2\/product_tag?post=61051"}],"curies":[{"name":"wp","href":"https:\/\/api.w.org\/{rel}","templated":true}]}}

Szafa do sezonowania mięsa czarna | Fagor FMA-900 B

<p>Wewnętrzne pionowe światło LED maksymalizujące widoczność produktu, bez promieniowania UV. Stalowe wnętrze i obudowa, zapewniające solidną jakość wykonania.  Sterylizacja powietrza za pomocą UV. Filtr z węglem aktywnym. Izolacja o gęstości 40 kg/m3. Drzwi z zawiasami i podwójnymi szybami z automatycznym zamykaniem i stałym otwieraniem. Równomierne rozprowadzanie temperatury. Kontrola temperatury za pomocą cyfrowego termostatu z automatycznym systemem odszraniania. Elektroniczny humidistat utrzymujący stałą wilgotność. Szafa z 4 półkami każda o nośności do 40 kg. Półki pokryte antybakteryjnym tworzywem sztucznym. Zamek. Pojemność 140 litrów. Wymiary wewnętrzne 490x427x686. Obudowa w kolorze czarnym</p>

<p>Wewnętrzne pionowe światło LED maksymalizujące widoczność produktu, bez promieniowania UV. Stalowe wnętrze i obudowa, zapewniające solidną jakość wykonania. Sterylizacja powietrza za pomocą UV. Filtr z węglem aktywnym. Izolacja o gęstości 40 kg/m3. Drzwi z zawiasami i podwójnymi szybami z automatycznym zamykaniem i stałym otwieraniem. Równomierne rozprowadzanie temperatury. Kontrola temperatury za pomocą cyfrowego termostatu z automatycznym [&hellip;]</p>
