{"id":62112,"date":"2025-05-21T06:48:49","date_gmt":"2025-05-21T06:48:49","guid":{"rendered":"https:\/\/www.multifrigo.pl\/sklep\/produkt\/chlodziarka-gn-2-1-z-chlodzeniem-powietrzem-obiegowym-liebherr-frpsrh-1402\/"},"modified":"2025-05-21T07:25:15","modified_gmt":"2025-05-21T07:25:15","slug":"chlodziarka-gn-2-1-z-chlodzeniem-powietrzem-obiegowym-liebherr-frpsrh-1402","status":"publish","type":"product","link":"https:\/\/www.multifrigo.pl\/sklep\/produkt\/chlodziarka-gn-2-1-z-chlodzeniem-powietrzem-obiegowym-liebherr-frpsrh-1402\/","title":{"rendered":"Ch\u0142odziarka GN 2\/1 z ch\u0142odzeniem powietrzem obiegowym | Liebherr FRPSrh 1402"},"content":{"rendered":"<p><b>Ch\u0142odziarka GN 2\/1 z ch\u0142odzeniem powietrzem obiegowym, Stal chromowo-niklowa (1.4301 \/ AISI 304), Stal szlachetna &#8211; Liebherr FRPSrh 1402<\/b><\/p>\n<p><b>Wn\u0119trze i obudowa ze stali nierdzewnej<\/b><\/p>\n<p>Higiena ma najwy\u017cszy priorytet w miejscach, w kt\u00f3rych przechowywana jest \u017cywno\u015b\u0107. Mamy to na uwadze \u2014 dlatego g\u0142\u0119boko t\u0142oczone wn\u0119trze Gastronorm 2\/1 jest wykonane z higienicznej stali nierdzewnej i nie zawiera k\u0142opotliwych w czyszczeniu cz\u0119\u015bci funkcjonalnych. Wykonane ze stali nierdzewnej boczne \u015bciany obudowy zewn\u0119trznej z warstw\u0105 izolacyjn\u0105 s\u0105 r\u00f3wnie\u017c wyj\u0105tkowo \u0142atwe w czyszczeniu. Ch\u0142odziarki i zamra\u017carki GN 2\/1 ze stali nierdzewnej s\u0105 odporne na strumie\u0144 wody wewn\u0105trz i na zewn\u0105trz, zgodnie z IPX5. <\/p>\n<p><b>Technologia NoFrost<\/b><\/p>\n<p>W przypadku profesjonalnych urz\u0105dze\u0144 Liebherr rozmra\u017canie nie jest konieczne. Ca\u0142a wilgo\u0107 jest usuwana przez uk\u0142ad ch\u0142odzenia wspomagany wentylatorem, a inicjowane cyklicznie fazy rozmra\u017cania usuwaj\u0105 nawet najmniejsze cz\u0105stki wilgoci z wn\u0119trza \u2212 wygodne, bezpieczne i bezszronowe przechowywanie. <\/p>\n<p><b>Rozszerzony zakres temperatur \u20132\u00b0C\/+15\u00b0C<\/b><\/p>\n<p>Lod\u00f3wki Liebherr maj\u0105 rozszerzony zakres temperatury od \u20132\u00b0C do +15\u00b0C. Dzi\u0119ki temu nawet mi\u0119so pozostaje d\u0142ugo \u015bwie\u017ce i smaczne. <\/p>\n<p><b>G\u00f3rne o\u015bwietlenie LED<\/b><\/p>\n<p>G\u00f3rne o\u015bwietlenie LED zapewnia odpowiednie pod\u015bwietlenie wn\u0119trza nawet w ciemnych pomieszczeniach. Optymalna widoczno\u015b\u0107 pozwala b\u0142yskawicznie zlokalizowa\u0107 poszukiwany produkt i szybko zamkn\u0105\u0107 drzwi, zachowuj\u0105c stabiln\u0105 temperatur\u0119 wewn\u0119trzn\u0105. Eliminuje to czasoch\u0142onne poszukiwania i \u2014 co najwa\u017cniejsze \u2014 oszcz\u0119dza energi\u0119. <\/p>\n<p><b>Wbudowany interfejs WiFi\/LAN<\/b><\/p>\n<p>Interfejs WiFi\/LAN umo\u017cliwia \u0142atwe po\u0142\u0105czenie urz\u0105dze\u0144 z Liebherr SmartMonitoring lub istniej\u0105cymi systemami lokalnymi. <\/p>\n<p><b>Przystosowane do znormalizowanych europejskich pojemnik\u00f3w (tylko zamra\u017carki gastronomiczne)<\/b><\/p>\n<p>Otw\u00f3rz drzwiczki i w\u0142\u00f3\u017c pojemnik \u2014 \u0142adnie i schludnie: profesjonalne urz\u0105dzenia dla gastronomii zosta\u0142y zaprojektowane specjalnie dla potrzeb kuchni i piekarni i dlatego dobrze pasuj\u0105 do nich znormalizowane europejskie pojemniki. <\/p>\n","protected":false},"excerpt":{"rendered":"<p>Ch\u0142odziarka GN 2\/1 z ch\u0142odzeniem powietrzem obiegowym, Stal chromowo-niklowa (1.4301 \/ AISI 304), Stal szlachetna &#8211; Liebherr FRPSrh 1402 Wn\u0119trze i obudowa ze stali nierdzewnej Higiena ma najwy\u017cszy priorytet w miejscach, w kt\u00f3rych przechowywana jest \u017cywno\u015b\u0107. Mamy to na uwadze \u2014 dlatego g\u0142\u0119boko t\u0142oczone wn\u0119trze Gastronorm 2\/1 jest wykonane z higienicznej stali nierdzewnej i nie [&hellip;]<\/p>\n","protected":false},"featured_media":31639,"template":"","meta":{"_et_pb_use_builder":"","_et_pb_old_content":"","_et_gb_content_width":""},"pwb-brand":[1352],"product_brand":[],"product_cat":[518],"product_tag":[],"class_list":{"0":"post-62112","1":"product","2":"type-product","3":"status-publish","4":"has-post-thumbnail","6":"pwb-brand-liebherr","7":"product_cat-szafy-chlodnicze","9":"first","10":"instock","11":"taxable","12":"shipping-taxable","13":"purchasable","14":"product-type-simple"},"brands":[{"id":1352,"name":"Liebherr","slug":"liebherr"}],"_links":{"self":[{"href":"https:\/\/www.multifrigo.pl\/sklep\/wp-json\/wp\/v2\/product\/62112","targetHints":{"allow":["GET"]}}],"collection":[{"href":"https:\/\/www.multifrigo.pl\/sklep\/wp-json\/wp\/v2\/product"}],"about":[{"href":"https:\/\/www.multifrigo.pl\/sklep\/wp-json\/wp\/v2\/types\/product"}],"wp:featuredmedia":[{"embeddable":true,"href":"https:\/\/www.multifrigo.pl\/sklep\/wp-json\/wp\/v2\/media\/31639"}],"wp:attachment":[{"href":"https:\/\/www.multifrigo.pl\/sklep\/wp-json\/wp\/v2\/media?parent=62112"}],"wp:term":[{"taxonomy":"pwb-brand","embeddable":true,"href":"https:\/\/www.multifrigo.pl\/sklep\/wp-json\/wp\/v2\/pwb-brand?post=62112"},{"taxonomy":"product_brand","embeddable":true,"href":"https:\/\/www.multifrigo.pl\/sklep\/wp-json\/wp\/v2\/product_brand?post=62112"},{"taxonomy":"product_cat","embeddable":true,"href":"https:\/\/www.multifrigo.pl\/sklep\/wp-json\/wp\/v2\/product_cat?post=62112"},{"taxonomy":"product_tag","embeddable":true,"href":"https:\/\/www.multifrigo.pl\/sklep\/wp-json\/wp\/v2\/product_tag?post=62112"}],"curies":[{"name":"wp","href":"https:\/\/api.w.org\/{rel}","templated":true}]}}