{"id":62131,"date":"2025-05-21T06:51:29","date_gmt":"2025-05-21T06:51:29","guid":{"rendered":"https:\/\/www.multifrigo.pl\/sklep\/produkt\/szafa-chlodnicza-z-chlodzeniem-powietrzem-obiegowym-liebherr-mrfec-4001\/"},"modified":"2025-05-21T07:25:42","modified_gmt":"2025-05-21T07:25:42","slug":"szafa-chlodnicza-z-chlodzeniem-powietrzem-obiegowym-liebherr-mrfec-4001","status":"publish","type":"product","link":"https:\/\/www.multifrigo.pl\/sklep\/produkt\/szafa-chlodnicza-z-chlodzeniem-powietrzem-obiegowym-liebherr-mrfec-4001\/","title":{"rendered":"Szafa ch\u0142odnicza z ch\u0142odzeniem powietrzem obiegowym | Liebherr MRFec 4001"},"content":{"rendered":"<p><b>Ch\u0142odziarka z ch\u0142odzeniem powietrzem obiegowym, stal, Bia\u0142a &#8211; Liebherr MRFec 4001<\/b><\/p>\n<p><b>Przyjazne \u015brodowisku czynniki ch\u0142odnicze<\/b><\/p>\n<p>Przy konstruowaniu urz\u0105dze\u0144 Liebherr skupiono si\u0119 przede wszystkim na zoptymalizowaniu wykorzystania energii i niskich kosztach eksploatacji. Liebherr stosuje wy\u0142\u0105cznie naturalne i przyjazne dla \u015brodowiska czynniki ch\u0142odnicze R 600a i R 290. W po\u0142\u0105czeniu z wysokowydajnymi spr\u0119\u017carkami s\u0105 one niezwykle efektywne, a dzi\u0119ki niskiemu wsp\u00f3\u0142czynnikowi ocieplenia globalnego tak\u017ce przysz\u0142o\u015bciowe. <\/p>\n<p><b>Wydajny system ch\u0142odzenia<\/b><\/p>\n<p>Od dziesi\u0119cioleci firma Liebherr zdobywa do\u015bwiadczenie i prowadzi prace badawczo-rozwojowe w dziedzinie ch\u0142odzenia, co stanowi gwarancj\u0119 najwy\u017cszej jako\u015bci urz\u0105dze\u0144 ch\u0142odniczych. Dzi\u0119ki stosowaniu wy\u0142\u0105cznie najwy\u017cszej klasy kompresor\u00f3w, kondensator\u00f3w, parownik\u00f3w i innych element\u00f3w uk\u0142adu ch\u0142odzenia firma Liebherr tworzy energooszcz\u0119dne urz\u0105dzenia generuj\u0105ce niskie koszty eksploatacji. <\/p>\n<p><b>Obudowa<\/b><\/p>\n<p>Solidna obudowa, indywidualny projekt: Zaprojektuj branding obudowy samodzielnie. Jest wytrzyma\u0142a, odporna na wstrz\u0105sy i \u0142atwa w utrzymaniu czysto\u015bci. <\/p>\n<p><b>Przestawne zawiasy<\/b><\/p>\n<p>Przestawne zawiasy drzwi zapewniaj\u0105 wygodne zape\u0142nianie i opr\u00f3\u017cnianie urz\u0105dzenia, niezale\u017cnie od miejsca ustawienia. <\/p>\n<p><b>Wpuszczany uchwyt<\/b><\/p>\n<p>Por\u0119czno\u015b\u0107 &#8211; Wpuszczany uchwyt z boku drzwi zapewnia ich wygodne otwieranie i zamykanie. Efekt: idealnie r\u00f3wna powierzchnia, bez koliduj\u0105cych klamek. To du\u017ca zaleta zw\u0142aszcza w ograniczonej przestrzeni. <\/p>\n<p><b>Wymienna uszczelka<\/b><\/p>\n<p>Oszcz\u0119dzaj czas i pieni\u0105dze. Szybko i \u0142atwo mo\u017cna samodzielnie wymieni\u0107 uszczelki drzwi. Bez narz\u0119dzi i bez pomocy serwisanta. <\/p>\n","protected":false},"excerpt":{"rendered":"<p>Ch\u0142odziarka z ch\u0142odzeniem powietrzem obiegowym, stal, Bia\u0142a &#8211; Liebherr MRFec 4001 Przyjazne \u015brodowisku czynniki ch\u0142odnicze Przy konstruowaniu urz\u0105dze\u0144 Liebherr skupiono si\u0119 przede wszystkim na zoptymalizowaniu wykorzystania energii i niskich kosztach eksploatacji. Liebherr stosuje wy\u0142\u0105cznie naturalne i przyjazne dla \u015brodowiska czynniki ch\u0142odnicze R 600a i R 290. W po\u0142\u0105czeniu z wysokowydajnymi spr\u0119\u017carkami s\u0105 one niezwykle efektywne, [&hellip;]<\/p>\n","protected":false},"featured_media":31922,"template":"","meta":{"_et_pb_use_builder":"","_et_pb_old_content":"","_et_gb_content_width":""},"pwb-brand":[1352],"product_brand":[],"product_cat":[518],"product_tag":[],"class_list":{"0":"post-62131","1":"product","2":"type-product","3":"status-publish","4":"has-post-thumbnail","6":"pwb-brand-liebherr","7":"product_cat-szafy-chlodnicze","9":"first","10":"instock","11":"taxable","12":"shipping-taxable","13":"purchasable","14":"product-type-simple"},"brands":[{"id":1352,"name":"Liebherr","slug":"liebherr"}],"_links":{"self":[{"href":"https:\/\/www.multifrigo.pl\/sklep\/wp-json\/wp\/v2\/product\/62131","targetHints":{"allow":["GET"]}}],"collection":[{"href":"https:\/\/www.multifrigo.pl\/sklep\/wp-json\/wp\/v2\/product"}],"about":[{"href":"https:\/\/www.multifrigo.pl\/sklep\/wp-json\/wp\/v2\/types\/product"}],"wp:featuredmedia":[{"embeddable":true,"href":"https:\/\/www.multifrigo.pl\/sklep\/wp-json\/wp\/v2\/media\/31922"}],"wp:attachment":[{"href":"https:\/\/www.multifrigo.pl\/sklep\/wp-json\/wp\/v2\/media?parent=62131"}],"wp:term":[{"taxonomy":"pwb-brand","embeddable":true,"href":"https:\/\/www.multifrigo.pl\/sklep\/wp-json\/wp\/v2\/pwb-brand?post=62131"},{"taxonomy":"product_brand","embeddable":true,"href":"https:\/\/www.multifrigo.pl\/sklep\/wp-json\/wp\/v2\/product_brand?post=62131"},{"taxonomy":"product_cat","embeddable":true,"href":"https:\/\/www.multifrigo.pl\/sklep\/wp-json\/wp\/v2\/product_cat?post=62131"},{"taxonomy":"product_tag","embeddable":true,"href":"https:\/\/www.multifrigo.pl\/sklep\/wp-json\/wp\/v2\/product_tag?post=62131"}],"curies":[{"name":"wp","href":"https:\/\/api.w.org\/{rel}","templated":true}]}}