{"id":62598,"date":"2025-05-23T13:21:20","date_gmt":"2025-05-23T13:21:20","guid":{"rendered":"https:\/\/www.multifrigo.pl\/sklep\/produkt\/witryna-cukiernicza-neutralna-c-cn-l-excellente-100-rapa\/"},"modified":"2025-09-08T08:48:59","modified_gmt":"2025-09-08T08:48:59","slug":"witryna-cukiernicza-neutralna-c-cn-l-excellente-100-rapa","status":"publish","type":"product","link":"https:\/\/www.multifrigo.pl\/sklep\/produkt\/witryna-cukiernicza-neutralna-c-cn-l-excellente-100-rapa\/","title":{"rendered":"Witryna cukiernicza neutralna C-CN L EXCELLENTE 100 | RAPA"},"content":{"rendered":"<p><b>Witryna cukiernicza neutralna C-CN L EXCELLENTE 100<\/b><\/p>\n<li>Dodatkowy wewn\u0119trzny blat szklany<\/li>\n<li>Drzwi rozsuwane z szyb zespolonych, niskoemisyjnych<\/li>\n<li>O\u015bwietlenie LED pionowe i g\u00f3rne<\/li>\n<li>Szyby zewn\u0119trzne i drzwi rozsuwane &#8211; zespolone, niskoemisyjne<\/li>\n<li>Szyba czo\u0142owa prosta, uchylna z systemem si\u0142ownik\u00f3w<\/li>\n<li>Nogi regulowane<\/li>\n<li>Urz\u0105dzenie wolnostoj\u0105ce z mo\u017cliwo\u015bci\u0105 \u0142\u0105czenia w ci\u0105gi<\/li>\n<li>Boki z lakierowanej p\u0142yty MDF czarne lub bia\u0142e<\/li>\n<li>Front z lakierowanej p\u0142yty MDF lub z p\u0142yty meblowej &#8211; wyb\u00f3r dekor\u00f3w ze wzornika RAPA<\/li>\n<li>P\u00f3\u0142ki szklane, hartowane &#8211; 2 szt. &#8211; regulowane co 5 cm<\/li>\n","protected":false},"excerpt":{"rendered":"<p>Witryna cukiernicza neutralna C-CN L EXCELLENTE 100 Dodatkowy wewn\u0119trzny blat szklany Drzwi rozsuwane z szyb zespolonych, niskoemisyjnych O\u015bwietlenie LED pionowe i g\u00f3rne Szyby zewn\u0119trzne i drzwi rozsuwane &#8211; zespolone, niskoemisyjne Szyba czo\u0142owa prosta, uchylna z systemem si\u0142ownik\u00f3w Nogi regulowane Urz\u0105dzenie wolnostoj\u0105ce z mo\u017cliwo\u015bci\u0105 \u0142\u0105czenia w ci\u0105gi Boki z lakierowanej p\u0142yty MDF czarne lub bia\u0142e Front [&hellip;]<\/p>\n","protected":false},"featured_media":31100,"template":"","meta":{"_et_pb_use_builder":"","_et_pb_old_content":"","_et_gb_content_width":""},"pwb-brand":[1208],"product_brand":[],"product_cat":[472],"product_tag":[],"class_list":{"0":"post-62598","1":"product","2":"type-product","3":"status-publish","4":"has-post-thumbnail","6":"pwb-brand-rapa","7":"product_cat-witryny-cukiernicze","9":"first","10":"instock","11":"taxable","12":"shipping-taxable","13":"purchasable","14":"product-type-simple"},"brands":[{"id":1208,"name":"RAPA","slug":"rapa"}],"_links":{"self":[{"href":"https:\/\/www.multifrigo.pl\/sklep\/wp-json\/wp\/v2\/product\/62598","targetHints":{"allow":["GET"]}}],"collection":[{"href":"https:\/\/www.multifrigo.pl\/sklep\/wp-json\/wp\/v2\/product"}],"about":[{"href":"https:\/\/www.multifrigo.pl\/sklep\/wp-json\/wp\/v2\/types\/product"}],"wp:featuredmedia":[{"embeddable":true,"href":"https:\/\/www.multifrigo.pl\/sklep\/wp-json\/wp\/v2\/media\/31100"}],"wp:attachment":[{"href":"https:\/\/www.multifrigo.pl\/sklep\/wp-json\/wp\/v2\/media?parent=62598"}],"wp:term":[{"taxonomy":"pwb-brand","embeddable":true,"href":"https:\/\/www.multifrigo.pl\/sklep\/wp-json\/wp\/v2\/pwb-brand?post=62598"},{"taxonomy":"product_brand","embeddable":true,"href":"https:\/\/www.multifrigo.pl\/sklep\/wp-json\/wp\/v2\/product_brand?post=62598"},{"taxonomy":"product_cat","embeddable":true,"href":"https:\/\/www.multifrigo.pl\/sklep\/wp-json\/wp\/v2\/product_cat?post=62598"},{"taxonomy":"product_tag","embeddable":true,"href":"https:\/\/www.multifrigo.pl\/sklep\/wp-json\/wp\/v2\/product_tag?post=62598"}],"curies":[{"name":"wp","href":"https:\/\/api.w.org\/{rel}","templated":true}]}}