{"id":62600,"date":"2025-05-23T13:21:32","date_gmt":"2025-05-23T13:21:32","guid":{"rendered":"https:\/\/www.multifrigo.pl\/sklep\/produkt\/szafa-mroznicza-fat-m-770-rapa\/"},"modified":"2025-09-08T08:49:04","modified_gmt":"2025-09-08T08:49:04","slug":"szafa-mroznicza-fat-m-770-rapa","status":"publish","type":"product","link":"https:\/\/www.multifrigo.pl\/sklep\/produkt\/szafa-mroznicza-fat-m-770-rapa\/","title":{"rendered":"Szafa mro\u017anicza FAT\/M 770 | RAPA"},"content":{"rendered":"<p><b>Szafa mro\u017anicza FAT\/M 770<\/b><\/p>\n<li>4 klasa klimatyczna<\/li>\n<li>Agregat wewn\u0119trzny zasilany ekologicznym czynnikiem R455A<\/li>\n<li>Elektroniczny regulator temperatury z wy\u015bwietlaczem<\/li>\n<li>System automatycznego odparowania skroplin<\/li>\n<li>Drzwi stalowe, skrzyd\u0142owe<\/li>\n<li>Korpus powlekany na kolor RAL 9010 Bia\u0142y czysty &#8211; p\u00f3\u0142mat<\/li>\n<li>Os\u0142ona  skraplacza otwierana bez u\u017cycia narz\u0119dzi<\/li>\n<li>Korpus izolowany ekologiczn\u0105 piank\u0105 poliuretanow\u0105  o grubo\u015bci 10 cm<\/li>\n<li>Mo\u017cliwo\u015b\u0107 prze\u0142o\u017cenia drzwi<\/li>\n<li>Nogi regulowane ze stali nierdzewnej<\/li>\n<li>No\u017cny mechanizm otwierania drzwi<\/li>\n<li>Listwa ze stali nierdzewnej do mocowania wspornik\u00f3w p\u00f3\u0142ek i prowadnic<\/li>\n<li>Przystosowanie na pojemniki GN<\/li>\n<li>Wn\u0119trze szafy ze stali nierdzewnej &#8222;lustro&#8221;<\/li>\n<li>Prowadnice &#8211; 3 poziomy prowadnic uniwersalnych<\/li>\n<li>Komplet p\u00f3\u0142ek nierdzewnych &#8211; 3 szt.<\/li>\n","protected":false},"excerpt":{"rendered":"<p>Szafa mro\u017anicza FAT\/M 770 4 klasa klimatyczna Agregat wewn\u0119trzny zasilany ekologicznym czynnikiem R455A Elektroniczny regulator temperatury z wy\u015bwietlaczem System automatycznego odparowania skroplin Drzwi stalowe, skrzyd\u0142owe Korpus powlekany na kolor RAL 9010 Bia\u0142y czysty &#8211; p\u00f3\u0142mat Os\u0142ona skraplacza otwierana bez u\u017cycia narz\u0119dzi Korpus izolowany ekologiczn\u0105 piank\u0105 poliuretanow\u0105 o grubo\u015bci 10 cm Mo\u017cliwo\u015b\u0107 prze\u0142o\u017cenia drzwi Nogi regulowane [&hellip;]<\/p>\n","protected":false},"featured_media":31121,"template":"","meta":{"_et_pb_use_builder":"","_et_pb_old_content":"","_et_gb_content_width":""},"pwb-brand":[1208],"product_brand":[],"product_cat":[520],"product_tag":[],"class_list":{"0":"post-62600","1":"product","2":"type-product","3":"status-publish","4":"has-post-thumbnail","6":"pwb-brand-rapa","7":"product_cat-szafy-mroznicze","9":"first","10":"instock","11":"taxable","12":"shipping-taxable","13":"purchasable","14":"product-type-simple"},"brands":[{"id":1208,"name":"RAPA","slug":"rapa"}],"_links":{"self":[{"href":"https:\/\/www.multifrigo.pl\/sklep\/wp-json\/wp\/v2\/product\/62600","targetHints":{"allow":["GET"]}}],"collection":[{"href":"https:\/\/www.multifrigo.pl\/sklep\/wp-json\/wp\/v2\/product"}],"about":[{"href":"https:\/\/www.multifrigo.pl\/sklep\/wp-json\/wp\/v2\/types\/product"}],"wp:featuredmedia":[{"embeddable":true,"href":"https:\/\/www.multifrigo.pl\/sklep\/wp-json\/wp\/v2\/media\/31121"}],"wp:attachment":[{"href":"https:\/\/www.multifrigo.pl\/sklep\/wp-json\/wp\/v2\/media?parent=62600"}],"wp:term":[{"taxonomy":"pwb-brand","embeddable":true,"href":"https:\/\/www.multifrigo.pl\/sklep\/wp-json\/wp\/v2\/pwb-brand?post=62600"},{"taxonomy":"product_brand","embeddable":true,"href":"https:\/\/www.multifrigo.pl\/sklep\/wp-json\/wp\/v2\/product_brand?post=62600"},{"taxonomy":"product_cat","embeddable":true,"href":"https:\/\/www.multifrigo.pl\/sklep\/wp-json\/wp\/v2\/product_cat?post=62600"},{"taxonomy":"product_tag","embeddable":true,"href":"https:\/\/www.multifrigo.pl\/sklep\/wp-json\/wp\/v2\/product_tag?post=62600"}],"curies":[{"name":"wp","href":"https:\/\/api.w.org\/{rel}","templated":true}]}}