{"id":62823,"date":"2025-05-23T13:36:11","date_gmt":"2025-05-23T13:36:11","guid":{"rendered":"https:\/\/www.multifrigo.pl\/sklep\/produkt\/lada-kasowa-lk-ca-90-89-rapa\/"},"modified":"2025-09-08T09:02:27","modified_gmt":"2025-09-08T09:02:27","slug":"lada-kasowa-lk-ca-90-89-rapa","status":"publish","type":"product","link":"https:\/\/www.multifrigo.pl\/sklep\/produkt\/lada-kasowa-lk-ca-90-89-rapa\/","title":{"rendered":"Lada kasowa LK-CA\/90\/89 | RAPA"},"content":{"rendered":"<p><b>Lada kasowa LK-CA\/90\/89<\/b><\/p>\n<li>O\u015bwietlenie LED p\u00f3\u0142ki ekspozycyjnej<\/li>\n<li>Nogi regulowane<\/li>\n<li>Zabudowa z p\u0142yty laminowanej, wyb\u00f3r dekor\u00f3w ze wzornika RAPA<\/li>\n<li>Szyba i p\u00f3\u0142ka szklana hartowane<\/li>\n<li>Pod\u015bwietlany sp\u00f3d urz\u0105dzenia<\/li>\n","protected":false},"excerpt":{"rendered":"<p>Lada kasowa LK-CA\/90\/89 O\u015bwietlenie LED p\u00f3\u0142ki ekspozycyjnej Nogi regulowane Zabudowa z p\u0142yty laminowanej, wyb\u00f3r dekor\u00f3w ze wzornika RAPA Szyba i p\u00f3\u0142ka szklana hartowane Pod\u015bwietlany sp\u00f3d urz\u0105dzenia<\/p>\n","protected":false},"featured_media":30866,"template":"","meta":{"_et_pb_use_builder":"","_et_pb_old_content":"","_et_gb_content_width":""},"pwb-brand":[1208],"product_brand":[],"product_cat":[1261],"product_tag":[],"class_list":{"0":"post-62823","1":"product","2":"type-product","3":"status-publish","4":"has-post-thumbnail","6":"pwb-brand-rapa","7":"product_cat-lady-kasowe","9":"first","10":"instock","11":"taxable","12":"shipping-taxable","13":"purchasable","14":"product-type-simple"},"brands":[{"id":1208,"name":"RAPA","slug":"rapa"}],"_links":{"self":[{"href":"https:\/\/www.multifrigo.pl\/sklep\/wp-json\/wp\/v2\/product\/62823","targetHints":{"allow":["GET"]}}],"collection":[{"href":"https:\/\/www.multifrigo.pl\/sklep\/wp-json\/wp\/v2\/product"}],"about":[{"href":"https:\/\/www.multifrigo.pl\/sklep\/wp-json\/wp\/v2\/types\/product"}],"wp:featuredmedia":[{"embeddable":true,"href":"https:\/\/www.multifrigo.pl\/sklep\/wp-json\/wp\/v2\/media\/30866"}],"wp:attachment":[{"href":"https:\/\/www.multifrigo.pl\/sklep\/wp-json\/wp\/v2\/media?parent=62823"}],"wp:term":[{"taxonomy":"pwb-brand","embeddable":true,"href":"https:\/\/www.multifrigo.pl\/sklep\/wp-json\/wp\/v2\/pwb-brand?post=62823"},{"taxonomy":"product_brand","embeddable":true,"href":"https:\/\/www.multifrigo.pl\/sklep\/wp-json\/wp\/v2\/product_brand?post=62823"},{"taxonomy":"product_cat","embeddable":true,"href":"https:\/\/www.multifrigo.pl\/sklep\/wp-json\/wp\/v2\/product_cat?post=62823"},{"taxonomy":"product_tag","embeddable":true,"href":"https:\/\/www.multifrigo.pl\/sklep\/wp-json\/wp\/v2\/product_tag?post=62823"}],"curies":[{"name":"wp","href":"https:\/\/api.w.org\/{rel}","templated":true}]}}