{"id":62870,"date":"2025-05-23T19:01:29","date_gmt":"2025-05-23T19:01:29","guid":{"rendered":"https:\/\/www.multifrigo.pl\/sklep\/produkt\/wyspa-chlodnicza-l-wb1-141-127-rapa\/"},"modified":"2025-09-08T09:05:07","modified_gmt":"2025-09-08T09:05:07","slug":"wyspa-chlodnicza-l-wb1-141-127-rapa","status":"publish","type":"product","link":"https:\/\/www.multifrigo.pl\/sklep\/produkt\/wyspa-chlodnicza-l-wb1-141-127-rapa\/","title":{"rendered":"Wyspa ch\u0142odnicza L-WB1 141\/127 | RAPA"},"content":{"rendered":"<p><b>Wyspa ch\u0142odnicza L-WB1 141\/127<\/b><\/p>\n<li>Korpus i ekspozycja malowana na kolor: RAL 9003 bia\u0142y sygna\u0142owy, RAL 7004 szary sygna\u0142owy lub RAL 9005 czarny g\u0142\u0119boki<\/li>\n<li>3 klasa klimatyczna<\/li>\n<li>Agregat wewn\u0119trzny zasilany ekologicznym czynnikiem R-290<\/li>\n<li>Ch\u0142odzenie dynamiczne<\/li>\n<li>Elektroniczny regulator temperatury z wy\u015bwietlaczem<\/li>\n<li>Dzielone dno ekspozycji<\/li>\n<li>Mo\u017cliwo\u015b\u0107 zmiany k\u0105ta pochylenia ekspozycji &#8211; 3 k\u0105ty pochylenia ekspozycji<\/li>\n<li>Urz\u0105dzenie przeszklone ze wszystkich stron. 2 boki wykonane s\u0105 ze szk\u0142a hartowanego, 2 boki z transparentnego tworzywa sztucznego &#8211; Plexiglass<\/li>\n<li>Maksymalne obci\u0105\u017cenie ekspozycji &#8211; 110 kg dla r\u00f3wnomiernie roz\u0142o\u017conego towaru<\/li>\n<li>Dobrze widoczna ekspozycja towar\u00f3w<\/li>\n<li>Zabezpieczaj\u0105ce odboje ze stali nierdzewnej<\/li>\n<li>Komplet 4 k\u00f3\u0142 obrotowych w tym 2 z hamulcem<\/li>\n<li>Niewymagaj\u0105cy narz\u0119dzi dost\u0119p do skraplacza<\/li>\n<li>Urz\u0105dzenie wolnostoj\u0105ce z mo\u017cliwo\u015bci\u0105 \u0142\u0105czenia w ci\u0105gi<\/li>\n","protected":false},"excerpt":{"rendered":"<p>Wyspa ch\u0142odnicza L-WB1 141\/127 Korpus i ekspozycja malowana na kolor: RAL 9003 bia\u0142y sygna\u0142owy, RAL 7004 szary sygna\u0142owy lub RAL 9005 czarny g\u0142\u0119boki 3 klasa klimatyczna Agregat wewn\u0119trzny zasilany ekologicznym czynnikiem R-290 Ch\u0142odzenie dynamiczne Elektroniczny regulator temperatury z wy\u015bwietlaczem Dzielone dno ekspozycji Mo\u017cliwo\u015b\u0107 zmiany k\u0105ta pochylenia ekspozycji &#8211; 3 k\u0105ty pochylenia ekspozycji Urz\u0105dzenie przeszklone ze [&hellip;]<\/p>\n","protected":false},"featured_media":30828,"template":"","meta":{"_et_pb_use_builder":"","_et_pb_old_content":"","_et_gb_content_width":""},"pwb-brand":[1208],"product_brand":[],"product_cat":[1279],"product_tag":[],"class_list":{"0":"post-62870","1":"product","2":"type-product","3":"status-publish","4":"has-post-thumbnail","6":"pwb-brand-rapa","7":"product_cat-wyspy-chlodnicze","9":"first","10":"instock","11":"taxable","12":"shipping-taxable","13":"purchasable","14":"product-type-simple"},"brands":[{"id":1208,"name":"RAPA","slug":"rapa"}],"_links":{"self":[{"href":"https:\/\/www.multifrigo.pl\/sklep\/wp-json\/wp\/v2\/product\/62870","targetHints":{"allow":["GET"]}}],"collection":[{"href":"https:\/\/www.multifrigo.pl\/sklep\/wp-json\/wp\/v2\/product"}],"about":[{"href":"https:\/\/www.multifrigo.pl\/sklep\/wp-json\/wp\/v2\/types\/product"}],"wp:featuredmedia":[{"embeddable":true,"href":"https:\/\/www.multifrigo.pl\/sklep\/wp-json\/wp\/v2\/media\/30828"}],"wp:attachment":[{"href":"https:\/\/www.multifrigo.pl\/sklep\/wp-json\/wp\/v2\/media?parent=62870"}],"wp:term":[{"taxonomy":"pwb-brand","embeddable":true,"href":"https:\/\/www.multifrigo.pl\/sklep\/wp-json\/wp\/v2\/pwb-brand?post=62870"},{"taxonomy":"product_brand","embeddable":true,"href":"https:\/\/www.multifrigo.pl\/sklep\/wp-json\/wp\/v2\/product_brand?post=62870"},{"taxonomy":"product_cat","embeddable":true,"href":"https:\/\/www.multifrigo.pl\/sklep\/wp-json\/wp\/v2\/product_cat?post=62870"},{"taxonomy":"product_tag","embeddable":true,"href":"https:\/\/www.multifrigo.pl\/sklep\/wp-json\/wp\/v2\/product_tag?post=62870"}],"curies":[{"name":"wp","href":"https:\/\/api.w.org\/{rel}","templated":true}]}}