{"id":62992,"date":"2025-05-23T19:52:55","date_gmt":"2025-05-23T19:52:55","guid":{"rendered":"https:\/\/www.multifrigo.pl\/sklep\/produkt\/regal-piekarniczy-rp-c-150-50-rapa\/"},"modified":"2025-09-08T09:12:24","modified_gmt":"2025-09-08T09:12:24","slug":"regal-piekarniczy-rp-c-150-50-rapa","status":"publish","type":"product","link":"https:\/\/www.multifrigo.pl\/sklep\/produkt\/regal-piekarniczy-rp-c-150-50-rapa\/","title":{"rendered":"Rega\u0142 piekarniczy RP-C 150\/50 | RAPA"},"content":{"rendered":"<p><b>Rega\u0142 piekarniczy RP-C 150\/50<\/b><br \/>\n&#8211; Szkieletowa konstrukcja<br \/>\n&#8211; 4 p\u00f3\u0142ki, pochylone pod k\u0105tem 15\u00b0, dzi\u0119ki temu Twoje produkty s\u0105 odpowiednio wyeksponowane, ka\u017cda p\u00f3\u0142ka ma ogranicznik<br \/>\n&#8211; Regulowane nogi<\/p>\n<p><b>Wyposa\u017cenie standardowe:<b><\/b><br \/>\n&#8211; Korpus: boki i konstrukcja z profili stalowych malowanych na kolor RAL 9005 Czarny g\u0142\u0119boki &#8211; p\u00f3\u0142mat,<br \/>\n&#8211; Ekspozycja: p\u00f3\u0142ki ze stali nierdzewnej \u201eszlif\u201d &#8211; 4 szt. z ogranicznikami, pochylone; 1 szt. dolna, pozioma<\/b><\/p>\n<p><b>Wyposa\u017cenie dodatkowe:<b><\/b><br \/>\n&#8211; Korpus: komplet 4 k\u00f3\u0142 obrotowych w tym 2 z hamulcem <\/b><\/p>\n","protected":false},"excerpt":{"rendered":"<p>Rega\u0142 piekarniczy RP-C 150\/50 &#8211; Szkieletowa konstrukcja &#8211; 4 p\u00f3\u0142ki, pochylone pod k\u0105tem 15\u00b0, dzi\u0119ki temu Twoje produkty s\u0105 odpowiednio wyeksponowane, ka\u017cda p\u00f3\u0142ka ma ogranicznik &#8211; Regulowane nogi Wyposa\u017cenie standardowe: &#8211; Korpus: boki i konstrukcja z profili stalowych malowanych na kolor RAL 9005 Czarny g\u0142\u0119boki &#8211; p\u00f3\u0142mat, &#8211; Ekspozycja: p\u00f3\u0142ki ze stali nierdzewnej \u201eszlif\u201d &#8211; [&hellip;]<\/p>\n","protected":false},"featured_media":63268,"template":"","meta":{"_et_pb_use_builder":"","_et_pb_old_content":"","_et_gb_content_width":""},"pwb-brand":[1208],"product_brand":[],"product_cat":[1300],"product_tag":[],"class_list":{"0":"post-62992","1":"product","2":"type-product","3":"status-publish","4":"has-post-thumbnail","6":"pwb-brand-rapa","7":"product_cat-regaly-piekarnicze-i-warzywnicze","9":"first","10":"instock","11":"taxable","12":"shipping-taxable","13":"purchasable","14":"product-type-simple"},"brands":[{"id":1208,"name":"RAPA","slug":"rapa"}],"_links":{"self":[{"href":"https:\/\/www.multifrigo.pl\/sklep\/wp-json\/wp\/v2\/product\/62992","targetHints":{"allow":["GET"]}}],"collection":[{"href":"https:\/\/www.multifrigo.pl\/sklep\/wp-json\/wp\/v2\/product"}],"about":[{"href":"https:\/\/www.multifrigo.pl\/sklep\/wp-json\/wp\/v2\/types\/product"}],"wp:featuredmedia":[{"embeddable":true,"href":"https:\/\/www.multifrigo.pl\/sklep\/wp-json\/wp\/v2\/media\/63268"}],"wp:attachment":[{"href":"https:\/\/www.multifrigo.pl\/sklep\/wp-json\/wp\/v2\/media?parent=62992"}],"wp:term":[{"taxonomy":"pwb-brand","embeddable":true,"href":"https:\/\/www.multifrigo.pl\/sklep\/wp-json\/wp\/v2\/pwb-brand?post=62992"},{"taxonomy":"product_brand","embeddable":true,"href":"https:\/\/www.multifrigo.pl\/sklep\/wp-json\/wp\/v2\/product_brand?post=62992"},{"taxonomy":"product_cat","embeddable":true,"href":"https:\/\/www.multifrigo.pl\/sklep\/wp-json\/wp\/v2\/product_cat?post=62992"},{"taxonomy":"product_tag","embeddable":true,"href":"https:\/\/www.multifrigo.pl\/sklep\/wp-json\/wp\/v2\/product_tag?post=62992"}],"curies":[{"name":"wp","href":"https:\/\/api.w.org\/{rel}","templated":true}]}}