{"id":63071,"date":"2025-05-23T19:57:42","date_gmt":"2025-05-23T19:57:42","guid":{"rendered":"https:\/\/www.multifrigo.pl\/sklep\/produkt\/altana-chlodnicza-na-kwiaty-sch-akm-1605-rapa\/"},"modified":"2025-09-08T09:17:12","modified_gmt":"2025-09-08T09:17:12","slug":"altana-chlodnicza-na-kwiaty-sch-akm-1605-rapa","status":"publish","type":"product","link":"https:\/\/www.multifrigo.pl\/sklep\/produkt\/altana-chlodnicza-na-kwiaty-sch-akm-1605-rapa\/","title":{"rendered":"Altana ch\u0142odnicza na kwiaty SCh-AKM 1605 | RAPA"},"content":{"rendered":"<p><b>Altana ch\u0142odnicza na kwiaty SCh-AKM 1605<\/b><\/p>\n<li>Ch\u0142odzenie grawitacyjne<\/li>\n<li>Dno komory przechowalniczej  ze stali nierdzewnej \u201ep\u0142\u00f3tno\u201d<\/li>\n<li>Drzwi przeszklone, rozsuwane z blokad\u0105 do za\u0142adunku, samodomykaj\u0105ce<\/li>\n<li>Elektroniczny regulator temperatury z wy\u015bwietlaczem<\/li>\n<li>Korpus wykonany ze stali  nierdzewnej<\/li>\n<li>Nogi regulowane<\/li>\n<li>O\u015bwietlenie LED<\/li>\n<li>Ozdobny motyw kwiatowy na korpusie<\/li>\n<li>Podesty pod kwiaty (2 szt.) ze stali nierdzewnej \u201ep\u0142\u00f3tno\u201d, standardowe (40 cm) &#8211; mo\u017cliwo\u015b\u0107 wymiany na podesty niskie (20 cm) lub podwy\u017cszone (60 cm)<\/li>\n<li>Poprzeczka do zawieszania kompozycji z kwiat\u00f3w ci\u0119tych<\/li>\n<li>System automatycznego odparowania skroplin<\/li>\n<li>Szyba frontowa panoramiczna<\/li>\n<li>Urz\u0105dzenie przeszklone z czterech stron<\/li>\n<li>Wszystkie szyby hartowane obustronnie, zespolone, niskoemisyjne<\/li>\n<li>3 klasa klimatyczna<\/li>\n<li>Agregat wewn\u0119trzny zasilany ekologicznym czynnikiem R-290<\/li>\n","protected":false},"excerpt":{"rendered":"<p>Altana ch\u0142odnicza na kwiaty SCh-AKM 1605 Ch\u0142odzenie grawitacyjne Dno komory przechowalniczej ze stali nierdzewnej \u201ep\u0142\u00f3tno\u201d Drzwi przeszklone, rozsuwane z blokad\u0105 do za\u0142adunku, samodomykaj\u0105ce Elektroniczny regulator temperatury z wy\u015bwietlaczem Korpus wykonany ze stali nierdzewnej Nogi regulowane O\u015bwietlenie LED Ozdobny motyw kwiatowy na korpusie Podesty pod kwiaty (2 szt.) ze stali nierdzewnej \u201ep\u0142\u00f3tno\u201d, standardowe (40 cm) &#8211; [&hellip;]<\/p>\n","protected":false},"featured_media":31120,"template":"","meta":{"_et_pb_use_builder":"","_et_pb_old_content":"","_et_gb_content_width":""},"pwb-brand":[1208],"product_brand":[],"product_cat":[1317],"product_tag":[],"class_list":{"0":"post-63071","1":"product","2":"type-product","3":"status-publish","4":"has-post-thumbnail","6":"pwb-brand-rapa","7":"product_cat-altany-chlodnicze","9":"first","10":"instock","11":"taxable","12":"shipping-taxable","13":"purchasable","14":"product-type-simple"},"brands":[{"id":1208,"name":"RAPA","slug":"rapa"}],"_links":{"self":[{"href":"https:\/\/www.multifrigo.pl\/sklep\/wp-json\/wp\/v2\/product\/63071","targetHints":{"allow":["GET"]}}],"collection":[{"href":"https:\/\/www.multifrigo.pl\/sklep\/wp-json\/wp\/v2\/product"}],"about":[{"href":"https:\/\/www.multifrigo.pl\/sklep\/wp-json\/wp\/v2\/types\/product"}],"wp:featuredmedia":[{"embeddable":true,"href":"https:\/\/www.multifrigo.pl\/sklep\/wp-json\/wp\/v2\/media\/31120"}],"wp:attachment":[{"href":"https:\/\/www.multifrigo.pl\/sklep\/wp-json\/wp\/v2\/media?parent=63071"}],"wp:term":[{"taxonomy":"pwb-brand","embeddable":true,"href":"https:\/\/www.multifrigo.pl\/sklep\/wp-json\/wp\/v2\/pwb-brand?post=63071"},{"taxonomy":"product_brand","embeddable":true,"href":"https:\/\/www.multifrigo.pl\/sklep\/wp-json\/wp\/v2\/product_brand?post=63071"},{"taxonomy":"product_cat","embeddable":true,"href":"https:\/\/www.multifrigo.pl\/sklep\/wp-json\/wp\/v2\/product_cat?post=63071"},{"taxonomy":"product_tag","embeddable":true,"href":"https:\/\/www.multifrigo.pl\/sklep\/wp-json\/wp\/v2\/product_tag?post=63071"}],"curies":[{"name":"wp","href":"https:\/\/api.w.org\/{rel}","templated":true}]}}