{"id":66984,"date":"2025-05-26T17:15:28","date_gmt":"2025-05-26T17:15:28","guid":{"rendered":"https:\/\/www.multifrigo.pl\/sklep\/?post_type=product&#038;p=66984"},"modified":"2025-05-26T23:10:31","modified_gmt":"2025-05-26T23:10:31","slug":"podstawa-ii-typ-6-1-1-i-10-1-1-na-kolkach-skretnych-rational-60-31-103","status":"publish","type":"product","link":"https:\/\/www.multifrigo.pl\/sklep\/produkt\/podstawa-ii-typ-6-1-1-i-10-1-1-na-kolkach-skretnych-rational-60-31-103\/","title":{"rendered":"Podstawa II, typ 6-1\/1 i 10-1\/1, na k\u00f3\u0142kach skr\u0119tnych | Rational 60.31.103"},"content":{"rendered":"<p>Podstawa II do pieca RATIONAL typ 6-1\/1 i 10-1\/1. 14 par prowadnic. Otwarta z dw\u00f3ch stron, ze \u015bciankami bocznymi. Na k\u00f3\u0142kach skr\u0119tnych z regulacj\u0105 wysoko\u015bci.<\/p>\n","protected":false},"excerpt":{"rendered":"<p>Podstawa II do pieca RATIONAL typ 6-1\/1 i 10-1\/1. 14 par prowadnic. Otwarta z dw\u00f3ch stron, ze \u015bciankami bocznymi. Na k\u00f3\u0142kach skr\u0119tnych z regulacj\u0105 wysoko\u015bci.<\/p>\n","protected":false},"featured_media":28371,"template":"","meta":{"_et_pb_use_builder":"","_et_pb_old_content":"","_et_gb_content_width":""},"pwb-brand":[1016],"product_brand":[],"product_cat":[542],"product_tag":[],"class_list":{"0":"post-66984","1":"product","2":"type-product","3":"status-publish","4":"has-post-thumbnail","6":"pwb-brand-rational","7":"product_cat-podstawy-pod-piece","9":"first","10":"instock","11":"taxable","12":"shipping-taxable","13":"purchasable","14":"product-type-simple"},"brands":[{"id":1016,"name":"Rational","slug":"rational"}],"_links":{"self":[{"href":"https:\/\/www.multifrigo.pl\/sklep\/wp-json\/wp\/v2\/product\/66984","targetHints":{"allow":["GET"]}}],"collection":[{"href":"https:\/\/www.multifrigo.pl\/sklep\/wp-json\/wp\/v2\/product"}],"about":[{"href":"https:\/\/www.multifrigo.pl\/sklep\/wp-json\/wp\/v2\/types\/product"}],"wp:featuredmedia":[{"embeddable":true,"href":"https:\/\/www.multifrigo.pl\/sklep\/wp-json\/wp\/v2\/media\/28371"}],"wp:attachment":[{"href":"https:\/\/www.multifrigo.pl\/sklep\/wp-json\/wp\/v2\/media?parent=66984"}],"wp:term":[{"taxonomy":"pwb-brand","embeddable":true,"href":"https:\/\/www.multifrigo.pl\/sklep\/wp-json\/wp\/v2\/pwb-brand?post=66984"},{"taxonomy":"product_brand","embeddable":true,"href":"https:\/\/www.multifrigo.pl\/sklep\/wp-json\/wp\/v2\/product_brand?post=66984"},{"taxonomy":"product_cat","embeddable":true,"href":"https:\/\/www.multifrigo.pl\/sklep\/wp-json\/wp\/v2\/product_cat?post=66984"},{"taxonomy":"product_tag","embeddable":true,"href":"https:\/\/www.multifrigo.pl\/sklep\/wp-json\/wp\/v2\/product_tag?post=66984"}],"curies":[{"name":"wp","href":"https:\/\/api.w.org\/{rel}","templated":true}]}}