{"id":66988,"date":"2025-05-26T17:15:34","date_gmt":"2025-05-26T17:15:34","guid":{"rendered":"https:\/\/www.multifrigo.pl\/sklep\/?post_type=product&#038;p=66988"},"modified":"2025-05-26T23:11:02","modified_gmt":"2025-05-26T23:11:02","slug":"podstawa-z-nozkami-do-icombi-typ-6-1-1-10-1-1-rational-60-31-668","status":"publish","type":"product","link":"https:\/\/www.multifrigo.pl\/sklep\/produkt\/podstawa-z-nozkami-do-icombi-typ-6-1-1-10-1-1-rational-60-31-668\/","title":{"rendered":"Podstawa z n\u00f3\u017ckami do iCombi typ 6-1\/1, 10-1\/1 | Rational 60.31.668"},"content":{"rendered":"<p>Podstawa z n\u00f3\u017ckami do RATIONAL Combi-Duo 6-1\/1 i 10-1\/1. Podstawa z n\u00f3\u017ckami zapewnia bezpiecze\u0144stwo podwy\u017cszonej instalacji urz\u0105dze\u0144 iCombi 6-1\/1 oraz 10-1\/1. Zakres regulacji wysoko\u015bci wynosi 20 mm. Wymiary: 870x635x150 mm <\/p>\n","protected":false},"excerpt":{"rendered":"<p>Podstawa z n\u00f3\u017ckami do RATIONAL Combi-Duo 6-1\/1 i 10-1\/1. Podstawa z n\u00f3\u017ckami zapewnia bezpiecze\u0144stwo podwy\u017cszonej instalacji urz\u0105dze\u0144 iCombi 6-1\/1 oraz 10-1\/1. Zakres regulacji wysoko\u015bci wynosi 20 mm. Wymiary: 870x635x150 mm<\/p>\n","protected":false},"featured_media":28392,"template":"","meta":{"_et_pb_use_builder":"","_et_pb_old_content":"","_et_gb_content_width":""},"pwb-brand":[1016],"product_brand":[],"product_cat":[542],"product_tag":[],"class_list":{"0":"post-66988","1":"product","2":"type-product","3":"status-publish","4":"has-post-thumbnail","6":"pwb-brand-rational","7":"product_cat-podstawy-pod-piece","9":"first","10":"instock","11":"taxable","12":"shipping-taxable","13":"purchasable","14":"product-type-simple"},"brands":[{"id":1016,"name":"Rational","slug":"rational"}],"_links":{"self":[{"href":"https:\/\/www.multifrigo.pl\/sklep\/wp-json\/wp\/v2\/product\/66988","targetHints":{"allow":["GET"]}}],"collection":[{"href":"https:\/\/www.multifrigo.pl\/sklep\/wp-json\/wp\/v2\/product"}],"about":[{"href":"https:\/\/www.multifrigo.pl\/sklep\/wp-json\/wp\/v2\/types\/product"}],"wp:featuredmedia":[{"embeddable":true,"href":"https:\/\/www.multifrigo.pl\/sklep\/wp-json\/wp\/v2\/media\/28392"}],"wp:attachment":[{"href":"https:\/\/www.multifrigo.pl\/sklep\/wp-json\/wp\/v2\/media?parent=66988"}],"wp:term":[{"taxonomy":"pwb-brand","embeddable":true,"href":"https:\/\/www.multifrigo.pl\/sklep\/wp-json\/wp\/v2\/pwb-brand?post=66988"},{"taxonomy":"product_brand","embeddable":true,"href":"https:\/\/www.multifrigo.pl\/sklep\/wp-json\/wp\/v2\/product_brand?post=66988"},{"taxonomy":"product_cat","embeddable":true,"href":"https:\/\/www.multifrigo.pl\/sklep\/wp-json\/wp\/v2\/product_cat?post=66988"},{"taxonomy":"product_tag","embeddable":true,"href":"https:\/\/www.multifrigo.pl\/sklep\/wp-json\/wp\/v2\/product_tag?post=66988"}],"curies":[{"name":"wp","href":"https:\/\/api.w.org\/{rel}","templated":true}]}}