{"id":66994,"date":"2025-05-26T17:15:41","date_gmt":"2025-05-26T17:15:41","guid":{"rendered":"https:\/\/www.multifrigo.pl\/sklep\/?post_type=product&#038;p=66994"},"modified":"2025-05-26T23:11:06","modified_gmt":"2025-05-26T23:11:06","slug":"stelaz-zawieszany-typ-6-1-1-5-poziomow-norma-piekarnicza-rational-60-61-576","status":"publish","type":"product","link":"https:\/\/www.multifrigo.pl\/sklep\/produkt\/stelaz-zawieszany-typ-6-1-1-5-poziomow-norma-piekarnicza-rational-60-61-576\/","title":{"rendered":"Stela\u017c zawieszany typ 6-1\/1, 5 poziom\u00f3w, norma piekarnicza | Rational 60.61.576"},"content":{"rendered":"<p>Stela\u017c zawieszany do pieca RATIONAL typ 6-1\/1. Norma piekarnicza (400&#215;600 mm), 5 poziom\u00f3w (odst\u0119p mi\u0119dzy szynami 88 mm). Prosimy zwr\u00f3ci\u0107 uwag\u0119, \u017ce wersja GN oraz wersja piekarnicza 400 x 600 mm posiadaj\u0105 r\u00f3\u017cne os\u0142ony wentylatora w komorze gotowania. Os\u0142on\u0119 wentylatora mo\u017cna zakupi\u0107 u partnera serwisowego jako cz\u0119\u015b\u0107 serwisow\u0105.<\/p>\n","protected":false},"excerpt":{"rendered":"<p>Stela\u017c zawieszany do pieca RATIONAL typ 6-1\/1. Norma piekarnicza (400&#215;600 mm), 5 poziom\u00f3w (odst\u0119p mi\u0119dzy szynami 88 mm). Prosimy zwr\u00f3ci\u0107 uwag\u0119, \u017ce wersja GN oraz wersja piekarnicza 400 x 600 mm posiadaj\u0105 r\u00f3\u017cne os\u0142ony wentylatora w komorze gotowania. Os\u0142on\u0119 wentylatora mo\u017cna zakupi\u0107 u partnera serwisowego jako cz\u0119\u015b\u0107 serwisow\u0105.<\/p>\n","protected":false},"featured_media":28396,"template":"","meta":{"_et_pb_use_builder":"","_et_pb_old_content":"","_et_gb_content_width":""},"pwb-brand":[1016],"product_brand":[],"product_cat":[134],"product_tag":[],"class_list":{"0":"post-66994","1":"product","2":"type-product","3":"status-publish","4":"has-post-thumbnail","6":"pwb-brand-rational","7":"product_cat-akcesoria-do-piecow","9":"first","10":"instock","11":"taxable","12":"shipping-taxable","13":"purchasable","14":"product-type-simple"},"brands":[{"id":1016,"name":"Rational","slug":"rational"}],"_links":{"self":[{"href":"https:\/\/www.multifrigo.pl\/sklep\/wp-json\/wp\/v2\/product\/66994","targetHints":{"allow":["GET"]}}],"collection":[{"href":"https:\/\/www.multifrigo.pl\/sklep\/wp-json\/wp\/v2\/product"}],"about":[{"href":"https:\/\/www.multifrigo.pl\/sklep\/wp-json\/wp\/v2\/types\/product"}],"wp:featuredmedia":[{"embeddable":true,"href":"https:\/\/www.multifrigo.pl\/sklep\/wp-json\/wp\/v2\/media\/28396"}],"wp:attachment":[{"href":"https:\/\/www.multifrigo.pl\/sklep\/wp-json\/wp\/v2\/media?parent=66994"}],"wp:term":[{"taxonomy":"pwb-brand","embeddable":true,"href":"https:\/\/www.multifrigo.pl\/sklep\/wp-json\/wp\/v2\/pwb-brand?post=66994"},{"taxonomy":"product_brand","embeddable":true,"href":"https:\/\/www.multifrigo.pl\/sklep\/wp-json\/wp\/v2\/product_brand?post=66994"},{"taxonomy":"product_cat","embeddable":true,"href":"https:\/\/www.multifrigo.pl\/sklep\/wp-json\/wp\/v2\/product_cat?post=66994"},{"taxonomy":"product_tag","embeddable":true,"href":"https:\/\/www.multifrigo.pl\/sklep\/wp-json\/wp\/v2\/product_tag?post=66994"}],"curies":[{"name":"wp","href":"https:\/\/api.w.org\/{rel}","templated":true}]}}