{"id":67002,"date":"2025-05-26T17:15:51","date_gmt":"2025-05-26T17:15:51","guid":{"rendered":"https:\/\/www.multifrigo.pl\/sklep\/?post_type=product&#038;p=67002"},"modified":"2025-05-26T23:09:53","modified_gmt":"2025-05-26T23:09:53","slug":"stelaz-zawieszany-typ-10-1-1-8-poziomow-norma-piekarnicza-rational-60-11-541","status":"publish","type":"product","link":"https:\/\/www.multifrigo.pl\/sklep\/produkt\/stelaz-zawieszany-typ-10-1-1-8-poziomow-norma-piekarnicza-rational-60-11-541\/","title":{"rendered":"Stela\u017c zawieszany typ 10-1\/1, 8 poziom\u00f3w, norma piekarnicza | Rational 60.11.541"},"content":{"rendered":"<p>Stela\u017c zawieszany do pieca RATIONAL typ 10-1\/1. Norma piekarnicza (400&#215;600 mm), 8 poziom\u00f3w (odst\u0119p mi\u0119dzy szynami 90 mm).<\/p>\n","protected":false},"excerpt":{"rendered":"<p>Stela\u017c zawieszany do pieca RATIONAL typ 10-1\/1. Norma piekarnicza (400&#215;600 mm), 8 poziom\u00f3w (odst\u0119p mi\u0119dzy szynami 90 mm).<\/p>\n","protected":false},"featured_media":28342,"template":"","meta":{"_et_pb_use_builder":"","_et_pb_old_content":"","_et_gb_content_width":""},"pwb-brand":[1016],"product_brand":[],"product_cat":[134],"product_tag":[],"class_list":{"0":"post-67002","1":"product","2":"type-product","3":"status-publish","4":"has-post-thumbnail","6":"pwb-brand-rational","7":"product_cat-akcesoria-do-piecow","9":"first","10":"instock","11":"taxable","12":"shipping-taxable","13":"purchasable","14":"product-type-simple"},"brands":[{"id":1016,"name":"Rational","slug":"rational"}],"_links":{"self":[{"href":"https:\/\/www.multifrigo.pl\/sklep\/wp-json\/wp\/v2\/product\/67002","targetHints":{"allow":["GET"]}}],"collection":[{"href":"https:\/\/www.multifrigo.pl\/sklep\/wp-json\/wp\/v2\/product"}],"about":[{"href":"https:\/\/www.multifrigo.pl\/sklep\/wp-json\/wp\/v2\/types\/product"}],"wp:featuredmedia":[{"embeddable":true,"href":"https:\/\/www.multifrigo.pl\/sklep\/wp-json\/wp\/v2\/media\/28342"}],"wp:attachment":[{"href":"https:\/\/www.multifrigo.pl\/sklep\/wp-json\/wp\/v2\/media?parent=67002"}],"wp:term":[{"taxonomy":"pwb-brand","embeddable":true,"href":"https:\/\/www.multifrigo.pl\/sklep\/wp-json\/wp\/v2\/pwb-brand?post=67002"},{"taxonomy":"product_brand","embeddable":true,"href":"https:\/\/www.multifrigo.pl\/sklep\/wp-json\/wp\/v2\/product_brand?post=67002"},{"taxonomy":"product_cat","embeddable":true,"href":"https:\/\/www.multifrigo.pl\/sklep\/wp-json\/wp\/v2\/product_cat?post=67002"},{"taxonomy":"product_tag","embeddable":true,"href":"https:\/\/www.multifrigo.pl\/sklep\/wp-json\/wp\/v2\/product_tag?post=67002"}],"curies":[{"name":"wp","href":"https:\/\/api.w.org\/{rel}","templated":true}]}}