{"id":67005,"date":"2025-05-26T17:15:55","date_gmt":"2025-05-26T17:15:55","guid":{"rendered":"https:\/\/www.multifrigo.pl\/sklep\/?post_type=product&#038;p=67005"},"modified":"2025-05-26T23:09:56","modified_gmt":"2025-05-26T23:09:56","slug":"stelaz-zawieszany-typ-10-2-1-10-poziomow-rational-60-12-133","status":"publish","type":"product","link":"https:\/\/www.multifrigo.pl\/sklep\/produkt\/stelaz-zawieszany-typ-10-2-1-10-poziomow-rational-60-12-133\/","title":{"rendered":"Stela\u017c zawieszany typ 10-2\/1, 10 poziom\u00f3w | Rational 60.12.133"},"content":{"rendered":"<p>Stela\u017c zawieszany do pieca RATIONAL typ 10-2\/1. 10 poziom\u00f3w (odst\u0119p mi\u0119dzy szynami 68 mm).<\/p>\n","protected":false},"excerpt":{"rendered":"<p>Stela\u017c zawieszany do pieca RATIONAL typ 10-2\/1. 10 poziom\u00f3w (odst\u0119p mi\u0119dzy szynami 68 mm).<\/p>\n","protected":false},"featured_media":28345,"template":"","meta":{"_et_pb_use_builder":"","_et_pb_old_content":"","_et_gb_content_width":""},"pwb-brand":[1016],"product_brand":[],"product_cat":[134],"product_tag":[],"class_list":{"0":"post-67005","1":"product","2":"type-product","3":"status-publish","4":"has-post-thumbnail","6":"pwb-brand-rational","7":"product_cat-akcesoria-do-piecow","9":"first","10":"instock","11":"taxable","12":"shipping-taxable","13":"purchasable","14":"product-type-simple"},"brands":[{"id":1016,"name":"Rational","slug":"rational"}],"_links":{"self":[{"href":"https:\/\/www.multifrigo.pl\/sklep\/wp-json\/wp\/v2\/product\/67005","targetHints":{"allow":["GET"]}}],"collection":[{"href":"https:\/\/www.multifrigo.pl\/sklep\/wp-json\/wp\/v2\/product"}],"about":[{"href":"https:\/\/www.multifrigo.pl\/sklep\/wp-json\/wp\/v2\/types\/product"}],"wp:featuredmedia":[{"embeddable":true,"href":"https:\/\/www.multifrigo.pl\/sklep\/wp-json\/wp\/v2\/media\/28345"}],"wp:attachment":[{"href":"https:\/\/www.multifrigo.pl\/sklep\/wp-json\/wp\/v2\/media?parent=67005"}],"wp:term":[{"taxonomy":"pwb-brand","embeddable":true,"href":"https:\/\/www.multifrigo.pl\/sklep\/wp-json\/wp\/v2\/pwb-brand?post=67005"},{"taxonomy":"product_brand","embeddable":true,"href":"https:\/\/www.multifrigo.pl\/sklep\/wp-json\/wp\/v2\/product_brand?post=67005"},{"taxonomy":"product_cat","embeddable":true,"href":"https:\/\/www.multifrigo.pl\/sklep\/wp-json\/wp\/v2\/product_cat?post=67005"},{"taxonomy":"product_tag","embeddable":true,"href":"https:\/\/www.multifrigo.pl\/sklep\/wp-json\/wp\/v2\/product_tag?post=67005"}],"curies":[{"name":"wp","href":"https:\/\/api.w.org\/{rel}","templated":true}]}}