{"id":67007,"date":"2025-05-26T17:15:58","date_gmt":"2025-05-26T17:15:58","guid":{"rendered":"https:\/\/www.multifrigo.pl\/sklep\/?post_type=product&#038;p=67007"},"modified":"2025-05-26T23:10:00","modified_gmt":"2025-05-26T23:10:00","slug":"stelaz-ruchomy-typ-20-1-1-20-poziomow-rational-60-21-331","status":"publish","type":"product","link":"https:\/\/www.multifrigo.pl\/sklep\/produkt\/stelaz-ruchomy-typ-20-1-1-20-poziomow-rational-60-21-331\/","title":{"rendered":"Stela\u017c ruchomy typ 20-1\/1, 20 poziom\u00f3w | Rational 60.21.331"},"content":{"rendered":"<p>Stela\u017c ruchomy na akcesoria GN umo\u017cliwiaj\u0105cy wygodny i bezpieczny za\u0142adunek urz\u0105dzenia.<\/p>\n","protected":false},"excerpt":{"rendered":"<p>Stela\u017c ruchomy na akcesoria GN umo\u017cliwiaj\u0105cy wygodny i bezpieczny za\u0142adunek urz\u0105dzenia.<\/p>\n","protected":false},"featured_media":28351,"template":"","meta":{"_et_pb_use_builder":"","_et_pb_old_content":"","_et_gb_content_width":""},"pwb-brand":[1016],"product_brand":[],"product_cat":[134],"product_tag":[],"class_list":{"0":"post-67007","1":"product","2":"type-product","3":"status-publish","4":"has-post-thumbnail","6":"pwb-brand-rational","7":"product_cat-akcesoria-do-piecow","9":"first","10":"instock","11":"taxable","12":"shipping-taxable","13":"purchasable","14":"product-type-simple"},"brands":[{"id":1016,"name":"Rational","slug":"rational"}],"_links":{"self":[{"href":"https:\/\/www.multifrigo.pl\/sklep\/wp-json\/wp\/v2\/product\/67007","targetHints":{"allow":["GET"]}}],"collection":[{"href":"https:\/\/www.multifrigo.pl\/sklep\/wp-json\/wp\/v2\/product"}],"about":[{"href":"https:\/\/www.multifrigo.pl\/sklep\/wp-json\/wp\/v2\/types\/product"}],"wp:featuredmedia":[{"embeddable":true,"href":"https:\/\/www.multifrigo.pl\/sklep\/wp-json\/wp\/v2\/media\/28351"}],"wp:attachment":[{"href":"https:\/\/www.multifrigo.pl\/sklep\/wp-json\/wp\/v2\/media?parent=67007"}],"wp:term":[{"taxonomy":"pwb-brand","embeddable":true,"href":"https:\/\/www.multifrigo.pl\/sklep\/wp-json\/wp\/v2\/pwb-brand?post=67007"},{"taxonomy":"product_brand","embeddable":true,"href":"https:\/\/www.multifrigo.pl\/sklep\/wp-json\/wp\/v2\/product_brand?post=67007"},{"taxonomy":"product_cat","embeddable":true,"href":"https:\/\/www.multifrigo.pl\/sklep\/wp-json\/wp\/v2\/product_cat?post=67007"},{"taxonomy":"product_tag","embeddable":true,"href":"https:\/\/www.multifrigo.pl\/sklep\/wp-json\/wp\/v2\/product_tag?post=67007"}],"curies":[{"name":"wp","href":"https:\/\/api.w.org\/{rel}","templated":true}]}}